000
CXUS53 KMPX 011000
CF6AXN
PRELIMINARY LOCAL CLIMATOLOGICAL DATA (WS FORM: F-6)

                                          STATION:   ALEXANDRIA MN
                                          MONTH:     JUNE
                                          YEAR:      2015
                                          LATITUDE:   45 52 N
                                          LONGITUDE:  95 23 W

  TEMPERATURE IN F:       :PCPN:    SNOW:  WIND      :SUNSHINE: SKY     :PK WND
================================================================================
1   2   3   4   5  6A  6B    7    8   9   10  11  12  13   14  15   16   17  18
                                     12Z  AVG MX 2MIN
DY MAX MIN AVG DEP HDD CDD  WTR  SNW DPTH SPD SPD DIR MIN PSBL S-S WX    SPD DR
================================================================================

 1  70  48  59  -2   6   0 0.00    M    M 14.4 24 140   M    M   5        31 150
 2  79  58  69   7   0   4 0.00    M    M 17.2 30 170   M    M   2        36 150
 3  67  56  62   0   3   0 0.00    M    M 10.2 23 180   M    M   7 1      31 170
 4  72  55  64   2   1   0 0.00    M    M  5.8 13 300   M    M   9 1      17 300
 5  72  58  65   3   0   0 0.00    M    M 11.3 20  70   M    M   6        23  70
 6  75  57  66   3   0   1 0.83    M    M 13.4 26 160   M    M   7 13     33 160
 7  81  58  70   7   0   5    T    M    M  9.1 21 340   M    M   3 13     28 350
 8  80  55  68   5   0   3 0.00    M    M  6.3 16 320   M    M   1        22 310
 9  91  58  75  11   0  10 0.00    M    M  7.1 24 340   M    M   0        32 340
10  74  59  67   3   0   2 0.00    M    M  7.4 16  10   M    M   2        25 360
11  74  56  65   1   0   0 0.00    M    M  7.7 15  70   M    M   5        20  70
12  78  50  64  -1   1   0 0.00    M    M  7.3 17 100   M    M   0        23 100
13  74  57  66   1   0   1 0.00    M    M  7.4 16 180   M    M   5        20 120
14  82  60  71   6   0   6 0.00    M    M  8.1 16  30   M    M   4        22  30
15  74  55  65  -1   0   0 0.00    M    M 10.4 21 310   M    M   0        29 310
16  63  48  56 -10   9   0 0.60    M    M  7.5 14  80   M    M   5 1      17  80
17  68  51  60  -6   5   0 0.24    M    M  8.5 15  60   M    M   9 1      19  40
18  73  54  64  -2   1   0 0.00    M    M  6.3 13  40   M    M   3 1      17  30
19  79  55  67   0   0   2 0.08    M    M 10.5 22 180   M    M   2 3      28 180
20  76  62  69   2   0   4 1.24    M    M  8.4 22 130   M    M   3 13     27 140
21  82  56  69   2   0   4 0.00    M    M  4.8 14 140   M    M   2 12     20 140
22  76  59  68   1   0   3 0.44    M    M 13.4 37 180   M    M   4 13     45 170
23  78  54  66  -2   0   1 0.00    M    M  7.4 17 280   M    M   1        22 280
24  79  57  68   0   0   3    T    M    M  6.7 16 340   M    M   3        21 330
25  80  59  70   2   0   5 0.00    M    M  3.9 13  20   M    M   1        15  20
26  80  57  69   1   0   4 0.02    M    M  2.7 16 290   M    M   1 3      21  40
27  81  55  68  -1   0   3 0.27    M    M  7.2 21 220   M    M   2 13     27 220
28  80  59  70   1   0   5 0.00    M    M  8.0 20 310   M    M   2 1      24 310
29  77  63  70   1   0   5 0.00    M    M  8.4 17 290   M    M   0        22 280
30  75  59  67  -2   0   2 0.00    M    M  5.7 10 100   M    M   1        14  80
================================================================================
SM 2290 1688        26  73  3.72    M    252.5          M       95
================================================================================
AV 76.3 56.3                               8.4 FASTST   M    M   3    MAX(MPH)
                                 MISC ---->  # 37 180               # 45  170
================================================================================
NOTES:
# LAST OF SEVERAL OCCURRENCES

COLUMN 17 PEAK WIND IN M.P.H.

PRELIMINARY LOCAL CLIMATOLOGICAL DATA (WS FORM: F-6) , PAGE 2

                                          STATION:  ALEXANDRIA MN
                                          MONTH:    JUNE
                                          YEAR:     2015
                                          LATITUDE:   45 52 N
                                          LONGITUDE:  95 23 W

[TEMPERATURE DATA]      [PRECIPITATION DATA]       SYMBOLS USED IN COLUMN 16

AVERAGE MONTHLY: 66.3   TOTAL FOR MONTH:   3.72    1 = FOG OR MIST
DPTR FM NORMAL:   0.9   DPTR FM NORMAL:   -0.33    2 = FOG REDUCING VISIBILITY
HIGHEST:    91 ON  9    GRTST 24HR  1.32 ON 19-20      TO 1/4 MILE OR LESS
LOWEST:     48 ON 16, 1                            3 = THUNDER
                        SNOW, ICE PELLETS, HAIL    4 = ICE PELLETS
                        TOTAL MONTH:    M          5 = HAIL
                        GRTST 24HR    M  ON   M    6 = FREEZING RAIN OR DRIZZLE
                        GRTST DEPTH:  M  ON   M    7 = DUSTSTORM OR SANDSTORM:
                                                       VSBY 1/2 MILE OR LESS
                                                   8 = SMOKE OR HAZE
[NO. OF DAYS WITH]      [WEATHER - DAYS WITH]      9 = BLOWING SNOW
                                                   X = TORNADO
MAX 32 OR BELOW:   0    0.01 INCH OR MORE:   8
MAX 90 OR ABOVE:   1    0.10 INCH OR MORE:   6
MIN 32 OR BELOW:   0    0.50 INCH OR MORE:   3
MIN  0 OR BELOW:   0    1.00 INCH OR MORE:   1

[HDD (BASE 65) ]
TOTAL THIS MO.    26    CLEAR  (SCALE 0-3)  18
DPTR FM NORMAL   -53    PTCLDY (SCALE 4-7)  10
TOTAL FM JUL 1  8419    CLOUDY (SCALE 8-10)  2
DPTR FM NORMAL  -343

[CDD (BASE 65) ]
TOTAL THIS MO.    73
DPTR FM NORMAL   -20    [PRESSURE DATA]
TOTAL FM JAN 1    82    HIGHEST SLP 30.25 ON 16
DPTR FM NORMAL   -34    LOWEST  SLP 29.44 ON 22

[REMARKS]
#FINAL-06-15#
