000
CXUS53 KGRR 311017
CF6AZO
PRELIMINARY LOCAL CLIMATOLOGICAL DATA (WS FORM: F-6)

                                          STATION:   KALAMAZOO MI
                                          MONTH:     MAY
                                          YEAR:      2016
                                          LATITUDE:   42 13 N
                                          LONGITUDE:  85 33 W

  TEMPERATURE IN F:       :PCPN:    SNOW:  WIND      :SUNSHINE: SKY     :PK WND
================================================================================
1   2   3   4   5  6A  6B    7    8   9   10  11  12  13   14  15   16   17  18
                                     12Z  AVG MX 2MIN
DY MAX MIN AVG DEP HDD CDD  WTR  SNW DPTH SPD SPD DIR MIN PSBL S-S WX    SPD DR
================================================================================

 1  53  45  49  -5  16   0 0.41    M    M  6.9 18 270   M    M  10 138    23  50
 2  55  44  50  -5  15   0 0.01    M    M  4.8 12  30   M    M  10 18     16  60
 3  66  39  53  -2  12   0    T    M    M  5.1 16 230   M    M   5 12     24 240
 4  57  41  49  -6  16   0 0.72    M    M 12.1 24 330   M    M   9 1      30 330
 5  67  45  56   0   9   0 0.03    M    M 10.5 17 320   M    M   6 1      23 330
 6  73  38  56   0   9   0 0.00    M    M  2.4 10 270   M    M   0        14 280
 7  74  49  62   6   3   0    T    M    M  9.2 21 260   M    M   1        27 270
 8  68  42  55  -2  10   0 0.00    M    M  5.9 18 300   M    M   1        22 270
 9  60  39  50  -7  15   0    T    M    M  5.4 14 120   M    M   6 18     22 120
10  55  49  52  -5  13   0 0.38    M    M  8.0 15 100   M    M  10 18     22 100
11  71  51  61   3   4   0 0.04    M    M  4.8 13 200   M    M   7 18     16 180
12  71  57  64   6   1   0 0.40    M    M  7.3 20 300   M    M   7 138    24 300
13  65  50  58   0   7   0 0.17    M    M 10.1 21 250   M    M   5 1      28 270
14  53  40  47 -11  18   0 0.50    M    M 13.6 28 330   M    M  10 1      35 300
15  50  36  43 -16  22   0    T    M    M 11.7 26 320   M    M   4        34 320
16  70  37  54  -5  11   0    T    M    M 11.8 23 220   M    M   3        30 230
17  62  46  54  -5  11   0 0.18    M    M  4.1 15 340   M    M   9 8      22 340
18  67  43  55  -5  10   0 0.00    M    M  4.7 15  10   M    M   2 1      22 360
19  71  38  55  -5  10   0 0.00    M    M  3.0 12 350   M    M   0        15 220
20  72  44  58  -2   7   0 0.00    M    M  3.5 12 100   M    M   0        20  50
21  74  49  62   2   3   0 0.00    M    M  5.5 21 360   M    M   0        24  10
22  75  48  62   1   3   0 0.00    M    M  5.5 17 360   M    M   0        23 350
23  80  42  61   0   4   0 0.00    M    M  3.6 12 180   M    M   0        16 190
24  85  48  67   6   0   2 0.00    M    M  6.1 18 200   M    M   0        24 200
25  85  63  74  12   0   9 0.19    M    M  7.0 21 300   M    M   2 13     25 300
26  85  64  75  13   0  10 0.25    M    M  8.1 18 310   M    M   2 138    24 310
27  83  65  74  12   0   9 0.00    M    M  6.9 15 180   M    M   2        18 180
28  85  70  78  15   0  13 0.05    M    M  9.7 22 180   M    M   3        29 180
29  84  64  74  11   0   9 0.00    M    M 10.3 21 260   M    M   1 18     28 270
30  84  59  72   9   0   7 0.00    M    M  6.5 18 320   M    M   1        22 320
================================================================================
SM 2100 1445       229  59  3.33    M    214.1          M      116
================================================================================
AV 70.0 48.2                               7.1 FASTST   M    M   4    MAX(MPH)
                                 MISC ---->  # 28 330               # 35  300
================================================================================
NOTES:
# LAST OF SEVERAL OCCURRENCES

COLUMN 17 PEAK WIND IN M.P.H.

PRELIMINARY LOCAL CLIMATOLOGICAL DATA (WS FORM: F-6) , PAGE 2

                                          STATION:  KALAMAZOO MI
                                          MONTH:    MAY
                                          YEAR:     2016
                                          LATITUDE:   42 13 N
                                          LONGITUDE:  85 33 W

[TEMPERATURE DATA]      [PRECIPITATION DATA]       SYMBOLS USED IN COLUMN 16

AVERAGE MONTHLY: 59.1   TOTAL FOR MONTH:   3.33    1 = FOG OR MIST
DPTR FM NORMAL:   0.3   DPTR FM NORMAL:   -0.42    2 = FOG REDUCING VISIBILITY
HIGHEST:    85 ON 28,26 GRTST 24HR  0.72 ON  4- 4      TO 1/4 MILE OR LESS
LOWEST:     36 ON 15                               3 = THUNDER
                        SNOW, ICE PELLETS, HAIL    4 = ICE PELLETS
                        TOTAL MONTH:    M          5 = HAIL
                        GRTST 24HR    M  ON   M    6 = FREEZING RAIN OR DRIZZLE
                        GRTST DEPTH:  M  ON   M    7 = DUSTSTORM OR SANDSTORM:
                                                       VSBY 1/2 MILE OR LESS
                                                   8 = SMOKE OR HAZE
[NO. OF DAYS WITH]      [WEATHER - DAYS WITH]      9 = BLOWING SNOW
                                                   X = TORNADO
MAX 32 OR BELOW:   0    0.01 INCH OR MORE:  13
MAX 90 OR ABOVE:   0    0.10 INCH OR MORE:   9
MIN 32 OR BELOW:   0    0.50 INCH OR MORE:   2
MIN  0 OR BELOW:   0    1.00 INCH OR MORE:   0

[HDD (BASE 65) ]
TOTAL THIS MO.   229    CLEAR  (SCALE 0-3)  16
DPTR FM NORMAL     8    PTCLDY (SCALE 4-7)   8
TOTAL FM JUL 1  5487    CLOUDY (SCALE 8-10)  6
DPTR FM NORMAL  -877

[CDD (BASE 65) ]
TOTAL THIS MO.    59
DPTR FM NORMAL    25    [PRESSURE DATA]
TOTAL FM JAN 1    61    HIGHEST SLP M ON M
DPTR FM NORMAL    23    LOWEST  SLP 29.56 ON  4

[REMARKS]
