000
CXUS54 KEWX 250910
CF6BAZ
PRELIMINARY LOCAL CLIMATOLOGICAL DATA (WS FORM: F-6)

                                          STATION:   NEW BRAUNFELS
                                          MONTH:     JANUARY
                                          YEAR:      2015
                                          LATITUDE:   29 43 N
                                          LONGITUDE:  98  3 W

  TEMPERATURE IN F:       :PCPN:    SNOW:  WIND      :SUNSHINE: SKY     :PK WND
================================================================================
1   2   3   4   5  6A  6B    7    8   9   10  11  12  13   14  15   16   17  18
                                     12Z  AVG MX 2MIN
DY MAX MIN AVG DEP HDD CDD  WTR  SNW DPTH SPD SPD DIR MIN PSBL S-S WX    SPD DR
================================================================================

 1  40  37  39 -12  26   0    T    M    M 10.9 15  20   M    M  10 18     19  20
 2  44  40  42  -9  23   0 0.04    M    M  9.2 18 340   M    M  10 13     24 320
 3  63  40  52   1  13   0 0.22    M    M  5.7 13 330   M    M   5 13     16 320
 4  57  34  46  -5  19   0 0.00    M    M 12.0 23 360   M    M   0        29 360
 5  52  29  41 -10  24   0 0.00    M    M  6.5 14  30   M    M   0        16  30
 6  68  34  51   0  14   0 0.00    M    M  5.9 14 200   M    M   1        17 210
 7  54  33  44  -7  21   0 0.00    M    M 14.7 30  20   M    M   3        38  10
 8  39  27  33 -18  32   0    T    M    M  8.0 21  20   M    M   5        27  20
 9  40  34  37 -14  28   0 0.04    M    M 12.2 24  20   M    M  10 1      29  50
10  36  33  35 -16  30   0 0.08    M    M  9.6 14  30   M    M  10 1368   17  10
11  50  36  43  -8  22   0 0.14    M    M  5.7 13 220   M    M  10 1      15 220
12  47  34  41 -10  24   0 0.00    M    M 12.4 23  20   M    M   8 12     30  30
13  43  38  41 -10  24   0    T    M    M 11.0 22 360   M    M  10        27 360
14  41  39  40 -11  25   0    T    M    M  8.6 15  20   M    M  10 18     18  20
15  60  38  49  -2  16   0 0.00    M    M  7.4 18  10   M    M   3 1      21 360
16  64  33  49  -2  16   0 0.00    M    M  6.5 13 210   M    M   1        20 230
17  71  36  54   3  11   0 0.00    M    M  9.5 21 230   M    M   1        25 220
18  70  39  55   4  10   0 0.00    M    M  6.7 15  10   M    M   0        19  10
19  74  36  55   4  10   0 0.00    M    M  8.0 20 200   M    M   0        23 190
20  83  37  60   9   5   0 0.00    M    M  6.2 15 220   M    M   0 1      21 200
21  60  51  56   4   9   0 0.33    M    M 11.8 18  40   M    M   8 18     22  40
22  59  43  51  -1  14   0 1.29    M    M 18.0 31  40   M    M  10 1      38  40
23  50  38  44  -8  21   0 0.01  0.0    M 11.9 24  10   M    M   7 1      30  10
24  64  32  48  -4  17   0 0.00  0.0    0  6.4 12 240   M    M   0        14 230
================================================================================
SM 1329  871       454   0  2.15     0.0 224.8          M      122
================================================================================
AV 55.4 36.3                               9.4 FASTST   M    M   5    MAX(MPH)
                                 MISC ---->  # 31  40               # 38   10
================================================================================
NOTES:
# LAST OF SEVERAL OCCURRENCES

COLUMN 17 PEAK WIND IN M.P.H.

PRELIMINARY LOCAL CLIMATOLOGICAL DATA (WS FORM: F-6) , PAGE 2

                                          STATION:  NEW BRAUNFELS
                                          MONTH:    JANUARY
                                          YEAR:     2015
                                          LATITUDE:   29 43 N
                                          LONGITUDE:  98  3 W

[TEMPERATURE DATA]      [PRECIPITATION DATA]       SYMBOLS USED IN COLUMN 16

AVERAGE MONTHLY: 45.8   TOTAL FOR MONTH:   2.15    1 = FOG OR MIST
DPTR FM NORMAL:  -5.3   DPTR FM NORMAL:    0.71    2 = FOG REDUCING VISIBILITY
HIGHEST:    83 ON 20    GRTST 24HR  1.62 ON 21-22      TO 1/4 MILE OR LESS
LOWEST:     27 ON  8                               3 = THUNDER
                        SNOW, ICE PELLETS, HAIL    4 = ICE PELLETS
                        TOTAL MONTH:   0.0 INCH    5 = HAIL
                        GRTST 24HR     0.0         6 = FREEZING RAIN OR DRIZZLE
                        GRTST DEPTH:   0           7 = DUSTSTORM OR SANDSTORM:
                                                       VSBY 1/2 MILE OR LESS
                                                   8 = SMOKE OR HAZE
[NO. OF DAYS WITH]      [WEATHER - DAYS WITH]      9 = BLOWING SNOW
                                                   X = TORNADO
MAX 32 OR BELOW:   0    0.01 INCH OR MORE:   8
MAX 90 OR ABOVE:   0    0.10 INCH OR MORE:   4
MIN 32 OR BELOW:   3    0.50 INCH OR MORE:   1
MIN  0 OR BELOW:   0    1.00 INCH OR MORE:   1

[HDD (BASE 65) ]
TOTAL THIS MO.   454    CLEAR  (SCALE 0-3)  10
DPTR FM NORMAL   111    PTCLDY (SCALE 4-7)   5
TOTAL FM JUL 1   995    CLOUDY (SCALE 8-10)  9
DPTR FM NORMAL    30

[CDD (BASE 65) ]
TOTAL THIS MO.     0
DPTR FM NORMAL     0    [PRESSURE DATA]
TOTAL FM JAN 1     0    HIGHEST SLP M ON M
DPTR FM NORMAL     0    LOWEST  SLP 29.82 ON 20

[REMARKS]
