000
CXUS54 KEWX 230910
CF6BAZ
PRELIMINARY LOCAL CLIMATOLOGICAL DATA (WS FORM: F-6)

                                          STATION:   NEW BRAUNFELS
                                          MONTH:     AUGUST
                                          YEAR:      2016
                                          LATITUDE:   29 43 N
                                          LONGITUDE:  98  3 W

  TEMPERATURE IN F:       :PCPN:    SNOW:  WIND      :SUNSHINE: SKY     :PK WND
================================================================================
1   2   3   4   5  6A  6B    7    8   9   10  11  12  13   14  15   16   17  18
                                     12Z  AVG MX 2MIN
DY MAX MIN AVG DEP HDD CDD  WTR  SNW DPTH SPD SPD DIR MIN PSBL S-S WX    SPD DR
================================================================================

 1  99  71  85   1   0  20 0.00    M    0  9.4 20 170   M    M   2 1      24 170
 2  97  73  85   1   0  20 0.00  0.0    0  7.3 18 170   M    M   2        23 180
 3  97  73  85   1   0  20 0.00  0.0    0  6.7 14 170   M    M   3 1      19 160
 4  97  75  86   1   0  21 0.00    M    0  7.1 16 150   M    M   3        19 160
 5  97  74  86   1   0  21 0.00  0.0    0  6.5 18 130   M    M   3        21 130
 6  98  74  86   1   0  21 0.00  0.0    0  7.2 18 160   M    M   3        23 170
 7  99  76  88   3   0  23 0.00  0.0    0  7.5 16 170   M    M   3 1      24 200
 8  99  75  87   2   0  22 0.00  0.0    0  7.7 17 170   M    M   2        23 170
 9  99  76  88   3   0  23 0.00  0.0    0  8.4 16 170   M    M   3        22 180
10 100  77  89   4   0  24 0.00  0.0    M  8.1 17 160   M    M   3 1      22 160
11 100  77  89   4   0  24 0.00  0.0    0  8.5 21 170   M    M   3        25 170
12 101  74  88   3   0  23 0.00  0.0    0  7.1 23 350   M    M   3 1      28 350
13  89  77  83  -2   0  18 0.04  0.0    0  4.9 18 190   M    M   3 1      22 190
14  86  73  80  -5   0  15 1.35  0.0    0  5.6 23  40   M    M  10 13     28  30
15  81  71  76  -9   0  11 1.65  0.0    0  7.1 13 100   M    M   9 1      15  50
16  86  73  80  -5   0  15 0.17    M    0  5.7 18 130   M    M  10 12     22 130
17  86  75  81  -3   0  16 0.17    M    0  4.5 24 180   M    M   6 13     30 180
18  90  74  82  -2   0  17 0.01  0.0    0  5.5 24 130   M    M   6 12     27 120
19  93  76  85   1   0  20    T  0.0    0  9.8 18 160   M    M   6 1      22 160
20  86  75  81  -3   0  16 0.18  0.0    0  7.0 16 100   M    M   8 13     22 120
21  82  72  77  -7   0  12 1.18  0.0    0  5.4 13 110   M    M   8 13     16 110
22  92  74  83  -1   0  18 0.13  0.0    0  8.2 23 180   M    M   5 123    30 190
================================================================================
SM 2054 1635         0 420  4.88     0.0 155.2          M      104
================================================================================
AV 93.4 74.3                               7.1 FASTST   M    M   5    MAX(MPH)
                                 MISC ---->  # 24 180               # 30  180
================================================================================
NOTES:
# LAST OF SEVERAL OCCURRENCES

COLUMN 17 PEAK WIND IN M.P.H.

PRELIMINARY LOCAL CLIMATOLOGICAL DATA (WS FORM: F-6) , PAGE 2

                                          STATION:  NEW BRAUNFELS
                                          MONTH:    AUGUST
                                          YEAR:     2016
                                          LATITUDE:   29 43 N
                                          LONGITUDE:  98  3 W

[TEMPERATURE DATA]      [PRECIPITATION DATA]       SYMBOLS USED IN COLUMN 16

AVERAGE MONTHLY: 83.8   TOTAL FOR MONTH:   4.88    1 = FOG OR MIST
DPTR FM NORMAL:  -0.8   DPTR FM NORMAL:    3.77    2 = FOG REDUCING VISIBILITY
HIGHEST:   101 ON 12    GRTST 24HR  2.78 ON 14-15      TO 1/4 MILE OR LESS
LOWEST:     71 ON 15, 1                            3 = THUNDER
                        SNOW, ICE PELLETS, HAIL    4 = ICE PELLETS
                        TOTAL MONTH:   0.0 INCH    5 = HAIL
                        GRTST 24HR     0.0         6 = FREEZING RAIN OR DRIZZLE
                        GRTST DEPTH:   0           7 = DUSTSTORM OR SANDSTORM:
                                                       VSBY 1/2 MILE OR LESS
                                                   8 = SMOKE OR HAZE
[NO. OF DAYS WITH]      [WEATHER - DAYS WITH]      9 = BLOWING SNOW
                                                   X = TORNADO
MAX 32 OR BELOW:   0    0.01 INCH OR MORE:   9
MAX 90 OR ABOVE:  15    0.10 INCH OR MORE:   7
MIN 32 OR BELOW:   0    0.50 INCH OR MORE:   3
MIN  0 OR BELOW:   0    1.00 INCH OR MORE:   3

[HDD (BASE 65) ]
TOTAL THIS MO.     0    CLEAR  (SCALE 0-3)   8
DPTR FM NORMAL     0    PTCLDY (SCALE 4-7)  10
TOTAL FM JUL 1     0    CLOUDY (SCALE 8-10)  4
DPTR FM NORMAL     0

[CDD (BASE 65) ]
TOTAL THIS MO.   420
DPTR FM NORMAL   -13    [PRESSURE DATA]
TOTAL FM JAN 1  2238    HIGHEST SLP M ON M
DPTR FM NORMAL   136    LOWEST  SLP 29.68 ON 12

[REMARKS]
