000
CXUS51 KBOX 221200
CF6BDL
PRELIMINARY LOCAL CLIMATOLOGICAL DATA (WS FORM: F-6)

                                          STATION:   HARTFORD CT
                                          MONTH:     FEBRUARY
                                          YEAR:      2017
                                          LATITUDE:   41 55 N
                                          LONGITUDE:  72 41 W

  TEMPERATURE IN F:       :PCPN:    SNOW:  WIND      :SUNSHINE: SKY     :PK WND
================================================================================
1   2   3   4   5  6A  6B    7    8   9   10  11  12  13   14  15   16   17  18
                                     12Z  AVG MX 2MIN
DY MAX MIN AVG DEP HDD CDD  WTR  SNW DPTH SPD SPD DIR MIN PSBL S-S WX    SPD DR
================================================================================

 1  42  21  32   5  33   0 0.04  0.7    2  6.0 20 250   M    M   7 18     24 260
 2  38  19  29   2  36   0    T    T    2  7.2 22 270   M    M   4        27 290
 3  34  21  28   1  37   0 0.00  0.0    1  8.0 15 300   M    M   5        19 310
 4  34  17  26  -2  39   0 0.00  0.0    1  8.5 18 270   M    M   3        24 310
 5  42  24  33   5  32   0 0.00  0.0    1  9.8 25 220   M    M   8        32 220
 6  40  28  34   6  31   0 0.00  0.0    0  9.1 24 290   M    M   6        31 270
 7  33  29  31   3  34   0 0.21  0.0    0  8.5 14  10   M    M  10 16     19  10
 8  50  30  40  12  25   0 0.10  0.0    0  5.6 18 310   M    M   9 126    24 320
 9  34  11  23  -6  42   0 0.95 15.5   16 15.5 28 340   M    M   9 12349  40 330
10  27   4  16 -13  49   0 0.04  0.7   13  9.8 26 310   M    M   5 1      38 310
11  30  20  25  -4  40   0 0.04  0.6   14  5.5 12 360   M    M  10 1      15 360
12  29  20  25  -4  40   0 0.67  5.0    0  8.6 15  20   M    M  10 146    17 350
13  34  21  28  -1  37   0 0.01  0.1   15 16.6 40 300   M    M   4 18     51 290
14  37  11  24  -6  41   0 0.00  0.0   13  4.7 14 170   M    M   4        18 190
15  44  20  32   2  33   0 0.03  0.0   12  4.6 25 310   M    M   9 18     32 310
16  35  24  30   0  35   0 0.00  0.0   10 15.4 26 300   M    M   6        34 320
17  37  21  29  -1  36   0 0.00  0.0    9 11.0 24 300   M    M   3        32 300
18  53  17  35   5  30   0 0.00  0.0    9  7.2 21 200   M    M   5        27 210
19  58  31  45  14  20   0 0.00  0.0    8  9.1 24 300   M    M   4        29 310
20  46  27  37   6  28   0 0.00  0.0    5  7.4 18 320   M    M   1        21 330
21  45  22  34   3  31   0 0.00  0.0    3  7.0 16 200   M    M   5        20 170
================================================================================
SM  822  438       729   0  2.09    22.6 185.1          M      127
================================================================================
AV 39.1 20.9                               8.8 FASTST   M    M   6    MAX(MPH)
                                 MISC ---->  # 40 300               # 51  290
================================================================================
NOTES:
# LAST OF SEVERAL OCCURRENCES

COLUMN 17 PEAK WIND IN M.P.H.

PRELIMINARY LOCAL CLIMATOLOGICAL DATA (WS FORM: F-6) , PAGE 2

                                          STATION:  HARTFORD CT
                                          MONTH:    FEBRUARY
                                          YEAR:     2017
                                          LATITUDE:   41 55 N
                                          LONGITUDE:  72 41 W

[TEMPERATURE DATA]      [PRECIPITATION DATA]       SYMBOLS USED IN COLUMN 16

AVERAGE MONTHLY: 30.0   TOTAL FOR MONTH:   2.09    1 = FOG OR MIST
DPTR FM NORMAL:   1.1   DPTR FM NORMAL:   -0.04    2 = FOG REDUCING VISIBILITY
HIGHEST:    58 ON 19    GRTST 24HR  0.95 ON  9- 9      TO 1/4 MILE OR LESS
LOWEST:      4 ON 10                               3 = THUNDER
                        SNOW, ICE PELLETS, HAIL    4 = ICE PELLETS
                        TOTAL MONTH:  22.6 INCHES  5 = HAIL
                        GRTST 24HR  15.5 ON  9- 9  6 = FREEZING RAIN OR DRIZZLE
                        GRTST DEPTH:  16 ON  9     7 = DUSTSTORM OR SANDSTORM:
                                                       VSBY 1/2 MILE OR LESS
                                                   8 = SMOKE OR HAZE
[NO. OF DAYS WITH]      [WEATHER - DAYS WITH]      9 = BLOWING SNOW
                                                   X = TORNADO
MAX 32 OR BELOW:   3    0.01 INCH OR MORE:   9
MAX 90 OR ABOVE:   0    0.10 INCH OR MORE:   4
MIN 32 OR BELOW:  21    0.50 INCH OR MORE:   2
MIN  0 OR BELOW:   0    1.00 INCH OR MORE:   0

[HDD (BASE 65) ]
TOTAL THIS MO.   729    CLEAR  (SCALE 0-3)   3
DPTR FM NORMAL   -29    PTCLDY (SCALE 4-7)  11
TOTAL FM JUL 1  3769    CLOUDY (SCALE 8-10)  7
DPTR FM NORMAL  -439

[CDD (BASE 65) ]
TOTAL THIS MO.     0
DPTR FM NORMAL     0    [PRESSURE DATA]
TOTAL FM JAN 1     0    HIGHEST SLP M ON M
DPTR FM NORMAL     0    LOWEST  SLP 29.21 ON 15

[REMARKS]
