000
CXUS51 KOKX 290703
CF6BDR
PRELIMINARY LOCAL CLIMATOLOGICAL DATA (WS FORM: F-6)

                                          STATION:   BRIDGEPORT CT
                                          MONTH:     AUGUST
                                          YEAR:      2015
                                          LATITUDE:   41 10 N
                                          LONGITUDE:  73  8 W

  TEMPERATURE IN F:       :PCPN:    SNOW:  WIND      :SUNSHINE: SKY     :PK WND
================================================================================
1   2   3   4   5  6A  6B    7    8   9   10  11  12  13   14  15   16   17  18
                                     12Z  AVG MX 2MIN
DY MAX MIN AVG DEP HDD CDD  WTR  SNW DPTH SPD SPD DIR MIN PSBL S-S WX    SPD DR
================================================================================

 1  88  71  80   5   0  15 0.00  0.0    0  7.7 16 300   M    M   2        21 310
 2  85  66  76   1   0  11 0.00  0.0    0  4.7 13 190   M    M   0        15 180
 3  89  71  80   5   0  15 0.00  0.0    0  9.8 22 180   M    M   0        26 200
 4  89  72  81   6   0  16    T  0.0    0  8.5 17 230   M    M   1 3      24 270
 5  87  67  77   3   0  12 0.00  0.0    0  7.5 20 320   M    M   1        25 290
 6  80  62  71  -3   0   6    T  0.0    0  6.2 15 210   M    M   0        17 210
 7  80  65  73  -1   0   8 0.00  0.0    0  9.3 15 120   M    M   0        18 110
 8  78  64  71  -3   0   6 0.00  0.0    0  6.8 12 160   M    M   1        14  50
 9  82  64  73  -1   0   8 0.00  0.0    0  8.8 15  10   M    M   2        20 360
10  81  67  74   0   0   9 0.00  0.0    0  6.9 15 200   M    M   4        18 200
11  77  71  74   0   0   9 1.51  0.0    0  9.3 28 210   M    M   9 1      33 210
12  84  68  76   2   0  11 0.00  0.0    0  7.1 17 220   M    M   2        20 330
13  83  65  74   0   0   9 0.00  0.0    0  6.5 16 210   M    M   1        21 220
14  86  62  74   0   0   9 0.00  0.0    0  6.8 15 200   M    M   0        20 190
15  91  69  80   6   0  15 0.00  0.0    0  7.0 17 200   M    M   0        23 190
16  87  72  80   6   0  15    T  0.0    0  5.4 13 210   M    M   1        15 210
17  90  71  81   7   0  16 0.00  0.0    0  5.0 14 190   M    M   1        18 190
18  88  76  82   9   0  17 0.00  0.0    0  8.8 17 200   M    M   0        20 180
19  86  73  80   7   0  15 0.00  0.0    0  6.6 13 170   M    M   2        16 170
20  86  75  81   8   0  16 0.00  0.0    0  9.6 16 140   M    M   2        22 120
21  79  68  74   1   0   9 0.25  0.0    0  7.2 14 340   M    M   6 1      18 330
22  84  66  75   2   0  10 0.00  0.0    0  9.3 16 360   M    M   0        22 340
23  80  68  74   1   0   9 0.00  0.0    0  7.0 13 150   M    M   5        15 140
24  84  72  78   6   0  13 0.00  0.0    0  6.0 13 110   M    M   3        15 180
25  87  72  80   8   0  15 0.13  0.0    0  8.1 17 300   M    M   5 8      21 190
26  83  65  74   2   0   9 0.00  0.0    0  8.8 17 220   M    M   1        23 220
27  82  62  72   0   0   7 0.00  0.0    0  7.3 16 220   M    M   2        20 200
28  79  63  71  -1   0   6 0.00  0.0    0  6.3 13 190   M    M   2        17 220
================================================================================
SM 2355 1907         0 316  1.89     0.0 208.3          M       53
================================================================================
AV 84.1 68.1                               7.4 FASTST   M    M   2    MAX(MPH)
                                 MISC ---->  # 28 210               # 33  210
================================================================================
NOTES:
# LAST OF SEVERAL OCCURRENCES

COLUMN 17 PEAK WIND IN M.P.H.

PRELIMINARY LOCAL CLIMATOLOGICAL DATA (WS FORM: F-6) , PAGE 2

                                          STATION:  BRIDGEPORT CT
                                          MONTH:    AUGUST
                                          YEAR:     2015
                                          LATITUDE:   41 10 N
                                          LONGITUDE:  73  8 W

[TEMPERATURE DATA]      [PRECIPITATION DATA]       SYMBOLS USED IN COLUMN 16

AVERAGE MONTHLY: 76.1   TOTAL FOR MONTH:   1.89    1 = FOG OR MIST
DPTR FM NORMAL:   2.5   DPTR FM NORMAL:   -1.75    2 = FOG REDUCING VISIBILITY
HIGHEST:    91 ON 15    GRTST 24HR  1.51 ON 11-11      TO 1/4 MILE OR LESS
LOWEST:     62 ON 27,14                            3 = THUNDER
                        SNOW, ICE PELLETS, HAIL    4 = ICE PELLETS
                        TOTAL MONTH:   0.0 INCH    5 = HAIL
                        GRTST 24HR     0.0         6 = FREEZING RAIN OR DRIZZLE
                        GRTST DEPTH:   0           7 = DUSTSTORM OR SANDSTORM:
                                                       VSBY 1/2 MILE OR LESS
                                                   8 = SMOKE OR HAZE
[NO. OF DAYS WITH]      [WEATHER - DAYS WITH]      9 = BLOWING SNOW
                                                   X = TORNADO
MAX 32 OR BELOW:   0    0.01 INCH OR MORE:   3
MAX 90 OR ABOVE:   2    0.10 INCH OR MORE:   3
MIN 32 OR BELOW:   0    0.50 INCH OR MORE:   1
MIN  0 OR BELOW:   0    1.00 INCH OR MORE:   1

[HDD (BASE 65) ]
TOTAL THIS MO.     0    CLEAR  (SCALE 0-3)  23
DPTR FM NORMAL     0    PTCLDY (SCALE 4-7)   4
TOTAL FM JUL 1     0    CLOUDY (SCALE 8-10)  1
DPTR FM NORMAL    -1

[CDD (BASE 65) ]
TOTAL THIS MO.   316
DPTR FM NORMAL    74    [PRESSURE DATA]
TOTAL FM JAN 1   884    HIGHEST SLP M ON M
DPTR FM NORMAL   186    LOWEST  SLP 29.71 ON 11

[REMARKS]
