000
CXUS55 KCTP 170700
CF6BFD
PRELIMINARY LOCAL CLIMATOLOGICAL DATA (WS FORM: F-6)

                                          STATION:   BRADFORD
                                          MONTH:     DECEMBER
                                          YEAR:      2017
                                          LATITUDE:   41 47 N
                                          LONGITUDE:  78 38 W

  TEMPERATURE IN F:       :PCPN:    SNOW:  WIND      :SUNSHINE: SKY     :PK WND
================================================================================
1   2   3   4   5  6A  6B    7    8   9   10  11  12  13   14  15   16   17  18
                                     12Z  AVG MX 2MIN
DY MAX MIN AVG DEP HDD CDD  WTR  SNW DPTH SPD SPD DIR MIN PSBL S-S WX    SPD DR
================================================================================

 1  45  27  36   5  29   0 0.00    M    M  4.3 16 320   M    M   5        20 310
 2  40  21  31   1  34   0 0.00    M    M  1.6 12 150   M    M   3 1      15 150
 3  47  25  36   6  29   0 0.00    M    M  2.4 12 280   M    M   2 1      16 290
 4  48  21  35   5  30   0 0.00    M    M  8.1 18 150   M    M   1 1      28 150
 5  50  29  40  11  25   0 0.74    M    M 10.7 20 250   M    M   6 1      32 250
 6  34  24  29   0  36   0 0.00    M    M  9.8 23 290   M    M   7        31 280
 7  30  22  26  -2  39   0    T    M    M  8.1 17 240   M    M   6        26 250
 8  24  16  20  -8  45   0    T    M    M  6.3 16 220   M    M   3 8      23 190
 9  32  12  22  -6  43   0 0.00    M    M  3.8 13 290   M    M   2        16 300
10  26  22  24  -3  41   0 0.02    M    M  7.6 16 260   M    M  10 18     24 250
11  30  22  26  -1  39   0 0.01    M    M  5.4 10 150   M    M  10 18     15 220
12  31   9  20  -7  45   0 0.13    M    M 10.5 24 300   M    M  10 18     32 300
13  15  10  13 -13  52   0 0.13    M    M  9.7 25 290   M    M   0 18     34 300
14  17  10  14 -12  51   0 0.04    M    M  6.9 23 300   M    M   0 18     31 290
15  21   1  11 -15  54   0    T    M    M  5.6 15 240   M    M   3 18     27 260
16  29  20  25   0  40   0 0.08    M    M  6.2 14 240   M    M  10 1      23 230
================================================================================
SM  519  291       632   0  1.15    M    107.0          M       78
================================================================================
AV 32.4 18.2                               6.7 FASTST   M    M   5    MAX(MPH)
                                 MISC ---->  # 25 290               # 34  300
================================================================================
NOTES:
# LAST OF SEVERAL OCCURRENCES

COLUMN 17 PEAK WIND IN M.P.H.

PRELIMINARY LOCAL CLIMATOLOGICAL DATA (WS FORM: F-6) , PAGE 2

                                          STATION:  BRADFORD
                                          MONTH:    DECEMBER
                                          YEAR:     2017
                                          LATITUDE:   41 47 N
                                          LONGITUDE:  78 38 W

[TEMPERATURE DATA]      [PRECIPITATION DATA]       SYMBOLS USED IN COLUMN 16

AVERAGE MONTHLY: 25.3   TOTAL FOR MONTH:   1.15    1 = FOG OR MIST
DPTR FM NORMAL:  -2.6   DPTR FM NORMAL:   -0.70    2 = FOG REDUCING VISIBILITY
HIGHEST:    50 ON  5    GRTST 24HR  0.74 ON  5- 5      TO 1/4 MILE OR LESS
LOWEST:      1 ON 15                               3 = THUNDER
                        SNOW, ICE PELLETS, HAIL    4 = ICE PELLETS
                        TOTAL MONTH:    M          5 = HAIL
                        GRTST 24HR    M  ON   M    6 = FREEZING RAIN OR DRIZZLE
                        GRTST DEPTH:  M  ON   M    7 = DUSTSTORM OR SANDSTORM:
                                                       VSBY 1/2 MILE OR LESS
                                                   8 = SMOKE OR HAZE
[NO. OF DAYS WITH]      [WEATHER - DAYS WITH]      9 = BLOWING SNOW
                                                   X = TORNADO
MAX 32 OR BELOW:  10    0.01 INCH OR MORE:   7
MAX 90 OR ABOVE:   0    0.10 INCH OR MORE:   3
MIN 32 OR BELOW:  16    0.50 INCH OR MORE:   1
MIN  0 OR BELOW:   0    1.00 INCH OR MORE:   0

[HDD (BASE 65) ]
TOTAL THIS MO.   632    CLEAR  (SCALE 0-3)   6
DPTR FM NORMAL   115    PTCLDY (SCALE 4-7)   6
TOTAL FM JUL 1  2166    CLOUDY (SCALE 8-10)  4
DPTR FM NORMAL  -186

[CDD (BASE 65) ]
TOTAL THIS MO.     0
DPTR FM NORMAL     0    [PRESSURE DATA]
TOTAL FM JAN 1   264    HIGHEST SLP M ON M
DPTR FM NORMAL    71    LOWEST  SLP 29.48 ON 12

[REMARKS]
