000
CXUS56 KHNX 221146
CF6BFL
PRELIMINARY LOCAL CLIMATOLOGICAL DATA (WS FORM: F-6)

                                          STATION:   BAKERSFIELD CA
                                          MONTH:     DECEMBER
                                          YEAR:      2014
                                          LATITUDE:   35 25 N
                                          LONGITUDE: 119  3 W

  TEMPERATURE IN F:       :PCPN:    SNOW:  WIND      :SUNSHINE: SKY     :PK WND
================================================================================
1   2   3   4   5  6A  6B    7    8   9   10  11  12  13   14  15   16   17  18
                                     12Z  AVG MX 2MIN
DY MAX MIN AVG DEP HDD CDD  WTR  SNW DPTH SPD SPD DIR MIN PSBL S-S WX    SPD DR
================================================================================

 1  70  48  59   9   6   0 0.00  0.0    0  3.3  8  90   M    M   0        11  90
 2  64  57  61  11   4   0 0.44  0.0    0  9.5 25 130   M    M   7 1      30 120
 3  75  53  64  14   1   0 0.00  0.0    0  4.0 13 150   M    M   0        15 160
 4  72  53  63  14   2   0 0.00  0.0    0  4.0  8  30   M    M   1        11 120
 5  68  52  60  11   5   0 0.00  0.0    0  2.7  9 310   M    M   0        10 310
 6  72  51  62  13   3   0 0.00  0.0    0  3.0  8  90   M    M   1 18     10  90
 7  71  49  60  11   5   0 0.00  0.0    0  4.3  9 100   M    M   0 18     14 280
 8  69  48  59  10   6   0 0.00  0.0    0  4.1 13 340   M    M   0 18     15 350
 9  66  47  57   9   8   0 0.00  0.0    0  6.6 16 330   M    M   5 128    18 330
10  62  48  55   7  10   0 0.00  0.0    0  5.6 15 140   M    M   5 128    19 340
11  72  48  60  12   5   0 0.00  0.0    0 17.7 45 140   M    M   2 128    55 130
12  69  51  60  12   5   0 1.12  0.0    0  6.3 38 130   M    M   9 1      49 140
13  58  45  52   4  13   0 0.00  0.0    0  3.4 10 340   M    M   7 12     13 340
14  55  39  47  -1  18   0 0.00  0.0    0  2.3  8 150   M    M   3 128    10 120
15  65  41  53   5  12   0 0.07  0.0    0  6.2 20 310   M    M   6 128    24 300
16  61  48  55   7  10   0 0.06  0.0    0  2.7  9 270   M    M   5 18     11 260
17  57  45  51   4  14   0 0.18  0.0    0  3.5 15 270   M    M   6 1      20 260
18  63  44  54   7  11   0 0.00  0.0    0  3.8 10 340   M    M   2        13 310
19  60  44  52   5  13   0 0.00  0.0    0  4.3  9 150   M    M   2        13 100
20  62  48  55   8  10   0    T  0.0    0  3.1 10  50   M    M   8        12  50
21  60  48  54   7  11   0 0.00  0.0    0  1.9 10 320   M    M   9 128    12 270
================================================================================
SM 1371 1007       172   0  1.87     0.0 102.3          M       78
================================================================================
AV 65.3 48.0                               4.9 FASTST   M    M   4    MAX(MPH)
                                 MISC ---->  # 45 140               # 55  130
================================================================================
NOTES:
# LAST OF SEVERAL OCCURRENCES

COLUMN 17 PEAK WIND IN M.P.H.

PRELIMINARY LOCAL CLIMATOLOGICAL DATA (WS FORM: F-6) , PAGE 2

                                          STATION:  BAKERSFIELD CA
                                          MONTH:    DECEMBER
                                          YEAR:     2014
                                          LATITUDE:   35 25 N
                                          LONGITUDE: 119  3 W

[TEMPERATURE DATA]      [PRECIPITATION DATA]       SYMBOLS USED IN COLUMN 16

AVERAGE MONTHLY: 56.6   TOTAL FOR MONTH:   1.87    1 = FOG OR MIST
DPTR FM NORMAL:   8.3   DPTR FM NORMAL:    1.23    2 = FOG REDUCING VISIBILITY
HIGHEST:    75 ON  3    GRTST 24HR  1.12 ON 12-12      TO 1/4 MILE OR LESS
LOWEST:     39 ON 14                               3 = THUNDER
                        SNOW, ICE PELLETS, HAIL    4 = ICE PELLETS
                        TOTAL MONTH:   0.0 INCH    5 = HAIL
                        GRTST 24HR     0.0         6 = FREEZING RAIN OR DRIZZLE
                        GRTST DEPTH:   0           7 = DUSTSTORM OR SANDSTORM:
                                                       VSBY 1/2 MILE OR LESS
                                                   8 = SMOKE OR HAZE
[NO. OF DAYS WITH]      [WEATHER - DAYS WITH]      9 = BLOWING SNOW
                                                   X = TORNADO
MAX 32 OR BELOW:   0    0.01 INCH OR MORE:   5
MAX 90 OR ABOVE:   0    0.10 INCH OR MORE:   3
MIN 32 OR BELOW:   0    0.50 INCH OR MORE:   1
MIN  0 OR BELOW:   0    1.00 INCH OR MORE:   1

[HDD (BASE 65) ]
TOTAL THIS MO.   172    CLEAR  (SCALE 0-3)  10
DPTR FM NORMAL  -180    PTCLDY (SCALE 4-7)   9
TOTAL FM JUL 1   346    CLOUDY (SCALE 8-10)  2
DPTR FM NORMAL  -364

[CDD (BASE 65) ]
TOTAL THIS MO.     0
DPTR FM NORMAL     0    [PRESSURE DATA]
TOTAL FM JAN 1  2983    HIGHEST SLP M ON M
DPTR FM NORMAL   725    LOWEST  SLP 29.59 ON 11

[REMARKS]
