000
CXUS54 KAMA 261015
CF6BGD
PRELIMINARY LOCAL CLIMATOLOGICAL DATA (WS FORM: F-6)

                                          STATION:   BORGER
                                          MONTH:     MAY
                                          YEAR:      2015
                                          LATITUDE:   35 42 N
                                          LONGITUDE: 101 24 W

  TEMPERATURE IN F:       :PCPN:    SNOW:  WIND      :SUNSHINE: SKY     :PK WND
================================================================================
1   2   3   4   5  6A  6B    7    8   9   10  11  12  13   14  15   16   17  18
                                     12Z  AVG MX 2MIN
DY MAX MIN AVG DEP HDD CDD  WTR  SNW DPTH SPD SPD DIR MIN PSBL S-S WX    SPD DR
================================================================================

 1  82  51  67   4   0   2 0.00  0.0    0 10.2 20 150   M    M   0        27 150
 2  86  59  73   9   0   8    T  0.0    0 13.3 25 200   M    M   1        33 170
 3  88  63  76  12   0  11 0.10  0.0    0 12.4 28 230   M    M   0 3      41 230
 4  80  59  70   6   0   5 0.43  0.0    0  9.3 29 180   M    M   2 3      39 180
 5  73  57  65   1   0   0 1.25  0.0    0  9.5 26 170   M    M   8 13     34 170
 6  82  56  69   4   0   4 0.00  0.0    0 17.0 31 220   M    M   0        43 220
 7  75  58  67   2   0   2 0.00  0.0    0 12.8 25 140   M    M   2        34 130
 8  70  54  62  -4   3   0 0.06  0.0    0  9.3 24  80   M    M   3 13     32 120
 9  80  53  67   1   0   2 0.58  0.0    0 11.7 32 240   M    M   4 13     48 240
10  67  45  56 -10   9   0 0.00  0.0    0  9.9 20 340   M    M   0        25 350
11  66  42  54 -12  11   0 0.00  0.0    0  7.8 18  20   M    M   0        23 350
12  72  46  59  -8   6   0 0.00  0.0    0 10.1 20 170   M    M   0        27 150
13  67  55  61  -6   4   0 0.66  0.0    0  8.9 17 120   M    M   7 13     27 130
14  84  53  69   2   0   4 0.00  0.0    0  8.9 35 180   M    M   3 12     44 170
15  82  57  70   2   0   5 0.36  0.0    0 15.8 25 150   M    M   1 13     35 190
16  77  57  67  -1   0   2 1.95  0.0    0 12.8 35 240   M    M   6 13     45 230
17  78  52  65  -3   0   0 0.00  0.0    0  8.3 22 250   M    M   0        32 250
18  77  51  64  -5   1   0    T  0.0    0 11.4 22  40   M    M   2        28  90
19  66  49  58 -11   7   0 1.13  0.0    0 13.8 23  70   M    M  10 13     33  60
20  58  44  51 -18  14   0 0.01  0.0    0 12.8 21  20   M    M  10 1      26  10
21  59  47  53 -17  12   0 0.48  0.0    0  7.3 14  60   M    M  10 13     19  60
22  66  51  59 -11   6   0 0.47  0.0    0  8.9 17 140   M    M   9 13     24 100
23  68  55  62  -8   3   0 1.22  0.0    0 10.3 28 260   M    M   8 13     38 260
24  80  56  68  -2   0   3 0.00  0.0    0 10.6 20 140   M    M   3        27 140
25  73  54  64  -7   1   0 0.00  0.0    0  9.8 24 170   M    M   0        30 180
================================================================================
SM 1856 1324        77  48  8.70     0.0 272.9          M       89
================================================================================
AV 74.2 53.0                              10.9 FASTST   M    M   4    MAX(MPH)
                                 MISC ---->  # 35 180               # 48  240
================================================================================
NOTES:
# LAST OF SEVERAL OCCURRENCES

COLUMN 17 PEAK WIND IN M.P.H.

PRELIMINARY LOCAL CLIMATOLOGICAL DATA (WS FORM: F-6) , PAGE 2

                                          STATION:  BORGER
                                          MONTH:    MAY
                                          YEAR:     2015
                                          LATITUDE:   35 42 N
                                          LONGITUDE: 101 24 W

[TEMPERATURE DATA]      [PRECIPITATION DATA]       SYMBOLS USED IN COLUMN 16

AVERAGE MONTHLY: 63.6   TOTAL FOR MONTH:   8.70    1 = FOG OR MIST
DPTR FM NORMAL:  -3.4   DPTR FM NORMAL:    6.60    2 = FOG REDUCING VISIBILITY
HIGHEST:    88 ON  3    GRTST 24HR  2.31 ON 15-16      TO 1/4 MILE OR LESS
LOWEST:     42 ON 11                               3 = THUNDER
                        SNOW, ICE PELLETS, HAIL    4 = ICE PELLETS
                        TOTAL MONTH:   0.0 INCH    5 = HAIL
                        GRTST 24HR     0.0         6 = FREEZING RAIN OR DRIZZLE
                        GRTST DEPTH:   0           7 = DUSTSTORM OR SANDSTORM:
                                                       VSBY 1/2 MILE OR LESS
                                                   8 = SMOKE OR HAZE
[NO. OF DAYS WITH]      [WEATHER - DAYS WITH]      9 = BLOWING SNOW
                                                   X = TORNADO
MAX 32 OR BELOW:   0    0.01 INCH OR MORE:  13
MAX 90 OR ABOVE:   0    0.10 INCH OR MORE:  11
MIN 32 OR BELOW:   0    0.50 INCH OR MORE:   6
MIN  0 OR BELOW:   0    1.00 INCH OR MORE:   4

[HDD (BASE 65) ]
TOTAL THIS MO.    77    CLEAR  (SCALE 0-3)  15
DPTR FM NORMAL    19    PTCLDY (SCALE 4-7)   5
TOTAL FM JUL 1  3450    CLOUDY (SCALE 8-10)  5
DPTR FM NORMAL  -311

[CDD (BASE 65) ]
TOTAL THIS MO.    48
DPTR FM NORMAL   -61    [PRESSURE DATA]
TOTAL FM JAN 1   104    HIGHEST SLP M ON M
DPTR FM NORMAL   -49    LOWEST  SLP 29.58 ON 16

[REMARKS]
