000
CXUS51 KBGM 300800
CF6BGM
PRELIMINARY LOCAL CLIMATOLOGICAL DATA (WS FORM: F-6)

                                          STATION:   BINGHAMTON NY
                                          MONTH:     SEPTEMBER
                                          YEAR:      2016
                                          LATITUDE:   42 13 N
                                          LONGITUDE:  75 59 W

  TEMPERATURE IN F:       :PCPN:    SNOW:  WIND      :SUNSHINE: SKY     :PK WND
================================================================================
1   2   3   4   5  6A  6B    7    8   9   10  11  12  13   14  15   16   17  18
                                     12Z  AVG MX 2MIN
DY MAX MIN AVG DEP HDD CDD  WTR  SNW DPTH SPD SPD DIR MIN PSBL S-S WX    SPD DR
================================================================================

 1  72  56  64  -1   1   0 0.01  0.0    0  9.3 18 360   M    M   5 1      23 350
 2  71  54  63  -1   2   0 0.00  0.0    0  7.7 17 350   M    M   3        22 350
 3  73  50  62  -2   3   0 0.00  0.0    0  5.4 10 360   M    M   0        15  60
 4  75  51  63  -1   2   0 0.00  0.0    0  3.1  8  90   M    M   0        11 100
 5  80  52  66   3   0   1 0.00  0.0    0  6.2 13 360   M    M   0 12     17  20
 6  80  58  69   6   0   4 0.00  0.0    0  7.7 15 350   M    M   0        21 340
 7  83  56  70   7   0   5    T  0.0    0  2.9  9 130   M    M   1        13 110
 8  86  65  76  14   0  11 0.08  0.0    0  8.2 20 350   M    M   5 1      26 210
 9  76  65  71   9   0   6 0.01  0.0    0  3.9 12 250   M    M   7 12     13 250
10  83  64  74  12   0   9 0.03  0.0    0  8.6 18 230   M    M   6 12     25 250
11  75  51  63   2   2   0 0.01  0.0    0 10.4 22 320   M    M   5 1      33 330
12  72  45  59  -2   6   0 0.00  0.0    0  4.4 10 260   M    M   1        15 290
13  80  52  66   5   0   1 0.00  0.0    0  7.5 17 220   M    M   1        26 250
14  74  50  62   2   3   0 0.00  0.0    0  9.2 20 320   M    M   4        26 350
15  67  45  56  -4   9   0 0.00  0.0    0  4.2 10 140   M    M   0        16 140
16  71  44  58  -2   7   0 0.00  0.0    0  6.9 15 160   M    M   1        24 150
17  73  52  63   4   2   0    T  0.0    0 10.2 18 220   M    M   6 1      24 200
18  73  64  69  10   0   4 0.55  0.0    0  6.6 16 200   M    M   8 1      24 210
19  74  61  68  10   0   3    T  0.0    0  3.6 10 360   M    M   5 12     12 360
20  80  54  67   9   0   2 0.00  0.0    0  3.2 10 260   M    M   3 128    12 260
21  76  53  65   7   0   0 0.00  0.0    0  4.9 10  20   M    M   0        14 360
22  79  52  66   9   0   1 0.00  0.0    0  5.3 14 230   M    M   0        17 200
23  79  53  66   9   0   1 0.00  0.0    0  9.3 17 360   M    M   4 1      22 350
24  62  47  55  -1  10   0 0.00  0.0    0  9.0 16 350   M    M   4 1      23 350
25  62  41  52  -4  13   0 0.00  0.0    0  6.1 10  20   M    M   0        18  10
26  65  39  52  -4  13   0 0.02  0.0    0 10.7 21 220   M    M   4 1      27 180
27  68  50  59   4   6   0 0.05  0.0    0  5.9 15 260   M    M   2 12     21 200
28  68  44  56   1   9   0 0.00  0.0    0  9.8 22 130   M    M   3        27 120
29  57  51  54   0  11   0 0.03  0.0    0  7.9 13 100   M    M   9 1      17 110
================================================================================
SM 2134 1519        99  48  0.79     0.0 198.1          M       87
================================================================================
AV 73.6 52.4                               6.8 FASTST   M    M   3    MAX(MPH)
                                 MISC ---->  # 22 320               # 33  330
================================================================================
NOTES:
# LAST OF SEVERAL OCCURRENCES

COLUMN 17 PEAK WIND IN M.P.H.

PRELIMINARY LOCAL CLIMATOLOGICAL DATA (WS FORM: F-6) , PAGE 2

                                          STATION:  BINGHAMTON NY
                                          MONTH:    SEPTEMBER
                                          YEAR:     2016
                                          LATITUDE:   42 13 N
                                          LONGITUDE:  75 59 W

[TEMPERATURE DATA]      [PRECIPITATION DATA]       SYMBOLS USED IN COLUMN 16

AVERAGE MONTHLY: 63.0   TOTAL FOR MONTH:   0.79    1 = FOG OR MIST
DPTR FM NORMAL:   3.2   DPTR FM NORMAL:   -2.71    2 = FOG REDUCING VISIBILITY
HIGHEST:    86 ON  8    GRTST 24HR  0.55 ON 18-18      TO 1/4 MILE OR LESS
LOWEST:     39 ON 26                               3 = THUNDER
                        SNOW, ICE PELLETS, HAIL    4 = ICE PELLETS
                        TOTAL MONTH:   0.0 INCH    5 = HAIL
                        GRTST 24HR     0.0         6 = FREEZING RAIN OR DRIZZLE
                        GRTST DEPTH:   0           7 = DUSTSTORM OR SANDSTORM:
                                                       VSBY 1/2 MILE OR LESS
                                                   8 = SMOKE OR HAZE
[NO. OF DAYS WITH]      [WEATHER - DAYS WITH]      9 = BLOWING SNOW
                                                   X = TORNADO
MAX 32 OR BELOW:   0    0.01 INCH OR MORE:   9
MAX 90 OR ABOVE:   0    0.10 INCH OR MORE:   1
MIN 32 OR BELOW:   0    0.50 INCH OR MORE:   1
MIN  0 OR BELOW:   0    1.00 INCH OR MORE:   0

[HDD (BASE 65) ]
TOTAL THIS MO.    99    CLEAR  (SCALE 0-3)  15
DPTR FM NORMAL   -84    PTCLDY (SCALE 4-7)  13
TOTAL FM JUL 1   108    CLOUDY (SCALE 8-10)  1
DPTR FM NORMAL  -138

[CDD (BASE 65) ]
TOTAL THIS MO.    48
DPTR FM NORMAL    19    [PRESSURE DATA]
TOTAL FM JAN 1   559    HIGHEST SLP 30.32 ON 16
DPTR FM NORMAL   182    LOWEST  SLP 29.79 ON  8

[REMARKS]
