000
CXUS51 KCAR 280600
CF6BGR
PRELIMINARY LOCAL CLIMATOLOGICAL DATA (WS FORM: F-6)

                                          STATION:   BANGOR ME
                                          MONTH:     JANUARY
                                          YEAR:      2015
                                          LATITUDE:   44 47 N
                                          LONGITUDE:  68 49 W

  TEMPERATURE IN F:       :PCPN:    SNOW:  WIND      :SUNSHINE: SKY     :PK WND
================================================================================
1   2   3   4   5  6A  6B    7    8   9   10  11  12  13   14  15   16   17  18
                                     12Z  AVG MX 2MIN
DY MAX MIN AVG DEP HDD CDD  WTR  SNW DPTH SPD SPD DIR MIN PSBL S-S WX    SPD DR
================================================================================

 1  29  13  21   2  44   0 0.00  0.0    0  7.7 17 230   M    M   6        25 230
 2  32  13  23   5  42   0 0.00  0.0    0 10.5 25 280   M    M   3 8      36 290
 3  16   4  10  -8  55   0 0.19  1.9    0  6.3 16 310   M    M   6 12     20 310
 4  27  14  21   3  44   0 0.22  4.0    6  6.1 15 350   M    M  10 146    18 350
 5  34   2  18   0  47   0    T    T    5 13.3 29 260   M    M   3 19     42 280
 6  10 -13  -1 -19  66   0 0.00  0.0    5  2.3 13 270   M    M   6        18 290
 7  16  -9   4 -13  61   0    T    T    5  5.1 29 310   M    M   8 189    39 310
 8   9 -14  -2 -19  67   0 0.00  0.0    5  8.1 26 310   M    M   1        34 320
 9  25   3  14  -3  51   0    T    T    5  7.1 24 210   M    M   7 9      40 210
10  22  -4   9  -8  56   0 0.00  0.0    5  4.4 20 240   M    M   1        29 230
11  24  -8   8  -9  57   0 0.00  0.0    5  4.6 14 190   M    M   5        17 230
12  27  20  24   7  41   0 0.18  3.2    5  2.8 17 330   M    M  10 1      21 320
13  25 -13   6 -11  59   0 0.00  0.0    8 10.1 23 350   M    M   2        30 360
14  19 -20   0 -17  65   0    T    T    8  1.3  7  10   M    M   5 18      8 320
15  23  17  20   4  45   0    T  0.1    8  5.5 12 350   M    M  10 1      13 350
16  33   5  19   3  46   0 0.03  1.2    8  9.3 28 310   M    M   6 1289   38 310
17  13  -4   5 -11  60   0 0.00  0.0    9  8.5 18 290   M    M   3 8      28 290
18  47  10  29  13  36   0 0.07  0.0    8 10.7 24 150   M    M  10 1      32 150
19  49  32  41  25  24   0 0.36  0.0    0  9.6 25 160   M    M   9 1      37 150
20  32  11  22   6  43   0 0.00  0.0    0 11.3 23 330   M    M   2        29 250
21  27   8  18   2  47   0 0.00  0.0    0  3.0 15 320   M    M   2        18 320
22  29  10  20   4  45   0 0.00  0.0    0  3.5  9  10   M    M   4        12  10
23  28  11  20   4  45   0 0.00  0.0    0  7.2 13 200   M    M   5        18 290
24  30  15  23   6  42   0 0.14  3.5    0  6.2 21 340   M    M   9 1      24 350
25  34   5  20   3  45   0    T    T    4 10.1 24 310   M    M   3 19     33 310
26  13  -8   3 -14  62   0 0.00  0.0    4  6.9 21  20   M    M   6 8      25  20
27  11   6   9  -8  56   0 0.66 13.3    5 24.9 36  20   M    M  10 189    45 360
================================================================================
SM  684  106      1351   0  1.85    27.2 206.4          M      152
================================================================================
AV 25.3  3.9                               7.6 FASTST   M    M   6    MAX(MPH)
                                 MISC ---->  # 36  20               # 45  360
================================================================================
NOTES:
# LAST OF SEVERAL OCCURRENCES

COLUMN 17 PEAK WIND IN M.P.H.

PRELIMINARY LOCAL CLIMATOLOGICAL DATA (WS FORM: F-6) , PAGE 2

                                          STATION:  BANGOR ME
                                          MONTH:    JANUARY
                                          YEAR:     2015
                                          LATITUDE:   44 47 N
                                          LONGITUDE:  68 49 W

[TEMPERATURE DATA]      [PRECIPITATION DATA]       SYMBOLS USED IN COLUMN 16

AVERAGE MONTHLY: 14.6   TOTAL FOR MONTH:   1.85    1 = FOG OR MIST
DPTR FM NORMAL:  -2.3   DPTR FM NORMAL:   -0.68    2 = FOG REDUCING VISIBILITY
HIGHEST:    49 ON 19    GRTST 24HR  0.66 ON 27-27      TO 1/4 MILE OR LESS
LOWEST:    -20 ON 14                               3 = THUNDER
                        SNOW, ICE PELLETS, HAIL    4 = ICE PELLETS
                        TOTAL MONTH:  27.2 INCHES  5 = HAIL
                        GRTST 24HR  13.3 ON   M    6 = FREEZING RAIN OR DRIZZLE
                        GRTST DEPTH:   9 ON 17     7 = DUSTSTORM OR SANDSTORM:
                                                       VSBY 1/2 MILE OR LESS
                                                   8 = SMOKE OR HAZE
[NO. OF DAYS WITH]      [WEATHER - DAYS WITH]      9 = BLOWING SNOW
                                                   X = TORNADO
MAX 32 OR BELOW:  22    0.01 INCH OR MORE:   8
MAX 90 OR ABOVE:   0    0.10 INCH OR MORE:   6
MIN 32 OR BELOW:  27    0.50 INCH OR MORE:   1
MIN  0 OR BELOW:   9    1.00 INCH OR MORE:   0

[HDD (BASE 65) ]
TOTAL THIS MO.  1351    CLEAR  (SCALE 0-3)   8
DPTR FM NORMAL    57    PTCLDY (SCALE 4-7)  12
TOTAL FM JUL 1  4046    CLOUDY (SCALE 8-10)  7
DPTR FM NORMAL  -169

[CDD (BASE 65) ]
TOTAL THIS MO.     0
DPTR FM NORMAL     0    [PRESSURE DATA]
TOTAL FM JAN 1     0    HIGHEST SLP M ON M
DPTR FM NORMAL     0    LOWEST  SLP 29.02 ON 25

[REMARKS]
