000
CXUS55 KBYZ 201055
CF6BHK
PRELIMINARY LOCAL CLIMATOLOGICAL DATA (WS FORM: F-6)

                                          STATION:   BAKER MT
                                          MONTH:     SEPTEMBER
                                          YEAR:      2014
                                          LATITUDE:   46 20 N
                                          LONGITUDE: 104 15 W

  TEMPERATURE IN F:       :PCPN:    SNOW:  WIND      :SUNSHINE: SKY     :PK WND
================================================================================
1   2   3   4   5  6A  6B    7    8   9   10  11  12  13   14  15   16   17  18
                                     12Z  AVG MX 2MIN
DY MAX MIN AVG DEP HDD CDD  WTR  SNW DPTH SPD SPD DIR MIN PSBL S-S WX    SPD DR
================================================================================

 1  70  48  59  -5   6   0 0.07    M    M  7.3 20 290   M    M   3 3      28 280
 2  74  49  62  -2   3   0 0.00    M    M  9.5 16 290   M    M   0        25 290
 3  89  47  68   5   0   3 0.00    M    M 12.0 37 310   M    M   0        47 310
 4  66  40  53 -10  12   0 0.00    M    M 15.2 32 320   M    M   4        40 280
 5  71  39  55  -7  10   0 0.00    M    M  3.9 14 320   M    M   0        17 280
 6  78  40  59  -3   6   0 0.00    M    M  4.4 14 280   M    M   0        18 270
 7  86  43  65   4   0   0 0.00    M    M  5.8 18 170   M    M   0        26 150
 8  84  46  65   4   0   0 0.00    M    M  8.3 24 100   M    M   0        32  80
 9  54  40  47 -13  18   0 0.07    M    M 14.0 26  80   M    M  10 18     33  70
10  40  36  38 -22  27   0 0.16    M    M 11.4 17  80   M    M  10 18     22  70
11  46  30  38 -21  27   0 0.00    M    M  6.3 14 360   M    M   9        17  10
12  58  25  42 -17  23   0 0.00    M    M  9.6 21 190   M    M   1        26 190
13  52  33  43 -15  22   0 0.00    M    M  9.9 26 310   M    M   4        33 290
14  60  33  47 -11  18   0 0.00    M    M  6.7 15  80   M    M   4        21 100
15  69  31  50  -8  15   0 0.00    M    M  5.7 15 180   M    M   0        19 160
16  79  37  58   1   7   0 0.00    M    M  2.7 13 320   M    M   0        15 330
17  77  43  60   4   5   0    T    M    M 10.4 23 140   M    M   1        27 120
18  85  52  69  13   0   4 0.05    M    M  9.7 29 240   M    M   1        36 240
19  79  53  66  10   0   1 0.00    M    M 13.8 26 290   M    M   0        35 270
================================================================================
SM 1317  765       199   8  0.35    M    166.6          M       47
================================================================================
AV 69.3 40.3                               8.8 FASTST   M    M   2    MAX(MPH)
                                 MISC ---->  # 37 310               # 47  310
================================================================================
NOTES:
# LAST OF SEVERAL OCCURRENCES

COLUMN 17 PEAK WIND IN M.P.H.

PRELIMINARY LOCAL CLIMATOLOGICAL DATA (WS FORM: F-6) , PAGE 2

                                          STATION:  BAKER MT
                                          MONTH:    SEPTEMBER
                                          YEAR:     2014
                                          LATITUDE:   46 20 N
                                          LONGITUDE: 104 15 W

[TEMPERATURE DATA]      [PRECIPITATION DATA]       SYMBOLS USED IN COLUMN 16

AVERAGE MONTHLY: 54.8   TOTAL FOR MONTH:   0.35    1 = FOG OR MIST
DPTR FM NORMAL:  -5.1   DPTR FM NORMAL:   -0.54    2 = FOG REDUCING VISIBILITY
HIGHEST:    89 ON  3    GRTST 24HR  0.20 ON  9-10      TO 1/4 MILE OR LESS
LOWEST:     25 ON 12                               3 = THUNDER
                        SNOW, ICE PELLETS, HAIL    4 = ICE PELLETS
                        TOTAL MONTH:    M          5 = HAIL
                        GRTST 24HR    M  ON   M    6 = FREEZING RAIN OR DRIZZLE
                        GRTST DEPTH:  M  ON   M    7 = DUSTSTORM OR SANDSTORM:
                                                       VSBY 1/2 MILE OR LESS
                                                   8 = SMOKE OR HAZE
[NO. OF DAYS WITH]      [WEATHER - DAYS WITH]      9 = BLOWING SNOW
                                                   X = TORNADO
MAX 32 OR BELOW:   0    0.01 INCH OR MORE:   4
MAX 90 OR ABOVE:   0    0.10 INCH OR MORE:   1
MIN 32 OR BELOW:   3    0.50 INCH OR MORE:   0
MIN  0 OR BELOW:   0    1.00 INCH OR MORE:   0

[HDD (BASE 65) ]
TOTAL THIS MO.   199    CLEAR  (SCALE 0-3)  13
DPTR FM NORMAL    72    PTCLDY (SCALE 4-7)   3
TOTAL FM JUL 1   262    CLOUDY (SCALE 8-10)  3
DPTR FM NORMAL    75

[CDD (BASE 65) ]
TOTAL THIS MO.     8
DPTR FM NORMAL   -21    [PRESSURE DATA]
TOTAL FM JAN 1   327    HIGHEST SLP M ON M
DPTR FM NORMAL  -141    LOWEST  SLP 29.47 ON  3

[REMARKS]
