000
CXUS54 KBMX 301216
CF6BHM
PRELIMINARY LOCAL CLIMATOLOGICAL DATA (WS FORM: F-6)

                                          STATION:   BIRMINGHAM
                                          MONTH:     OCTOBER
                                          YEAR:      2014
                                          LATITUDE:   33 34 N
                                          LONGITUDE:  86 45 W

  TEMPERATURE IN F:       :PCPN:    SNOW:  WIND      :SUNSHINE: SKY     :PK WND
================================================================================
1   2   3   4   5  6A  6B    7    8   9   10  11  12  13   14  15   16   17  18
                                     12Z  AVG MX 2MIN
DY MAX MIN AVG DEP HDD CDD  WTR  SNW DPTH SPD SPD DIR MIN PSBL S-S WX    SPD DR
================================================================================

 1  88  60  74   5   0   9 0.00  0.0    0  2.3 10 190   M    M   2        16 170
 2  88  65  77   8   0  12    T  0.0    0  5.7 22 180   M    M   5        27 180
 3  78  60  69   1   0   4 0.62  0.0    0  8.2 26 290   M    M   6 13     34 220
 4  67  46  57 -11   8   0 0.00  0.0    0  9.5 23 270   M    M   4        28 270
 5  73  42  58 -10   7   0 0.00  0.0    0  7.1 17 180   M    M   2        26 220
 6  80  61  71   4   0   6 0.00  0.0    0 11.8 21 190   M    M   5        27 200
 7  86  66  76   9   0  11 0.00  0.0    0 10.0 17 190   M    M   5        23 190
 8  88  67  78  11   0  13 0.00  0.0    0  6.8 22 360   M    M   6        27 350
 9  88  64  76  10   0  11 0.00  0.0    0  2.6 13 200   M    M   5        17 230
10  86  68  77  11   0  12 0.32  0.0    0  8.1 22 300   M    M   5 13     26 310
11  86  68  77  11   0  12 0.03  0.0    0  4.6 15 330   M    M   6 13     19 330
12  84  66  75  10   0  10 0.16  0.0    0  6.3 16 180   M    M   6 1      22 180
13  84  67  76  11   0  11 1.91  0.0    0 11.4 28 170   M    M   8 13     38 190
14  69  60  65   0   0   0 0.26  0.0    0 11.9 23 270   M    M   9 13     29 140
15  70  55  63  -1   2   0 0.00  0.0    0  8.6 22 280   M    M   8        28 240
16  75  52  64   0   1   0 0.00  0.0    0  5.9 17 280   M    M   3        21 300
17  82  48  65   1   0   0 0.00  0.0    0  6.1 20 240   M    M   1        23 230
18  75  49  62  -1   3   0 0.00  0.0    0  6.5 16 320   M    M   3        20 330
19  73  45  59  -4   6   0 0.00  0.0    0  3.2 10 320   M    M   3        17  60
20  74  46  60  -3   5   0 0.00  0.0    0  1.7 12 260   M    M   2        15 240
21  79  48  64   2   1   0 0.00  0.0    0  3.1 16 300   M    M   1        22 280
22  70  46  58  -4   7   0 0.00  0.0    0  4.8 18 360   M    M   0        22  10
23  72  41  57  -5   8   0 0.00  0.0    0  3.9 12  60   M    M   3        18  70
24  75  47  61  -1   4   0 0.00  0.0    0  4.1 13 350   M    M   3        18  10
25  77  43  60  -1   5   0 0.00  0.0    0  2.5 12 320   M    M   0        16 340
26  83  54  69   8   0   4 0.00  0.0    0  1.8 13 260   M    M   0 18     15 280
27  86  57  72  11   0   7 0.00  0.0    0  5.2 14 190   M    M   0 1      19 220
28  79  60  70  10   0   5 0.00  0.0    0  5.5 14 210   M    M   5 1      18 220
29  68  45  57  -3   8   0 0.36    M    0  5.3 16 350   M    M   5 1238   19 350
================================================================================
SM 2283 1596        65 127  3.66     0.0 174.5          M      111
================================================================================
AV 78.7 55.0                               6.0 FASTST   M    M   4    MAX(MPH)
                                 MISC ---->  # 28 170               # 38  190
================================================================================
NOTES:
# LAST OF SEVERAL OCCURRENCES

COLUMN 17 PEAK WIND IN M.P.H.

PRELIMINARY LOCAL CLIMATOLOGICAL DATA (WS FORM: F-6) , PAGE 2

                                          STATION:  BIRMINGHAM
                                          MONTH:    OCTOBER
                                          YEAR:     2014
                                          LATITUDE:   33 34 N
                                          LONGITUDE:  86 45 W

[TEMPERATURE DATA]      [PRECIPITATION DATA]       SYMBOLS USED IN COLUMN 16

AVERAGE MONTHLY: 66.9   TOTAL FOR MONTH:   3.66    1 = FOG OR MIST
DPTR FM NORMAL:   2.5   DPTR FM NORMAL:    0.46    2 = FOG REDUCING VISIBILITY
HIGHEST:    88 ON  9, 8 GRTST 24HR  2.17 ON 13-14      TO 1/4 MILE OR LESS
LOWEST:     41 ON 23                               3 = THUNDER
                        SNOW, ICE PELLETS, HAIL    4 = ICE PELLETS
                        TOTAL MONTH:   0.0 INCH    5 = HAIL
                        GRTST 24HR     0.0         6 = FREEZING RAIN OR DRIZZLE
                        GRTST DEPTH:   0           7 = DUSTSTORM OR SANDSTORM:
                                                       VSBY 1/2 MILE OR LESS
                                                   8 = SMOKE OR HAZE
[NO. OF DAYS WITH]      [WEATHER - DAYS WITH]      9 = BLOWING SNOW
                                                   X = TORNADO
MAX 32 OR BELOW:   0    0.01 INCH OR MORE:   7
MAX 90 OR ABOVE:   0    0.10 INCH OR MORE:   6
MIN 32 OR BELOW:   0    0.50 INCH OR MORE:   2
MIN  0 OR BELOW:   0    1.00 INCH OR MORE:   1

[HDD (BASE 65) ]
TOTAL THIS MO.    65    CLEAR  (SCALE 0-3)  11
DPTR FM NORMAL   -39    PTCLDY (SCALE 4-7)  17
TOTAL FM JUL 1    65    CLOUDY (SCALE 8-10)  1
DPTR FM NORMAL   -48

[CDD (BASE 65) ]
TOTAL THIS MO.   127
DPTR FM NORMAL    41    [PRESSURE DATA]
TOTAL FM JAN 1  2143    HIGHEST SLP M ON M
DPTR FM NORMAL   107    LOWEST  SLP 29.69 ON 14

[REMARKS]
