000
CXUS55 KBYZ 251055
CF6BIL
PRELIMINARY LOCAL CLIMATOLOGICAL DATA (WS FORM: F-6)

                                          STATION:   BILLINGS MT
                                          MONTH:     DECEMBER
                                          YEAR:      2014
                                          LATITUDE:   45 47 N
                                          LONGITUDE: 108 32 W

  TEMPERATURE IN F:       :PCPN:    SNOW:  WIND      :SUNSHINE: SKY     :PK WND
================================================================================
1   2   3   4   5  6A  6B    7    8   9   10  11  12  13   14  15   16   17  18
                                     12Z  AVG MX 2MIN
DY MAX MIN AVG DEP HDD CDD  WTR  SNW DPTH SPD SPD DIR MIN PSBL S-S WX    SPD DR
================================================================================

 1  32 -10  11 -18  54   0    T    T    4 12.0 22 240   M    M   5        27 240
 2  37  20  29   0  36   0    T    T    3  9.7 24 320   M    M   3        30 330
 3  30  10  20  -8  45   0 0.00  0.0    2  8.8 18 240   M    M   4        22 240
 4  45  23  34   6  31   0    T  0.0    2  6.9 15 250   M    M   8        17 240
 5  40  28  34   6  31   0    T  0.0    0  6.2 14 220   M    M   5 1      15 210
 6  49  24  37   9  28   0 0.00  0.0    0  9.7 21 250   M    M   4        17 250
 7  54  32  43  16  22   0 0.00  0.0    0 13.0 23 280   M    M   3 1      29 280
 8  45  28  37  10  28   0 0.00  0.0    0 11.6 18 230   M    M   0        28 240
 9  53  35  44  17  21   0 0.00  0.0    0 16.3 28 250   M    M   3        35 250
10  58  38  48  21  17   0 0.00  0.0    0 16.1 24 240   M    M   6        30 250
11  54  40  47  20  18   0 0.00  0.0    0 12.2 22 240   M    M   7        26 230
12  56  44  50  24  15   0 0.00  0.0    0 13.8 22 240   M    M   8 8      26 240
13  60  40  50  24  15   0    T  0.0    0 14.1 35 320   M    M   8        42 300
14  40  28  34   8  31   0 0.27  2.7    0 13.5 30 320   M    M  10 1      36 320
15  28  22  25  -1  40   0 0.02  0.2    2  6.3 14 140   M    M  10 1      17 140
16  23  20  22  -4  43   0    T    T    2  4.3  9  90   M    M  10 12     10  80
17  33  20  27   1  38   0    T    T    1 11.6 23 240   M    M   8 1      27 250
18  38  22  30   4  35   0 0.00  0.0    1 18.6 24 240   M    M   3        32 240
19  40  28  34   8  31   0    T    T    T 14.9 25 240   M    M   7        31 250
20  39  30  35   9  30   0 0.00  0.0    T 12.7 20 240   M    M   6        23 250
21  54  33  44  18  21   0    T  0.0    T 18.4 44 290   M    M   7        58 300
22  42  30  36  10  29   0 0.00  0.0    0 17.4 28 330   M    M   5        37 280
23  41  28  35   9  30   0 0.00  0.0    0 12.7 25 240   M    M   4        31 240
24  42  30  36  10  29   0 0.13  1.3    0 19.4 28 250   M    M   8 1      36 240
================================================================================
SM 1033  643       718   0  0.42     4.2 300.2          M      142
================================================================================
AV 43.0 26.8                              12.5 FASTST   M    M   6    MAX(MPH)
                                 MISC ---->  # 44 290               # 58  300
================================================================================
NOTES:
# LAST OF SEVERAL OCCURRENCES

COLUMN 17 PEAK WIND IN M.P.H.

PRELIMINARY LOCAL CLIMATOLOGICAL DATA (WS FORM: F-6) , PAGE 2

                                          STATION:  BILLINGS MT
                                          MONTH:    DECEMBER
                                          YEAR:     2014
                                          LATITUDE:   45 47 N
                                          LONGITUDE: 108 32 W

[TEMPERATURE DATA]      [PRECIPITATION DATA]       SYMBOLS USED IN COLUMN 16

AVERAGE MONTHLY: 34.9   TOTAL FOR MONTH:   0.42    1 = FOG OR MIST
DPTR FM NORMAL:   8.1   DPTR FM NORMAL:    0.03    2 = FOG REDUCING VISIBILITY
HIGHEST:    60 ON 13    GRTST 24HR  0.29 ON 14-15      TO 1/4 MILE OR LESS
LOWEST:    -10 ON  1                               3 = THUNDER
                        SNOW, ICE PELLETS, HAIL    4 = ICE PELLETS
                        TOTAL MONTH:   4.2 INCHES  5 = HAIL
                        GRTST 24HR   2.7 ON   M    6 = FREEZING RAIN OR DRIZZLE
                        GRTST DEPTH:   4 ON  1     7 = DUSTSTORM OR SANDSTORM:
                                                       VSBY 1/2 MILE OR LESS
                                                   8 = SMOKE OR HAZE
[NO. OF DAYS WITH]      [WEATHER - DAYS WITH]      9 = BLOWING SNOW
                                                   X = TORNADO
MAX 32 OR BELOW:   4    0.01 INCH OR MORE:   3
MAX 90 OR ABOVE:   0    0.10 INCH OR MORE:   2
MIN 32 OR BELOW:  18    0.50 INCH OR MORE:   0
MIN  0 OR BELOW:   1    1.00 INCH OR MORE:   0

[HDD (BASE 65) ]
TOTAL THIS MO.   718    CLEAR  (SCALE 0-3)   5
DPTR FM NORMAL  -198    PTCLDY (SCALE 4-7)  12
TOTAL FM JUL 1  2319    CLOUDY (SCALE 8-10)  7
DPTR FM NORMAL  -225

[CDD (BASE 65) ]
TOTAL THIS MO.     0
DPTR FM NORMAL     0    [PRESSURE DATA]
TOTAL FM JAN 1   618    HIGHEST SLP  0.00 ON M
DPTR FM NORMAL   -18    LOWEST  SLP 29.43 ON 21

[REMARKS]
