000
CXUS53 KBIS 280732
CF6BIS
PRELIMINARY LOCAL CLIMATOLOGICAL DATA (WS FORM: F-6)

                                          STATION:   BISMARCK ND
                                          MONTH:     MARCH
                                          YEAR:      2017
                                          LATITUDE:   46 46 N
                                          LONGITUDE: 100 45 W

  TEMPERATURE IN F:       :PCPN:    SNOW:  WIND      :SUNSHINE: SKY     :PK WND
================================================================================
1   2   3   4   5  6A  6B    7    8   9   10  11  12  13   14  15   16   17  18
                                     12Z  AVG MX 2MIN
DY MAX MIN AVG DEP HDD CDD  WTR  SNW DPTH SPD SPD DIR MIN PSBL S-S WX    SPD DR
================================================================================

 1  29  11  20  -3  45   0 0.02  0.3    4  7.6 16 320   M    M   7 1      20 330
 2  27  10  19  -5  46   0 0.02  1.5    6  4.2 10 220   M    M   5 1      13 230
 3  39   8  24   0  41   0 0.00  0.0    4 10.1 22 140   M    M   4        25 140
 4  54  24  39  15  26   0 0.00  0.0    3  7.9 18 140   M    M   0        23 170
 5  47  22  35  10  30   0 0.00  0.0    3  5.8 16 150   M    M   0 1      20 150
 6  46  24  35  10  30   0    T    T    2 17.1 35 290   M    M   7 18     46 320
 7  34  21  28   2  37   0    T    T    2 28.9 48 280   M    M   3        66 290
 8  29  15  22  -4  43   0 0.00  0.0    1 13.0 33 300   M    M   7        49 300
 9  21   3  12 -15  53   0 0.03  0.5    1 10.0 17 350   M    M   7        22  30
10  13   0   7 -20  58   0 0.02  0.6    1 11.9 20 100   M    M   7        23  90
11  12   5   9 -19  56   0 0.06  2.5    4 10.8 18  90   M    M  10        21 100
12  16   6  11 -17  54   0 0.08  2.9    3 17.6 31  80   M    M  10 19     35  80
13  15  -7   4 -24  61   0 0.00  0.0    4  6.9 20 150   M    M   4 18     23 150
14  25  14  20  -9  45   0 0.05  0.4    4 13.9 21 160   M    M   9 1      24 160
15  34  17  26  -3  39   0 0.00  0.0    3 11.3 16 150   M    M   4        19 160
16  45  32  39   9  26   0    T  0.0    2  7.2 17 140   M    M   3 1      20 140
17  41  26  34   4  31   0 0.00  0.0    2 16.4 31 320   M    M   3        42 320
18  48  21  35   4  30   0 0.00  0.0    1 11.5 23 160   M    M   2        28 150
19  62  31  47  16  18   0    T  0.0    T  7.6 22 150   M    M   3        28 320
20  50  28  39   7  26   0 0.00  0.0    T  5.3 20 340   M    M   7        25 340
21  31  21  26  -6  39   0 0.00  0.0    T 10.4 17 100   M    M   2        25  90
22  49  24  37   4  28   0 0.00  0.0    T 18.4 33 170   M    M   6        41 160
23  42  31  37   4  28   0 0.24  0.0    T  6.3 17 340   M    M   7 1      27 340
24  47  25  36   2  29   0 0.00  0.0    T  7.3 15  90   M    M   0 1      18  80
25  56  29  43   9  22   0 0.00  0.0    0 10.6 22 180   M    M   6 1      26 150
26  63  36  50  16  15   0 0.00  0.0    0  4.7 13 100   M    M   5        16  90
27  65  29  47  12  18   0 0.00  0.0    0  5.1 13 120   M    M   1        15 150
================================================================================
SM 1040  506       974   0  0.52     8.7 287.8          M      129
================================================================================
AV 38.5 18.7                              10.7 FASTST   M    M   5    MAX(MPH)
                                 MISC ---->  # 48 280               # 66  290
================================================================================
NOTES:
# LAST OF SEVERAL OCCURRENCES

COLUMN 17 PEAK WIND IN M.P.H.

PRELIMINARY LOCAL CLIMATOLOGICAL DATA (WS FORM: F-6) , PAGE 2

                                          STATION:  BISMARCK ND
                                          MONTH:    MARCH
                                          YEAR:     2017
                                          LATITUDE:   46 46 N
                                          LONGITUDE: 100 45 W

[TEMPERATURE DATA]      [PRECIPITATION DATA]       SYMBOLS USED IN COLUMN 16

AVERAGE MONTHLY: 28.6   TOTAL FOR MONTH:   0.52    1 = FOG OR MIST
DPTR FM NORMAL:  -0.3   DPTR FM NORMAL:   -0.22    2 = FOG REDUCING VISIBILITY
HIGHEST:    65 ON 27    GRTST 24HR  0.24 ON 23-23      TO 1/4 MILE OR LESS
LOWEST:     -7 ON 13                               3 = THUNDER
                        SNOW, ICE PELLETS, HAIL    4 = ICE PELLETS
                        TOTAL MONTH:   8.7 INCHES  5 = HAIL
                        GRTST 24HR   2.9 ON   M    6 = FREEZING RAIN OR DRIZZLE
                        GRTST DEPTH:   6 ON  2     7 = DUSTSTORM OR SANDSTORM:
                                                       VSBY 1/2 MILE OR LESS
                                                   8 = SMOKE OR HAZE
[NO. OF DAYS WITH]      [WEATHER - DAYS WITH]      9 = BLOWING SNOW
                                                   X = TORNADO
MAX 32 OR BELOW:  10    0.01 INCH OR MORE:   8
MAX 90 OR ABOVE:   0    0.10 INCH OR MORE:   1
MIN 32 OR BELOW:  26    0.50 INCH OR MORE:   0
MIN  0 OR BELOW:   2    1.00 INCH OR MORE:   0

[HDD (BASE 65) ]
TOTAL THIS MO.   974    CLEAR  (SCALE 0-3)   7
DPTR FM NORMAL     1    PTCLDY (SCALE 4-7)  17
TOTAL FM JUL 1  6976    CLOUDY (SCALE 8-10)  3
DPTR FM NORMAL  -428

[CDD (BASE 65) ]
TOTAL THIS MO.     0
DPTR FM NORMAL     0    [PRESSURE DATA]
TOTAL FM JAN 1     0    HIGHEST SLP M ON M
DPTR FM NORMAL     0    LOWEST  SLP 29.11 ON  6

[REMARKS]
