000
CXUS53 KGRR 201017
CF6BIV
PRELIMINARY LOCAL CLIMATOLOGICAL DATA (WS FORM: F-6)

                                          STATION:   HOLLAND/TULIP CITY MI
                                          MONTH:     OCTOBER
                                          YEAR:      2014
                                          LATITUDE:   42 49 N
                                          LONGITUDE:  86 10 W

  TEMPERATURE IN F:       :PCPN:    SNOW:  WIND      :SUNSHINE: SKY     :PK WND
================================================================================
1   2   3   4   5  6A  6B    7    8   9   10  11  12  13   14  15   16   17  18
                                     12Z  AVG MX 2MIN
DY MAX MIN AVG DEP HDD CDD  WTR  SNW DPTH SPD SPD DIR MIN PSBL S-S WX    SPD DR
================================================================================

 1  66  51  59   1   6   0 0.00    M    M  6.9 13 150   M    M   6        17 100
 2  73  58  66   9   0   1 0.37    M    M  8.8 15 170   M    M   8 1      21 170
 3  67  48  58   1   7   0 0.97    M    M 13.8 25 270   M    M  10 1      34 280
 4  50  42  46 -10  19   0 0.57    M    M 13.2 24 240   M    M   M        31 300
 5  56  48  52  -4  13   0    T    M    M   M  24 230   M    M   M        32 230
 6  61  49  55  -1  10   0    T    M    M  9.9 23 230   M    M   6        27 240
 7  65  46  56   0   9   0 0.04    M    M 10.9 24 220   M    M   4        30 230
 8  62  44  53  -2  12   0 0.00    M    M 11.0 28 270   M    M   2        37 260
 9  57  38  48  -7  17   0 0.00    M    M  4.9 16 270   M    M   0        22 270
10  58  35  47  -7  18   0 0.00    M    M  3.1 12 270   M    M   1        17 260
11  59  33  46  -8  19   0 0.00    M    M  2.3 10 280   M    M   0 18     14 280
12  64  35  50  -4  15   0    T    M    M  7.5 16 150   M    M   2 1      21 140
13  72  52  62   8   3   0 0.10    M    M  7.8 20 150   M    M   8 18     29 160
14  70  57  64  11   1   0 0.99    M    M  8.1 25 240   M    M   9 1      34 240
15  66  53  60   7   5   0 0.04    M    M  4.4 12  90   M    M   9        15 100
16  61  55  58   5   7   0    T    M    M  6.0 17 230   M    M  10 128    22 230
17  62  49  56   4   9   0 0.13    M    M 12.3 23 290   M    M   8 1      37 270
18  49  36  43  -9  22   0 0.13    M    M  6.3 16 310   M    M   7 1      26 320
19  54  32  43  -9  22   0 0.00    M    M  6.8 20 210   M    M   2        27 210
================================================================================
SM 1172  861       214   1  3.34    M    144.0          M       92
================================================================================
AV 61.7 45.3                               8.0 FASTST   M    M   5    MAX(MPH)
                                 MISC ---->  # 28 270               # 37  260
================================================================================
NOTES:
# LAST OF SEVERAL OCCURRENCES

COLUMN 17 PEAK WIND IN M.P.H.

PRELIMINARY LOCAL CLIMATOLOGICAL DATA (WS FORM: F-6) , PAGE 2

                                          STATION:  HOLLAND/TULIP CITY MI
                                          MONTH:    OCTOBER
                                          YEAR:     2014
                                          LATITUDE:   42 49 N
                                          LONGITUDE:  86 10 W

[TEMPERATURE DATA]      [PRECIPITATION DATA]       SYMBOLS USED IN COLUMN 16

AVERAGE MONTHLY: 53.5   TOTAL FOR MONTH:   3.34    1 = FOG OR MIST
DPTR FM NORMAL:  -1.1   DPTR FM NORMAL:    1.25    2 = FOG REDUCING VISIBILITY
HIGHEST:    73 ON  2    GRTST 24HR  1.24 ON  2- 3      TO 1/4 MILE OR LESS
LOWEST:     32 ON 19                               3 = THUNDER
                        SNOW, ICE PELLETS, HAIL    4 = ICE PELLETS
                        TOTAL MONTH:    M          5 = HAIL
                        GRTST 24HR    M  ON   M    6 = FREEZING RAIN OR DRIZZLE
                        GRTST DEPTH:  M  ON   M    7 = DUSTSTORM OR SANDSTORM:
                                                       VSBY 1/2 MILE OR LESS
                                                   8 = SMOKE OR HAZE
[NO. OF DAYS WITH]      [WEATHER - DAYS WITH]      9 = BLOWING SNOW
                                                   X = TORNADO
MAX 32 OR BELOW:   0    0.01 INCH OR MORE:   9
MAX 90 OR ABOVE:   0    0.10 INCH OR MORE:   7
MIN 32 OR BELOW:   1    0.50 INCH OR MORE:   3
MIN  0 OR BELOW:   0    1.00 INCH OR MORE:   0

[HDD (BASE 65) ]
TOTAL THIS MO.   214    CLEAR  (SCALE 0-3)   6
DPTR FM NORMAL     6    PTCLDY (SCALE 4-7)   6
TOTAL FM JUL 1   385    CLOUDY (SCALE 8-10)  5
DPTR FM NORMAL    47

[CDD (BASE 65) ]
TOTAL THIS MO.     1
DPTR FM NORMAL    -9    [PRESSURE DATA]
TOTAL FM JAN 1   570    HIGHEST SLP  0.00 ON  8
DPTR FM NORMAL  -122    LOWEST  SLP 29.35 ON  3

[REMARKS]
