000
CXUS53 KGRR 221017
CF6BIV
PRELIMINARY LOCAL CLIMATOLOGICAL DATA (WS FORM: F-6)

                                          STATION:   HOLLAND/TULIP CITY MI
                                          MONTH:     DECEMBER
                                          YEAR:      2014
                                          LATITUDE:   42 49 N
                                          LONGITUDE:  86 10 W

  TEMPERATURE IN F:       :PCPN:    SNOW:  WIND      :SUNSHINE: SKY     :PK WND
================================================================================
1   2   3   4   5  6A  6B    7    8   9   10  11  12  13   14  15   16   17  18
                                     12Z  AVG MX 2MIN
DY MAX MIN AVG DEP HDD CDD  WTR  SNW DPTH SPD SPD DIR MIN PSBL S-S WX    SPD DR
================================================================================

 1  34  18  26 -10  39   0    T    M    M 10.1 20 320   M    M   6        32 330
 2  38  18  28  -7  37   0    T    M    M  9.4 16 230   M    M   3 18     22 240
 3  37  32  35   0  30   0 0.01    M    M 14.7 22 270   M    M   6 1      30 270
 4  33  23  28  -7  37   0 0.00    M    M  6.4 12 110   M    M   6        15  70
 5  40  32  36   2  29   0 0.00    M    M  3.5  8 180   M    M   9 8      11 140
 6  44  28  36   2  29   0 0.00    M    M  6.0 16  30   M    M   4 18     21 360
 7  37  23  30  -4  35   0 0.00    M    M  7.9 17 120   M    M   0        22 110
 8  39  32  36   3  29   0 0.19    M    M  7.7 13 180   M    M   5 1      18 160
 9  43  34  39   6  26   0 0.02    M    M  6.1 13 360   M    M  10 1      19 360
10  38  28  33   0  32   0 0.00    M    M  5.9 12 300   M    M   6        15  30
11  36  27  32   0  33   0 0.00    M    M  8.5 15 270   M    M   4        23 270
12  38  34  36   4  29   0 0.00    M    M  8.9 17 250   M    M   9 18     21 250
13  46  37  42  10  23   0 0.00    M    M 11.5 20 250   M    M  10 128    25 240
14  51  46  49  17  16   0 0.00    M    M  9.0 18 250   M    M  10 18     23 240
15  52  46  49  18  16   0 0.03    M    M  8.2 17 160   M    M   9 18     23 160
16  46  35  41  10  24   0 0.13    M    M  8.3 21 310   M    M  10 1      28 300
17  36  30  33   2  32   0    T    M    M 12.7 21 300   M    M  10        31 290
18  34  31  33   3  32   0    T    M    M  6.7 18 250   M    M  10 18     23 250
19  35  18  27  -3  38   0 0.00    M    M  1.6  8 340   M    M   2 18     12  50
20  32  21  27  -3  38   0    T    M    M  4.0  8 170   M    M   6 18     10 150
21  37  32  35   5  30   0 0.00    M    M  9.0 15 140   M    M   9 8      17 140
================================================================================
SM  826  625       634   0  0.38    M    166.1          M      144
================================================================================
AV 39.3 29.8                               7.9 FASTST   M    M   7    MAX(MPH)
                                 MISC ---->  # 22 270               # 32  330
================================================================================
NOTES:
# LAST OF SEVERAL OCCURRENCES

COLUMN 17 PEAK WIND IN M.P.H.

PRELIMINARY LOCAL CLIMATOLOGICAL DATA (WS FORM: F-6) , PAGE 2

                                          STATION:  HOLLAND/TULIP CITY MI
                                          MONTH:    DECEMBER
                                          YEAR:     2014
                                          LATITUDE:   42 49 N
                                          LONGITUDE:  86 10 W

[TEMPERATURE DATA]      [PRECIPITATION DATA]       SYMBOLS USED IN COLUMN 16

AVERAGE MONTHLY: 34.5   TOTAL FOR MONTH:   0.38    1 = FOG OR MIST
DPTR FM NORMAL:   2.0   DPTR FM NORMAL:   -1.35    2 = FOG REDUCING VISIBILITY
HIGHEST:    52 ON 15    GRTST 24HR  0.20 ON  8- 9      TO 1/4 MILE OR LESS
LOWEST:     18 ON 19, 2                            3 = THUNDER
                        SNOW, ICE PELLETS, HAIL    4 = ICE PELLETS
                        TOTAL MONTH:    M          5 = HAIL
                        GRTST 24HR    M  ON   M    6 = FREEZING RAIN OR DRIZZLE
                        GRTST DEPTH:  M  ON   M    7 = DUSTSTORM OR SANDSTORM:
                                                       VSBY 1/2 MILE OR LESS
                                                   8 = SMOKE OR HAZE
[NO. OF DAYS WITH]      [WEATHER - DAYS WITH]      9 = BLOWING SNOW
                                                   X = TORNADO
MAX 32 OR BELOW:   1    0.01 INCH OR MORE:   5
MAX 90 OR ABOVE:   0    0.10 INCH OR MORE:   2
MIN 32 OR BELOW:  15    0.50 INCH OR MORE:   0
MIN  0 OR BELOW:   0    1.00 INCH OR MORE:   0

[HDD (BASE 65) ]
TOTAL THIS MO.   634    CLEAR  (SCALE 0-3)   2
DPTR FM NORMAL   -47    PTCLDY (SCALE 4-7)   9
TOTAL FM JUL 1  2025    CLOUDY (SCALE 8-10) 10
DPTR FM NORMAL   121

[CDD (BASE 65) ]
TOTAL THIS MO.     0
DPTR FM NORMAL     0    [PRESSURE DATA]
TOTAL FM JAN 1   570    HIGHEST SLP M ON M
DPTR FM NORMAL  -123    LOWEST  SLP 29.66 ON 16

[REMARKS]
