000
CXUS56 KBOI 281002
CF6BKE
PRELIMINARY LOCAL CLIMATOLOGICAL DATA (WS FORM: F-6)

                                          STATION:   BAKER OR
                                          MONTH:     AUGUST
                                          YEAR:      2014
                                          LATITUDE:   44 50 N
                                          LONGITUDE: 117 49 W

  TEMPERATURE IN F:       :PCPN:    SNOW:  WIND      :SUNSHINE: SKY     :PK WND
================================================================================
1   2   3   4   5  6A  6B    7    8   9   10  11  12  13   14  15   16   17  18
                                     12Z  AVG MX 2MIN
DY MAX MIN AVG DEP HDD CDD  WTR  SNW DPTH SPD SPD DIR MIN PSBL S-S WX    SPD DR
================================================================================

 1  91  51  71   4   0   6    T    M    M  4.9 22 300   M    M   1 8      32 290
 2  91  58  75   8   0  10    T    M    M  5.7 30 170   M    M   0        42 140
 3  91  51  71   4   0   6 0.01    M    M  7.0 26 290   M    M   0        35 290
 4  89  55  72   5   0   7 0.00    M    M  5.6 16 310   M    M   1        20 310
 5  91  47  69   2   0   4 0.00    M    M  7.2 17 310   M    M   0        21 310
 6  88  47  68   2   0   3 0.00    M    M  7.8 21 340   M    M   0        27 320
 7  89  43  66   0   0   1 0.00    M    M  5.1 16 320   M    M   0        21 320
 8  84  42  63  -3   2   0 0.00    M    M  6.8 22 320   M    M   2        27 320
 9  88  39  64  -2   1   0 0.00    M    M  4.7 14 300   M    M   0        17 300
10  94  45  70   4   0   5 0.00    M    M  3.2 10 260   M    M   0        12  10
11  98  50  74   8   0   9    T    M    M  5.2 21 120   M    M   0 8      28 140
12  90  54  72   6   0   7    T    M    M 10.0 39 160   M    M   1        49 160
13  83  49  66   0   0   1    T    M    M  6.3 28 330   M    M   3        32 330
14  73  51  62  -3   3   0 0.49    M    M  4.9 23 160   M    M   3 1      27 160
15  74  49  62  -3   3   0 0.00    M    M  3.6 13 310   M    M   6 1      15 310
16  85  45  65   0   0   0 0.00    M    M  4.1 13 310   M    M   0 12     15 310
17  87  46  67   2   0   2    T    M    M  4.6 18 290   M    M   1 1      26 280
18  89  49  69   5   0   4 0.00    M    M  5.0 13 300   M    M   0        15 300
19  89  47  68   4   0   3    T    M    M  6.5 20 320   M    M   0 1      24 320
20  80  49  65   1   0   0 0.00    M    M  7.6 22 340   M    M   0        26 340
21  79  36  58  -6   7   0 0.00    M    M  4.6 14 310   M    M   0        17 310
22  74  43  59  -5   6   0    T    M    M  9.4 23 340   M    M   2        28 330
23  73  47  60  -3   5   0 0.00    M    M 12.3 26 310   M    M   3        33 310
24  74  39  57  -6   8   0 0.01    M    M  2.4 18 280   M    M   1 1      21 280
25  79  35  57  -6   8   0 0.00    M    M  4.5 17  20   M    M   1 1      22 360
26  82  41  62   0   3   0 0.00    M    M  2.7  9 310   M    M   0        13 320
27  89  41  65   3   0   0 0.00    M    M  2.7  9 250   M    M   0        11 270
================================================================================
SM 2294 1249        46  68  0.51    M    154.4          M       25
================================================================================
AV 85.0 46.3                               5.7 FASTST   M    M   1    MAX(MPH)
                                 MISC ---->  # 39 160               # 49  160
================================================================================
NOTES:
# LAST OF SEVERAL OCCURRENCES

COLUMN 17 PEAK WIND IN M.P.H.

PRELIMINARY LOCAL CLIMATOLOGICAL DATA (WS FORM: F-6) , PAGE 2

                                          STATION:  BAKER OR
                                          MONTH:    AUGUST
                                          YEAR:     2014
                                          LATITUDE:   44 50 N
                                          LONGITUDE: 117 49 W

[TEMPERATURE DATA]      [PRECIPITATION DATA]       SYMBOLS USED IN COLUMN 16

AVERAGE MONTHLY: 65.6   TOTAL FOR MONTH:   0.51    1 = FOG OR MIST
DPTR FM NORMAL:   0.6   DPTR FM NORMAL:   -0.10    2 = FOG REDUCING VISIBILITY
HIGHEST:    98 ON 11    GRTST 24HR  0.49 ON 14-14      TO 1/4 MILE OR LESS
LOWEST:     35 ON 25                               3 = THUNDER
                        SNOW, ICE PELLETS, HAIL    4 = ICE PELLETS
                        TOTAL MONTH:    M          5 = HAIL
                        GRTST 24HR    M  ON   M    6 = FREEZING RAIN OR DRIZZLE
                        GRTST DEPTH:  M  ON   M    7 = DUSTSTORM OR SANDSTORM:
                                                       VSBY 1/2 MILE OR LESS
                                                   8 = SMOKE OR HAZE
[NO. OF DAYS WITH]      [WEATHER - DAYS WITH]      9 = BLOWING SNOW
                                                   X = TORNADO
MAX 32 OR BELOW:   0    0.01 INCH OR MORE:   3
MAX 90 OR ABOVE:   7    0.10 INCH OR MORE:   1
MIN 32 OR BELOW:   0    0.50 INCH OR MORE:   0
MIN  0 OR BELOW:   0    1.00 INCH OR MORE:   0

[HDD (BASE 65) ]
TOTAL THIS MO.    46    CLEAR  (SCALE 0-3)  26
DPTR FM NORMAL   -16    PTCLDY (SCALE 4-7)   1
TOTAL FM JUL 1    59    CLOUDY (SCALE 8-10)  0
DPTR FM NORMAL   -73

[CDD (BASE 65) ]
TOTAL THIS MO.    68
DPTR FM NORMAL     6    [PRESSURE DATA]
TOTAL FM JAN 1   233    HIGHEST SLP M ON M
DPTR FM NORMAL    78    LOWEST  SLP 29.56 ON 19

[REMARKS]
