000
CXUS56 KBOI 201002
CF6BKE
PRELIMINARY LOCAL CLIMATOLOGICAL DATA (WS FORM: F-6)

                                          STATION:   BAKER OR
                                          MONTH:     FEBRUARY
                                          YEAR:      2018
                                          LATITUDE:   44 50 N
                                          LONGITUDE: 117 49 W

  TEMPERATURE IN F:       :PCPN:    SNOW:  WIND      :SUNSHINE: SKY     :PK WND
================================================================================
1   2   3   4   5  6A  6B    7    8   9   10  11  12  13   14  15   16   17  18
                                     12Z  AVG MX 2MIN
DY MAX MIN AVG DEP HDD CDD  WTR  SNW DPTH SPD SPD DIR MIN PSBL S-S WX    SPD DR
================================================================================

 1  43  31  37  11  28   0 0.01    M    M  4.8 17 100   M    M   9        21 100
 2  46  28  37  10  28   0 0.01    M    M  3.2 14  80   M    M   7 12     18  90
 3  60  28  44  17  21   0    T    M    M  5.5 15 350   M    M   4 12     17 340
 4  58  35  47  20  18   0 0.01    M    M  5.7 20 330   M    M   7        25 300
 5  56  29  43  16  22   0 0.00    M    M  7.8 25 310   M    M   2        30 310
 6  53  27  40  13  25   0 0.00    M    M  1.9 10 120   M    M   5        11 120
 7  60  30  45  17  20   0 0.00    M    M  3.5 10  30   M    M   3        13  70
 8  61  32  47  19  18   0 0.00    M    M  3.8 14 230   M    M   0        21 220
 9  50  30  40  12  25   0 0.00    M    M 11.1 23 330   M    M   1        29 320
10  45  18  32   4  33   0    T    M    M 10.4 22 330   M    M   3 1      27 320
11  37  20  29   1  36   0 0.00    M    M  5.3 22 320   M    M   5        29 320
12  36  14  25  -3  40   0 0.00    M    M 16.7 28 320   M    M   1        36 290
13  47  10  29   0  36   0 0.00    M    M  7.4 21 100   M    M   0        26 100
14  39  26  33   4  32   0 0.01    M    M  7.0 20 310   M    M   8 1      25 310
15  42  26  34   5  31   0 0.01    M    M  4.4 17 340   M    M   8 18     22 320
16  42  22  32   2  33   0    T    M    M  4.0 15  40   M    M   8        17  50
17  46  21  34   4  31   0 0.06    M    M  8.7 29 150   M    M   8        34 150
18  39  19  29  -1  36   0 0.02    M    M  8.9 22 330   M    M   5 18     26 330
19  24   7  16 -14  49   0 0.00    M    M 18.0 36 330   M    M   3 1      45 320
================================================================================
SM  884  453       562   0  0.13    M    138.1          M       87
================================================================================
AV 46.5 23.8                               7.3 FASTST   M    M   5    MAX(MPH)
                                 MISC ---->  # 36 330               # 45  320
================================================================================
NOTES:
# LAST OF SEVERAL OCCURRENCES

COLUMN 17 PEAK WIND IN M.P.H.

PRELIMINARY LOCAL CLIMATOLOGICAL DATA (WS FORM: F-6) , PAGE 2

                                          STATION:  BAKER OR
                                          MONTH:    FEBRUARY
                                          YEAR:     2018
                                          LATITUDE:   44 50 N
                                          LONGITUDE: 117 49 W

[TEMPERATURE DATA]      [PRECIPITATION DATA]       SYMBOLS USED IN COLUMN 16

AVERAGE MONTHLY: 35.2   TOTAL FOR MONTH:   0.13    1 = FOG OR MIST
DPTR FM NORMAL:   7.0   DPTR FM NORMAL:   -0.26    2 = FOG REDUCING VISIBILITY
HIGHEST:    61 ON  8    GRTST 24HR  0.06 ON 17-17      TO 1/4 MILE OR LESS
LOWEST:      7 ON 19                               3 = THUNDER
                        SNOW, ICE PELLETS, HAIL    4 = ICE PELLETS
                        TOTAL MONTH:    M          5 = HAIL
                        GRTST 24HR    M  ON   M    6 = FREEZING RAIN OR DRIZZLE
                        GRTST DEPTH:  M  ON   M    7 = DUSTSTORM OR SANDSTORM:
                                                       VSBY 1/2 MILE OR LESS
                                                   8 = SMOKE OR HAZE
[NO. OF DAYS WITH]      [WEATHER - DAYS WITH]      9 = BLOWING SNOW
                                                   X = TORNADO
MAX 32 OR BELOW:   1    0.01 INCH OR MORE:   7
MAX 90 OR ABOVE:   0    0.10 INCH OR MORE:   0
MIN 32 OR BELOW:  18    0.50 INCH OR MORE:   0
MIN  0 OR BELOW:   0    1.00 INCH OR MORE:   0

[HDD (BASE 65) ]
TOTAL THIS MO.   562    CLEAR  (SCALE 0-3)   8
DPTR FM NORMAL  -136    PTCLDY (SCALE 4-7)   9
TOTAL FM JUL 1  4363    CLOUDY (SCALE 8-10)  2
DPTR FM NORMAL  -858

[CDD (BASE 65) ]
TOTAL THIS MO.     0
DPTR FM NORMAL     0    [PRESSURE DATA]
TOTAL FM JAN 1     0    HIGHEST SLP M ON M
DPTR FM NORMAL     0    LOWEST  SLP 29.58 ON 18

[REMARKS]
