000
CXUS51 KRLX 261141
CF6BKW
PRELIMINARY LOCAL CLIMATOLOGICAL DATA (WS FORM: F-6)

                                          STATION:   BECKLEY WV
                                          MONTH:     MAY
                                          YEAR:      2017
                                          LATITUDE:   37 46 N
                                          LONGITUDE:  81  7 W

  TEMPERATURE IN F:       :PCPN:    SNOW:  WIND      :SUNSHINE: SKY     :PK WND
================================================================================
1   2   3   4   5  6A  6B    7    8   9   10  11  12  13   14  15   16   17  18
                                     12Z  AVG MX 2MIN
DY MAX MIN AVG DEP HDD CDD  WTR  SNW DPTH SPD SPD DIR MIN PSBL S-S WX    SPD DR
================================================================================

 1  75  57  66  10   0   1 0.25  0.0    0 14.8 32 180   M    M   4 1      49 170
 2  66  49  58   1   7   0 0.00  0.0    0 16.5 32 300   M    M   5        42 270
 3  65  41  53  -4  12   0 0.00  0.0    0  7.6 18 280   M    M   1        26 320
 4  60  49  55  -2  10   0 0.05  0.0    0 17.4 26 130   M    M   5        36 180
 5  70  46  58   1   7   0 0.75  0.0    0 10.3 29 230   M    M   7 1      38 240
 6  51  39  45 -13  20   0 0.32  0.0    0 10.4 26 350   M    M  10 1      35 360
 7  56  40  48 -10  17   0 0.01  0.0    0 11.1 25 300   M    M   7        33 280
 8  58  35  47 -11  18   0 0.00  0.0    0  8.7 21 270   M    M   1        26 330
 9  56  42  49  -9  16   0 0.57  0.0    0  3.4 12 220   M    M   9 1      14 210
10  77  55  66   8   0   1 0.18  0.0    0  6.9 17 270   M    M   6 1      22 250
11  72  60  66   7   0   1 0.43  0.0    0  7.4 18 320   M    M   9 1      26 330
12  61  48  55  -4  10   0 1.37  0.0    0  7.1 15 140   M    M  10 1      22 150
13  63  48  56  -3   9   0    T  0.0    0  6.9 16 300   M    M   7 12     22 300
14  75  47  61   2   4   0 0.00  0.0    0 11.2 23 280   M    M   2        34 310
15  74  56  65   5   0   0 0.00  0.0    0  7.5 16 330   M    M   3        20 340
16  83  50  67   7   0   2 0.00  0.0    0  5.1 14 250   M    M   0        21 260
17  85  60  73  13   0   8 0.00  0.0    0  6.1 20 270   M    M   0        23 260
18  82  61  72  12   0   7 0.00  0.0    0  6.9 18 250   M    M   3        26 250
19  73  60  67   7   0   2 0.49  0.0    0  6.2 28 270   M    M   5 1      37 250
20  85  59  72  11   0   7 0.04  0.0    0  5.1 18 130   M    M   5        30 110
21  67  59  63   2   2   0 0.11  0.0    0 10.0 18 130   M    M   9 1      26 130
22  69  52  61   0   4   0    T  0.0    0  6.4 14 300   M    M   5 1      20 330
23  60  50  55  -6  10   0 0.67  0.0    0  6.7 17 120   M    M   7 1      23 110
24  62  54  58  -4   7   0 0.82  0.0    0 11.6 22 130   M    M   9 1      28 120
25  56  52  54  -8  11   0 0.43  0.0    0  9.7 22 270   M    M  10 1      32 290
================================================================================
SM 1701 1269       164  29  6.49     0.0 221.0          M      139
================================================================================
AV 68.0 50.8                               8.8 FASTST   M    M   6    MAX(MPH)
                                 MISC ---->  # 32 180               # 49  170
================================================================================
NOTES:
# LAST OF SEVERAL OCCURRENCES

COLUMN 17 PEAK WIND IN M.P.H.

PRELIMINARY LOCAL CLIMATOLOGICAL DATA (WS FORM: F-6) , PAGE 2

                                          STATION:  BECKLEY WV
                                          MONTH:    MAY
                                          YEAR:     2017
                                          LATITUDE:   37 46 N
                                          LONGITUDE:  81  7 W

[TEMPERATURE DATA]      [PRECIPITATION DATA]       SYMBOLS USED IN COLUMN 16

AVERAGE MONTHLY: 59.4   TOTAL FOR MONTH:   6.49    1 = FOG OR MIST
DPTR FM NORMAL:   0.3   DPTR FM NORMAL:    2.76    2 = FOG REDUCING VISIBILITY
HIGHEST:    85 ON 20,17 GRTST 24HR  1.37 ON 12-12      TO 1/4 MILE OR LESS
LOWEST:     35 ON  8                               3 = THUNDER
                        SNOW, ICE PELLETS, HAIL    4 = ICE PELLETS
                        TOTAL MONTH:   0.0 INCH    5 = HAIL
                        GRTST 24HR     0.0         6 = FREEZING RAIN OR DRIZZLE
                        GRTST DEPTH:   0           7 = DUSTSTORM OR SANDSTORM:
                                                       VSBY 1/2 MILE OR LESS
                                                   8 = SMOKE OR HAZE
[NO. OF DAYS WITH]      [WEATHER - DAYS WITH]      9 = BLOWING SNOW
                                                   X = TORNADO
MAX 32 OR BELOW:   0    0.01 INCH OR MORE:  15
MAX 90 OR ABOVE:   0    0.10 INCH OR MORE:  12
MIN 32 OR BELOW:   0    0.50 INCH OR MORE:   5
MIN  0 OR BELOW:   0    1.00 INCH OR MORE:   1

[HDD (BASE 65) ]
TOTAL THIS MO.   164    CLEAR  (SCALE 0-3)   6
DPTR FM NORMAL    -6    PTCLDY (SCALE 4-7)  12
TOTAL FM JUL 1  4214    CLOUDY (SCALE 8-10)  7
DPTR FM NORMAL -1065

[CDD (BASE 65) ]
TOTAL THIS MO.    29
DPTR FM NORMAL    10    [PRESSURE DATA]
TOTAL FM JAN 1    60    HIGHEST SLP M ON M
DPTR FM NORMAL    31    LOWEST  SLP 29.34 ON  5

[REMARKS]
