000
CXUS53 KIND 270730
CF6BMG
PRELIMINARY LOCAL CLIMATOLOGICAL DATA (WS FORM: F-6)

                                          STATION:   BLOOMINGTON IN
                                          MONTH:     SEPTEMBER
                                          YEAR:      2016
                                          LATITUDE:   39  7 N
                                          LONGITUDE:  86 37 W

  TEMPERATURE IN F:       :PCPN:    SNOW:  WIND      :SUNSHINE: SKY     :PK WND
================================================================================
1   2   3   4   5  6A  6B    7    8   9   10  11  12  13   14  15   16   17  18
                                     12Z  AVG MX 2MIN
DY MAX MIN AVG DEP HDD CDD  WTR  SNW DPTH SPD SPD DIR MIN PSBL S-S WX    SPD DR
================================================================================

 1  79  60  70  -1   0   5 0.00    M    M  9.0 18  30   M    M   3        25  20
 2  79  59  69  -2   0   4 0.00    M    M  9.3 17  60   M    M   2        24  40
 3  81  56  69  -1   0   4 0.00    M    M  4.0 14  90   M    M   2        18  70
 4  82  52  67  -3   0   2 0.00    M    M  3.3 12 100   M    M   0 12     15 130
 5  89  62  76   6   0  11 0.13    M    M  4.6 21 260   M    M   2 3      29 250
 6  87  66  77   8   0  12 0.00    M    M  4.8 15 230   M    M   1 1      20 240
 7  89  69  79  10   0  14 0.00    M    M  6.8 15 230   M    M   1        21 220
 8  86  72  79  10   0  14 2.64    M    M  6.9 18 230   M    M   4 138    25 240
 9  84  71  78  10   0  13 0.00    M    M  5.7 16 240   M    M   6 1      22 240
10  81  61  71   3   0   6 0.14    M    M  7.1 18 290   M    M   5 1      26 250
11  77  54  66  -2   0   1 0.00    M    M  1.9  9  40   M    M   1 1      11 150
12  80  52  66  -1   0   1 0.00    M    M  2.7 12 150   M    M   0 1      15 140
13  83  52  68   1   0   3 0.00    M    M  1.9  9 220   M    M   1 1      12 220
14  86  59  73   7   0   8 0.00    M    M  2.1  9  60   M    M   1 1      13  80
15  84  65  75   9   0  10 0.00    M    M  4.8 10 120   M    M   1        14 110
16  85  66  76  10   0  11 0.63    M    M  5.8 22 250   M    M   1 13     31 270
17  78  68  73   8   0   8 0.45    M    M  4.7 13 290   M    M   5 13     21 230
18  82  61  72   7   0   7 0.00    M    M  0.8  7 300   M    M   4 12     11 340
19  85  55  70   6   0   5 0.00    M    M  0.9  7 260   M    M   2 12      9 260
20  86  56  71   7   0   6 0.00    M    M  1.0  7 160   M    M   0 1      10 150
21  88  56  72   9   0   7 0.00    M    M  1.6  9 110   M    M   0 1      12  70
22  87  57  72   9   0   7 0.00    M    M  1.5  8 130   M    M   0 12     11 100
23  87  61  74  11   0   9 0.00    M    M  1.1  7 260   M    M   1 1      10 260
24  87  60  74  12   0   9 0.00    M    M  2.3  7  90   M    M   1 1      11  30
25  88  64  76  14   0  11    T    M    M  3.9  9 200   M    M   0 1      13 150
26  74  51  63   2   2   0 0.63    M    M  6.1 14 290   M    M   3 13     19 270
================================================================================
SM 2174 1565         2 188  4.62    M    104.6          M       47
================================================================================
AV 83.6 60.2                               4.0 FASTST   M    M   2    MAX(MPH)
                                 MISC ---->  # 22 250               # 31  270
================================================================================
NOTES:
# LAST OF SEVERAL OCCURRENCES

COLUMN 17 PEAK WIND IN M.P.H.

PRELIMINARY LOCAL CLIMATOLOGICAL DATA (WS FORM: F-6) , PAGE 2

                                          STATION:  BLOOMINGTON IN
                                          MONTH:    SEPTEMBER
                                          YEAR:     2016
                                          LATITUDE:   39  7 N
                                          LONGITUDE:  86 37 W

[TEMPERATURE DATA]      [PRECIPITATION DATA]       SYMBOLS USED IN COLUMN 16

AVERAGE MONTHLY: 71.9   TOTAL FOR MONTH:   4.62    1 = FOG OR MIST
DPTR FM NORMAL:   5.5   DPTR FM NORMAL:    1.79    2 = FOG REDUCING VISIBILITY
HIGHEST:    89 ON  7, 5 GRTST 24HR  2.64 ON  8- 8      TO 1/4 MILE OR LESS
LOWEST:     51 ON 26                               3 = THUNDER
                        SNOW, ICE PELLETS, HAIL    4 = ICE PELLETS
                        TOTAL MONTH:    M          5 = HAIL
                        GRTST 24HR    M  ON   M    6 = FREEZING RAIN OR DRIZZLE
                        GRTST DEPTH:  M  ON   M    7 = DUSTSTORM OR SANDSTORM:
                                                       VSBY 1/2 MILE OR LESS
                                                   8 = SMOKE OR HAZE
[NO. OF DAYS WITH]      [WEATHER - DAYS WITH]      9 = BLOWING SNOW
                                                   X = TORNADO
MAX 32 OR BELOW:   0    0.01 INCH OR MORE:   6
MAX 90 OR ABOVE:   0    0.10 INCH OR MORE:   6
MIN 32 OR BELOW:   0    0.50 INCH OR MORE:   3
MIN  0 OR BELOW:   0    1.00 INCH OR MORE:   1

[HDD (BASE 65) ]
TOTAL THIS MO.     2    CLEAR  (SCALE 0-3)  21
DPTR FM NORMAL   -51    PTCLDY (SCALE 4-7)   5
TOTAL FM JUL 1     5    CLOUDY (SCALE 8-10)  0
DPTR FM NORMAL   -55

[CDD (BASE 65) ]
TOTAL THIS MO.   188
DPTR FM NORMAL    96    [PRESSURE DATA]
TOTAL FM JAN 1  1263    HIGHEST SLP M ON M
DPTR FM NORMAL   354    LOWEST  SLP 29.84 ON 10

[REMARKS]
