027
CXUS53 KILX 290900
CF6BMI
PRELIMINARY LOCAL CLIMATOLOGICAL DATA (WS FORM: F-6)

                                          STATION:   BLOOMINGTON IL AIRPORT
                                          MONTH:     APRIL
                                          YEAR:      2017
                                          LATITUDE:   40 28 N
                                          LONGITUDE:  88 56 W

  TEMPERATURE IN F:       :PCPN:    SNOW:  WIND      :SUNSHINE: SKY     :PK WND
================================================================================
1   2   3   4   5  6A  6B    7    8   9   10  11  12  13   14  15   16   17  18
                                     12Z  AVG MX 2MIN
DY MAX MIN AVG DEP HDD CDD  WTR  SNW DPTH SPD SPD DIR MIN PSBL S-S WX    SPD DR
================================================================================

 1  57  34  46   M  19   0 0.00    M    M  6.5 12  20   M    M   0 1       M  M
 2  63  42  53   M  12   0    T    M    M  9.8 17 150   M    M   3        21 130
 3  62  49  56   M   9   0 0.40    M    M 10.7 22 180   M    M   9 13     29 180
 4  54  46  50   M  15   0 0.07    M    M 11.7 17 280   M    M   9 1      20 280
 5  48  39  44   M  21   0 0.94    M    M 21.3 25  10   M    M  10 1      37  80
 6  53  39  46   M  19   0 0.02    M    M 20.8 28 350   M    M   5 1      37 350
 7  57  31  44   M  21   0 0.00    M    M 11.3 20 330   M    M   0        25 330
 8  70  36  53   M  12   0 0.00    M    M 16.3 24 170   M    M   0        32 170
 9  73  53  63   M   2   0 0.00    M    M 22.4 32 200   M    M   1        43 190
10  73  55  64   M   1   0 0.02    M    M 18.7 27 190   M    M   4 3      39 210
11  58  43  51   M  14   0 0.00    M    M  9.2 15 300   M    M   5         M  M
12  67  38  53   M  12   0 0.00    M    M  6.4 13 170   M    M   0         M  M
13  77  47  62   M   3   0    T    M    M  8.5 14  30   M    M   5         M  M
14  81  49  65   M   0   0 0.42    M    M  9.3 15 150   M    M   5 3       M  M
15  80  61  71   M   0   6 0.00    M    M 19.5 29 210   M    M   1        37 220
16  70  56  63   M   2   0 0.29    M    M 12.0 25 200   M    M   5 3      31 200
17  70  49  60   M   5   0 0.00    M    M  6.8 12 120   M    M   2         M  M
18  75  51  63   M   2   0 0.00    M    M 12.9 21 190   M    M   1        28 160
19  80  61  71   M   0   6 0.00    M    M 11.8 17 170   M    M   3         M  M
20  75  48  62   M   3   0 0.02    M    M 18.5 23 290   M    M   4 8      37 240
21  57  43  50   M  15   0 0.00    M    M 13.7 24  40   M    M   2        25  30
22  62  40  51   M  14   0 0.00    M    M 16.3 28  60   M    M   0        36  40
23  72  35  54   M  11   0 0.00    M    M 10.3 18  10   M    M   0        29  10
24  77  42  60   M   5   0 0.00    M    M  9.7 17 120   M    M   0        24 150
25  79  48  64   M   1   0 0.00    M    M 15.6 28 170   M    M   0        37 160
26  73  58  66   M   0   1 0.41    M    M 14.3 22 190   M    M   7 1      24 240
27  58  42  50   M  15   0 0.24    M    0 14.6 24 290   M    M   9 1      36 290
28  57  45  51   M  14   0 0.04    M    0  8.5 14 160   M    M   7 1       M  M
================================================================================
SM 1878 1280       247  13  2.87    M    367.4          M       97
================================================================================
AV 67.1 45.7                              13.1 FASTST   M    M   3    MAX(MPH)
                                 MISC ---->  # 32 200               # 43  190
================================================================================
NOTES:
# LAST OF SEVERAL OCCURRENCES

COLUMN 17 PEAK WIND IN M.P.H.

PRELIMINARY LOCAL CLIMATOLOGICAL DATA (WS FORM: F-6) , PAGE 2

                                          STATION:  BLOOMINGTON IL AIRPORT
                                          MONTH:    APRIL
                                          YEAR:     2017
                                          LATITUDE:   40 28 N
                                          LONGITUDE:  88 56 W

[TEMPERATURE DATA]      [PRECIPITATION DATA]       SYMBOLS USED IN COLUMN 16

AVERAGE MONTHLY: 56.4   TOTAL FOR MONTH:   2.87    1 = FOG OR MIST
DPTR FM NORMAL:     M   DPTR FM NORMAL:       M    2 = FOG REDUCING VISIBILITY
HIGHEST:    81 ON 14    GRTST 24HR  0.94 ON  5- 5      TO 1/4 MILE OR LESS
LOWEST:     31 ON  7                               3 = THUNDER
                        SNOW, ICE PELLETS, HAIL    4 = ICE PELLETS
                        TOTAL MONTH:    M          5 = HAIL
                        GRTST 24HR    M  ON   M    6 = FREEZING RAIN OR DRIZZLE
                        GRTST DEPTH:   0           7 = DUSTSTORM OR SANDSTORM:
                                                       VSBY 1/2 MILE OR LESS
                                                   8 = SMOKE OR HAZE
[NO. OF DAYS WITH]      [WEATHER - DAYS WITH]      9 = BLOWING SNOW
                                                   X = TORNADO
MAX 32 OR BELOW:   0    0.01 INCH OR MORE:  11
MAX 90 OR ABOVE:   0    0.10 INCH OR MORE:   6
MIN 32 OR BELOW:   1    0.50 INCH OR MORE:   1
MIN  0 OR BELOW:   0    1.00 INCH OR MORE:   0

[HDD (BASE 65) ]
TOTAL THIS MO.   247    CLEAR  (SCALE 0-3)  13
DPTR FM NORMAL     M    PTCLDY (SCALE 4-7)  11
TOTAL FM JUL 1  4285    CLOUDY (SCALE 8-10)  4
DPTR FM NORMAL     M

[CDD (BASE 65) ]
TOTAL THIS MO.    13
DPTR FM NORMAL     M    [PRESSURE DATA]
TOTAL FM JAN 1    13    HIGHEST SLP M ON M
DPTR FM NORMAL     M    LOWEST  SLP M ON M

[REMARKS]
