000
CXUS55 KOHX 271010
CF6BNA
PRELIMINARY LOCAL CLIMATOLOGICAL DATA (WS FORM: F-6)

                                          STATION:   NASHVILLE
                                          MONTH:     JULY
                                          YEAR:      2017
                                          LATITUDE:   36  7 N
                                          LONGITUDE:  86 41 W

  TEMPERATURE IN F:       :PCPN:    SNOW:  WIND      :SUNSHINE: SKY     :PK WND
================================================================================
1   2   3   4   5  6A  6B    7    8   9   10  11  12  13   14  15   16   17  18
                                     12Z  AVG MX 2MIN
DY MAX MIN AVG DEP HDD CDD  WTR  SNW DPTH SPD SPD DIR MIN PSBL S-S WX    SPD DR
================================================================================

 1  92  71  82   3   0  17 0.28  0.0    0  5.2 32 360   M    M   6 13     39 360
 2  86  70  78  -1   0  13 0.06  0.0    0  4.2 15 190   M    M   7 13     20 180
 3  88  70  79   0   0  14 0.48  0.0    0  5.6 13 180   M    M   9 123    32 320
 4  87  70  79   0   0  14 0.01  0.0    0  5.9 15 280   M    M   7 1      23 260
 5  82  71  77  -2   0  12 1.13  0.0    0  4.7 25 290   M    M   9 138    37 290
 6  91  70  81   2   0  16 0.53  0.0    0  7.4 14 250   M    M   7 13     21 250
 7  90  72  81   2   0  16 0.00  0.0    0  4.3 12 230   M    M   6 1      17 230
 8  91  69  80   1   0  15    T  0.0    0  5.2 16 300   M    M   5 8      23 290
 9  91  65  78  -1   0  13 0.00  0.0    0  3.6 13  20   M    M   2        16  10
10  93  68  81   2   0  16 0.00  0.0    0  4.7 12 190   M    M   2        15 190
11  95  68  82   3   0  17 0.00  0.0    0  5.0 13 190   M    M   4 8      16 190
12  94  72  83   3   0  18 0.00  0.0    0  5.4 15 180   M    M   3        18 170
13  93  75  84   4   0  19    T  0.0    0  5.3 13 200   M    M   3 3      17 190
14  91  76  84   4   0  19 0.06  0.0    0  4.3 17 170   M    M   7 3      21 280
15  86  71  79  -1   0  14 1.55  0.0    0  4.1 20 360   M    M   7 13     22 360
16  91  71  81   1   0  16 0.00  0.0    0  5.2 14  10   M    M   4        23 320
17  92  67  80   0   0  15 0.00  0.0    0  3.5 12 330   M    M   2        19 290
18  94  69  82   2   0  17 0.00  0.0    0  2.6 10 320   M    M   3 8      16 310
19  96  74  85   5   0  20 0.02  0.0    0  3.7 24  70   M    M   5 13     31  60
20  97  73  85   5   0  20 0.00  0.0    0  2.9 13 290   M    M   5 1      19 280
21  98  74  86   6   0  21 0.00  0.0    0  2.1  9 180   M    M   5 18     12 270
22  98  76  87   7   0  22 0.00  0.0    0  5.2 12 230   M    M   3 18     15 250
23  96  73  85   5   0  20 0.00  0.0    0  6.3 14 190   M    M   6 3      19 270
24  94  70  82   2   0  17 0.00  0.0    0  3.5 10 180   M    M   8        13 180
25  96  76  86   6   0  21 0.00  0.0    0  3.7 13 220   M    M   5 3      18 220
26  96  75  86   6   0  21 0.00  0.0    0  3.8 14 180   M    M   4 13     17 190
================================================================================
SM 2398 1856         0 443  4.12     0.0 117.4          M      134
================================================================================
AV 92.2 71.4                               4.5 FASTST   M    M   5    MAX(MPH)
                                 MISC ---->  # 32 360               # 39  360
================================================================================
NOTES:
# LAST OF SEVERAL OCCURRENCES

COLUMN 17 PEAK WIND IN M.P.H.

PRELIMINARY LOCAL CLIMATOLOGICAL DATA (WS FORM: F-6) , PAGE 2

                                          STATION:  NASHVILLE
                                          MONTH:    JULY
                                          YEAR:     2017
                                          LATITUDE:   36  7 N
                                          LONGITUDE:  86 41 W

[TEMPERATURE DATA]      [PRECIPITATION DATA]       SYMBOLS USED IN COLUMN 16

AVERAGE MONTHLY: 81.8   TOTAL FOR MONTH:   4.12    1 = FOG OR MIST
DPTR FM NORMAL:   2.2   DPTR FM NORMAL:    1.01    2 = FOG REDUCING VISIBILITY
HIGHEST:    98 ON 22,21 GRTST 24HR  1.57 ON 14-15      TO 1/4 MILE OR LESS
LOWEST:     65 ON  9                               3 = THUNDER
                        SNOW, ICE PELLETS, HAIL    4 = ICE PELLETS
                        TOTAL MONTH:   0.0 INCH    5 = HAIL
                        GRTST 24HR     0.0         6 = FREEZING RAIN OR DRIZZLE
                        GRTST DEPTH:   0           7 = DUSTSTORM OR SANDSTORM:
                                                       VSBY 1/2 MILE OR LESS
                                                   8 = SMOKE OR HAZE
[NO. OF DAYS WITH]      [WEATHER - DAYS WITH]      9 = BLOWING SNOW
                                                   X = TORNADO
MAX 32 OR BELOW:   0    0.01 INCH OR MORE:   9
MAX 90 OR ABOVE:  21    0.10 INCH OR MORE:   5
MIN 32 OR BELOW:   0    0.50 INCH OR MORE:   3
MIN  0 OR BELOW:   0    1.00 INCH OR MORE:   2

[HDD (BASE 65) ]
TOTAL THIS MO.     0    CLEAR  (SCALE 0-3)   6
DPTR FM NORMAL     0    PTCLDY (SCALE 4-7)  18
TOTAL FM JUL 1     0    CLOUDY (SCALE 8-10)  2
DPTR FM NORMAL     0

[CDD (BASE 65) ]
TOTAL THIS MO.   443
DPTR FM NORMAL    65    [PRESSURE DATA]
TOTAL FM JAN 1  1106    HIGHEST SLP  0.00 ON M
DPTR FM NORMAL   225    LOWEST  SLP 29.83 ON 23

[REMARKS]
