000
CXUS51 KBOX 221200
CF6BOS
PRELIMINARY LOCAL CLIMATOLOGICAL DATA (WS FORM: F-6)

                                          STATION:   BOSTON MA
                                          MONTH:     MARCH
                                          YEAR:      2017
                                          LATITUDE:   42 22 N
                                          LONGITUDE:  71  2 W

  TEMPERATURE IN F:       :PCPN:    SNOW:  WIND      :SUNSHINE: SKY     :PK WND
================================================================================
1   2   3   4   5  6A  6B    7    8   9   10  11  12  13   14  15   16   17  18
                                     12Z  AVG MX 2MIN
DY MAX MIN AVG DEP HDD CDD  WTR  SNW DPTH SPD SPD DIR MIN PSBL S-S WX    SPD DR
================================================================================

 1  63  48  56  22   9   0 0.02  0.0    M 14.6 26 230   M    M  10 1      35 250
 2  58  31  45  10  20   0 0.00  0.0    M 21.8 40 290   M    M   4        53 290
 3  36  20  28  -7  37   0    T  0.1    M 14.5 30 300   M    M   4 1      42 290
 4  21  10  16 -19  49   0    T    T    M 19.5 31 320   M    M   3 1      42 280
 5  32   9  21 -14  44   0 0.00  0.0    M 17.6 29 300   M    M   0        39 320
 6  37  16  27  -9  38   0 0.00  0.0    M  8.0 16 320   M    M   3        19 330
 7  48  30  39   3  26   0 0.02  0.0    M  9.7 21 190   M    M   9        24 180
 8  57  43  50  14  15   0 0.05  0.0    M 14.3 26 270   M    M   7 1      34 250
 9  51  38  45   9  20   0 0.00  0.0    M 17.9 37 270   M    M   2        50 270
10  38  23  31  -6  34   0 0.20  2.6    M  8.3 28 310   M    M  10 128    37 280
11  23  10  17 -20  48   0 0.02  0.2    M 19.4 32 300   M    M   4 189    41 300
12  27   9  18 -19  47   0 0.00  0.0    M 16.5 25 260   M    M   2        33 290
13  34  14  24 -13  41   0 0.00  0.0    M 10.6 22 290   M    M   4        28 300
14  38  27  33  -5  32   0 1.62  6.6    M 23.8 45  40   M    M  10 1256   57  40
15  28  19  24 -14  41   0 0.00  0.0    M 19.4 26 270   M    M   4        38 250
16  35  22  29  -9  36   0 0.00  0.0    M 16.2 25 270   M    M   3        33 260
17  42  27  35  -3  30   0 0.00  0.0    M  9.6 18 310   M    M   3        25 290
18  36  24  30  -9  35   0 0.00  0.0    M 11.6 17  50   M    M   4        21  60
19  38  31  35  -4  30   0 0.01    T    M 16.0 29  40   M    M   9 1      37  30
20  53  32  43   4  22   0 0.00  0.0    M 11.5 25  20   M    M   3        32  20
21  53  40  47   7  18   0 0.00  0.0    M  9.0 15 290   M    M   5        24 280
================================================================================
SM  848  523       672   0  1.94     9.5 309.8          M      103
================================================================================
AV 40.4 24.9                              14.8 FASTST   M    M   5    MAX(MPH)
                                 MISC ---->  # 45  40               # 57   40
================================================================================
NOTES:
# LAST OF SEVERAL OCCURRENCES

COLUMN 17 PEAK WIND IN M.P.H.

PRELIMINARY LOCAL CLIMATOLOGICAL DATA (WS FORM: F-6) , PAGE 2

                                          STATION:  BOSTON MA
                                          MONTH:    MARCH
                                          YEAR:     2017
                                          LATITUDE:   42 22 N
                                          LONGITUDE:  71  2 W

[TEMPERATURE DATA]      [PRECIPITATION DATA]       SYMBOLS USED IN COLUMN 16

AVERAGE MONTHLY: 32.6   TOTAL FOR MONTH:   1.94    1 = FOG OR MIST
DPTR FM NORMAL:  -4.2   DPTR FM NORMAL:   -0.91    2 = FOG REDUCING VISIBILITY
HIGHEST:    63 ON  1    GRTST 24HR  1.62 ON 14-14      TO 1/4 MILE OR LESS
LOWEST:      9 ON 12, 5                            3 = THUNDER
                        SNOW, ICE PELLETS, HAIL    4 = ICE PELLETS
                        TOTAL MONTH:   9.5 INCHES  5 = HAIL
                        GRTST 24HR   6.6 ON   M    6 = FREEZING RAIN OR DRIZZLE
                        GRTST DEPTH:  M  ON   M    7 = DUSTSTORM OR SANDSTORM:
                                                       VSBY 1/2 MILE OR LESS
                                                   8 = SMOKE OR HAZE
[NO. OF DAYS WITH]      [WEATHER - DAYS WITH]      9 = BLOWING SNOW
                                                   X = TORNADO
MAX 32 OR BELOW:   5    0.01 INCH OR MORE:   7
MAX 90 OR ABOVE:   0    0.10 INCH OR MORE:   2
MIN 32 OR BELOW:  17    0.50 INCH OR MORE:   1
MIN  0 OR BELOW:   0    1.00 INCH OR MORE:   1

[HDD (BASE 65) ]
TOTAL THIS MO.   672    CLEAR  (SCALE 0-3)   5
DPTR FM NORMAL    81    PTCLDY (SCALE 4-7)  11
TOTAL FM JUL 1  4211    CLOUDY (SCALE 8-10)  5
DPTR FM NORMAL  -422

[CDD (BASE 65) ]
TOTAL THIS MO.     0
DPTR FM NORMAL     0    [PRESSURE DATA]
TOTAL FM JAN 1     0    HIGHEST SLP M ON M
DPTR FM NORMAL     0    LOWEST  SLP 28.85 ON 14

[REMARKS]
