000
CXUS55 KRIW 260945
CF6BPI
PRELIMINARY LOCAL CLIMATOLOGICAL DATA (WS FORM: F-6)

                                          STATION:   BIG PINEY  WY
                                          MONTH:     FEBRUARY
                                          YEAR:      2017
                                          LATITUDE:   42 34 N
                                          LONGITUDE: 110  6 W

  TEMPERATURE IN F:       :PCPN:    SNOW:  WIND      :SUNSHINE: SKY     :PK WND
================================================================================
1   2   3   4   5  6A  6B    7    8   9   10  11  12  13   14  15   16   17  18
                                     12Z  AVG MX 2MIN
DY MAX MIN AVG DEP HDD CDD  WTR  SNW DPTH SPD SPD DIR MIN PSBL S-S WX    SPD DR
================================================================================

 1  33  11  22  11  43   0 0.00  0.0    M  8.2 21 170   M    M   8        24  50
 2  16   6  11   0  54   0    T    M    M  2.0 12  40   M    M   9 1      13  40
 3  24   7  16   4  49   0    T    M    M  1.7 13  20   M    M  10 12     13  20
 4  37  10  24  12  41   0 0.13    M    M  8.2 22 280   M    M   8 12     28 280
 5  34  20  27  15  38   0    T    M    M  5.4 17 180   M    M   8 1      20 180
 6  35  19  27  15  38   0 0.01    M    M 12.2 35 280   M    M   7 1      39 290
 7  38  26  32  20  33   0 0.25    M    M 12.1 45 300   M    M   9 12     53 310
 8  38  22  30  18  35   0    T    M    M  9.9 30 310   M    M   7        39 310
 9  43  19  31  18  34   0    T    M    M  6.9 25 190   M    M   6        33 190
10  42  30  36  23  29   0 0.10    M    M  6.5 26 280   M    M   9        35 300
11  33   2  18   5  47   0    T    M    M  7.4 24 350   M    M   1        26 350
12  19  -7   6  -7  59   0 0.00  0.0    M  2.2 10 330   M    M   0        12 330
13  19  -9   5  -9  60   0 0.00  0.0    M  2.9  9 340   M    M   0        10 350
14  24  -5  10  -4  55   0 0.00  0.0    M  1.9  9 350   M    M   0         9 350
15  23  -5   9  -5  56   0 0.00  0.0    M  1.9  7 340   M    M   0         7 340
16  25  -6  10  -5  55   0 0.00  0.0    M  3.6 15  70   M    M   3        16  80
17  29   5  17   2  48   0 0.06    M    M  4.4 13  70   M    M   3        14 350
18  35  21  28  13  37   0    T    M    M  3.2 12 130   M    M   8        12 130
19  38  11  25   9  40   0 0.01    M    0  8.1 35 300   M    M   6        41 300
20  32   8  20   4  45   0    T    M    M  6.4 14 190   M    M   6        17 190
21  39  24  32  15  33   0 0.11    M    M 15.4 36 250   M    M  10        42 260
22  29  17  23   6  42   0 0.00  0.0    M  6.8 18 240   M    M   5        19 240
23  27  17  22   5  43   0 0.01    M    M 11.4 26 340   M    M   9        32 350
24  21  -6   8 -10  57   0    T    M    M  4.8 18 230   M    M   6        20 230
25  12 -11   1 -17  64   0    T    M    M  4.1 15 340   M    M   1        16 340
================================================================================
SM  745  226      1135   0  0.68     0.0 157.6          M      139
================================================================================
AV 29.8  9.0                               6.3 FASTST   M    M   6    MAX(MPH)
                                 MISC ---->  # 45 300               # 53  310
================================================================================
NOTES:
# LAST OF SEVERAL OCCURRENCES

COLUMN 17 PEAK WIND IN M.P.H.

PRELIMINARY LOCAL CLIMATOLOGICAL DATA (WS FORM: F-6) , PAGE 2

                                          STATION:  BIG PINEY  WY
                                          MONTH:    FEBRUARY
                                          YEAR:     2017
                                          LATITUDE:   42 34 N
                                          LONGITUDE: 110  6 W

[TEMPERATURE DATA]      [PRECIPITATION DATA]       SYMBOLS USED IN COLUMN 16

AVERAGE MONTHLY: 19.4   TOTAL FOR MONTH:   0.68    1 = FOG OR MIST
DPTR FM NORMAL:   5.3   DPTR FM NORMAL:    0.37    2 = FOG REDUCING VISIBILITY
HIGHEST:    43 ON  9    GRTST 24HR  0.27 ON  6- 7      TO 1/4 MILE OR LESS
LOWEST:    -11 ON 25                               3 = THUNDER
                        SNOW, ICE PELLETS, HAIL    4 = ICE PELLETS
                        TOTAL MONTH:   0.0 INCH    5 = HAIL
                        GRTST 24HR     0.0         6 = FREEZING RAIN OR DRIZZLE
                        GRTST DEPTH:   0           7 = DUSTSTORM OR SANDSTORM:
                                                       VSBY 1/2 MILE OR LESS
                                                   8 = SMOKE OR HAZE
[NO. OF DAYS WITH]      [WEATHER - DAYS WITH]      9 = BLOWING SNOW
                                                   X = TORNADO
MAX 32 OR BELOW:  13    0.01 INCH OR MORE:   8
MAX 90 OR ABOVE:   0    0.10 INCH OR MORE:   4
MIN 32 OR BELOW:  25    0.50 INCH OR MORE:   0
MIN  0 OR BELOW:   7    1.00 INCH OR MORE:   0

[HDD (BASE 65) ]
TOTAL THIS MO.  1135    CLEAR  (SCALE 0-3)   7
DPTR FM NORMAL  -138    PTCLDY (SCALE 4-7)  11
TOTAL FM JUL 1  7236    CLOUDY (SCALE 8-10)  7
DPTR FM NORMAL  -150

[CDD (BASE 65) ]
TOTAL THIS MO.     0
DPTR FM NORMAL     0    [PRESSURE DATA]
TOTAL FM JAN 1     0    HIGHEST SLP M ON M
DPTR FM NORMAL     0    LOWEST  SLP 29.54 ON  7

[REMARKS]
