000
CXUS55 KRIW 230903
CF6BPI
PRELIMINARY LOCAL CLIMATOLOGICAL DATA (WS FORM: F-6)

                                          STATION:   BIG PINEY  WY
                                          MONTH:     MAY
                                          YEAR:      2015
                                          LATITUDE:   42 34 N
                                          LONGITUDE: 110  6 W

  TEMPERATURE IN F:       :PCPN:    SNOW:  WIND      :SUNSHINE: SKY     :PK WND
================================================================================
1   2   3   4   5  6A  6B    7    8   9   10  11  12  13   14  15   16   17  18
                                     12Z  AVG MX 2MIN
DY MAX MIN AVG DEP HDD CDD  WTR  SNW DPTH SPD SPD DIR MIN PSBL S-S WX    SPD DR
================================================================================

 1  69  24  47   6  18   0 0.00  0.0    M  6.5 21 300   M    M   0        24 280
 2  71  29  50   8  15   0    T    M    M 10.1 44 330   M    M   2        53 330
 3  64  32  48   6  17   0 0.04    M    M  6.5 31 300   M    M   5 3      39 300
 4  62  30  46   4  19   0 0.00  0.0    M  5.2 17 200   M    M   2        20 200
 5  64  32  48   6  17   0 0.01    M    M  5.6 21 200   M    M   6 3      26 210
 6  64  38  51   8  14   0 0.53    M    M 11.5 28 150   M    M   7 1      33 150
 7  55  36  46   3  19   0 0.34    M    M 11.9 26 140   M    M   9 13     33 150
 8  54  34  44   1  21   0 0.04    M    M  7.4 29 140   M    M   8 1      37 140
 9  44  33  39  -5  26   0 0.04    M    M  9.1 21 190   M    M  10 1      25 190
10  40  31  36  -8  29   0 0.33    M    M  9.4 23  20   M    M  10 13     28  20
11  55  27  41  -3  24   0    T    M    M  5.6 14 190   M    M   5        19 160
12  66  32  49   4  16   0 0.00  0.0    0  9.1 31 180   M    M   4        40 200
13  66  35  51   6  14   0    T    M    M  7.8 29 220   M    M   1        37 210
14  62  34  48   3  17   0    T    M    M  8.4 37 160   M    M   6 3      45 170
15  52  32  42  -4  23   0 0.01    M    M  8.3 24 240   M    M   6        30 230
16  51  25  38  -8  27   0 0.01    M    M  8.5 24 220   M    M   5        28 220
17  54  29  42  -4  23   0 0.00  0.0    0  5.4 15  20   M    M   6        19  20
18  58  39  49   3  16   0    T    M    M  8.3 24 140   M    M   9 1      30 140
19  43  34  39  -8  26   0 0.23    M    M  6.0 17 150   M    M  10 1      23 150
20  51  34  43  -4  22   0    T    M    M  6.7 17 140   M    M   9 1      21 140
21  60  38  49   2  16   0    T    M    M  5.0 28 190   M    M   7        37 190
22  58  41  50   2  15   0 0.11    M    M  5.5 26  90   M    M   9 1      33  90
================================================================================
SM 1263  719       434   0  1.69     0.0 167.8          M      136
================================================================================
AV 57.4 32.7                               7.6 FASTST   M    M   6    MAX(MPH)
                                 MISC ---->  # 44 330               # 53  330
================================================================================
NOTES:
# LAST OF SEVERAL OCCURRENCES

COLUMN 17 PEAK WIND IN M.P.H.

PRELIMINARY LOCAL CLIMATOLOGICAL DATA (WS FORM: F-6) , PAGE 2

                                          STATION:  BIG PINEY  WY
                                          MONTH:    MAY
                                          YEAR:     2015
                                          LATITUDE:   42 34 N
                                          LONGITUDE: 110  6 W

[TEMPERATURE DATA]      [PRECIPITATION DATA]       SYMBOLS USED IN COLUMN 16

AVERAGE MONTHLY: 45.0   TOTAL FOR MONTH:   1.69    1 = FOG OR MIST
DPTR FM NORMAL:   0.6   DPTR FM NORMAL:    1.10    2 = FOG REDUCING VISIBILITY
HIGHEST:    71 ON  2    GRTST 24HR  0.87 ON  6- 7      TO 1/4 MILE OR LESS
LOWEST:     24 ON  1                               3 = THUNDER
                        SNOW, ICE PELLETS, HAIL    4 = ICE PELLETS
                        TOTAL MONTH:   0.0 INCH    5 = HAIL
                        GRTST 24HR     0.0         6 = FREEZING RAIN OR DRIZZLE
                        GRTST DEPTH:   0           7 = DUSTSTORM OR SANDSTORM:
                                                       VSBY 1/2 MILE OR LESS
                                                   8 = SMOKE OR HAZE
[NO. OF DAYS WITH]      [WEATHER - DAYS WITH]      9 = BLOWING SNOW
                                                   X = TORNADO
MAX 32 OR BELOW:   0    0.01 INCH OR MORE:  11
MAX 90 OR ABOVE:   0    0.10 INCH OR MORE:   5
MIN 32 OR BELOW:  11    0.50 INCH OR MORE:   1
MIN  0 OR BELOW:   0    1.00 INCH OR MORE:   0

[HDD (BASE 65) ]
TOTAL THIS MO.   434    CLEAR  (SCALE 0-3)   4
DPTR FM NORMAL   -18    PTCLDY (SCALE 4-7)  10
TOTAL FM JUL 1  8244    CLOUDY (SCALE 8-10)  8
DPTR FM NORMAL -1739

[CDD (BASE 65) ]
TOTAL THIS MO.     0
DPTR FM NORMAL     0    [PRESSURE DATA]
TOTAL FM JAN 1     0    HIGHEST SLP M ON M
DPTR FM NORMAL     0    LOWEST  SLP 29.52 ON  6

[REMARKS]
