846
CXUS54 KLZK 291130
CF6BPK
PRELIMINARY LOCAL CLIMATOLOGICAL DATA (WS FORM: F-6)

                                          STATION:   Mountain Home Airport
                                          MONTH:     APRIL
                                          YEAR:      2016
                                          LATITUDE:   36 22 N
                                          LONGITUDE:  92 28 W

  TEMPERATURE IN F:       :PCPN:    SNOW:  WIND      :SUNSHINE: SKY     :PK WND
================================================================================
1   2   3   4   5  6A  6B    7    8   9   10  11  12  13   14  15   16   17  18
                                     12Z  AVG MX 2MIN
DY MAX MIN AVG DEP HDD CDD  WTR  SNW DPTH SPD SPD DIR MIN PSBL S-S WX    SPD DR
================================================================================

 1  57  42  50  -4  15   0 0.00    M    M  6.1 13 320   M    M   1        23 310
 2  67  36  52  -2  13   0 0.00    M    M  6.0 16 330   M    M   0        27 300
 3  75  38  57   2   8   0 0.00    M    M  6.6 18 220   M    M   0        25 210
 4  79  55  67  12   0   2 0.00    M    M  6.6 13  50   M    M   0        20  70
 5  69  47  58   3   7   0 0.00    M    M  9.5 18 120   M    M   0 8      25 140
 6  70  47  59   3   6   0 0.15    M    M  7.5 18 230   M    M   2 1      31 310
 7  71  47  59   3   6   0 0.00    M    M  7.3 18 310   M    M   1        31 270
 8  64  42  53  -3  12   0    T    M    M  5.8 20 330   M    M   0        33 350
 9  66  38  52  -5  13   0 0.00    M    M  6.8 16 130   M    M   1        22 130
10  76  48  62   5   3   0 0.06    M    M 10.1 22 210   M    M   6 1      33 210
11  68  49  59   2   6   0 0.30    M    M  4.7 15 210   M    M   4 13     25 350
12  64  40  52  -6  13   0 0.00    M    M  4.1 12 100   M    M   0        18  90
13  56  40  48 -10  17   0 0.02    M    M  1.4  8 150   M    M   3 8      11 150
14  73  43  58   0   7   0 0.00    M    M  3.6 13  90   M    M   8        19 130
15  71  56  64   6   1   0    T    M    M  8.0 16 110   M    M   8 1      23 120
16  65  59  62   3   3   0 0.00    M    M  6.9 15 110   M    M   9        19 100
17  77  58  68   9   0   3 0.00    M    M  7.4 17 120   M    M   5        24 150
18  78  56  67   8   0   2 0.09    M    M  6.0 18 150   M    M   6 1      27 180
19  66  57  62   2   3   0 0.02    M    M  4.8 12 110   M    M  10 1      16 130
20  70  55  63   3   2   0 0.05    M    M  2.4  9 160   M    M   7 1      13 160
21  76  49  63   3   2   0 0.00    M    M  2.7 13 310   M    M   3 12     20 320
22  77  50  64   3   1   0 0.00    M    M  3.3 10 330   M    M   3        17 320
23  80  49  65   4   0   0 0.00    M    M  3.5 10 150   M    M   0 1      14 140
24  80  54  67   6   0   2 0.00    M    M  7.3 18 170   M    M   1        25 200
25  79  54  67   5   0   2 0.00    M    M  5.9 16 200   M    M   3        23 180
26  79  63  71   9   0   6    T    M    M  7.7 16  60   M    M   6        24  80
27  79  56  68   6   0   3 0.38    M    M  6.4 16 190   M    M   1 13     25 300
28  77  51  64   2   1   0 0.00    M    M  2.7 10 270   M    M   0        17 280
================================================================================
SM 2009 1379       139  20  1.07    M    161.1          M       88
================================================================================
AV 71.8 49.2                               5.8 FASTST   M    M   3    MAX(MPH)
                                 MISC ---->  # 22 210               # 33  350
================================================================================
NOTES:
# LAST OF SEVERAL OCCURRENCES

COLUMN 17 PEAK WIND IN M.P.H.

PRELIMINARY LOCAL CLIMATOLOGICAL DATA (WS FORM: F-6) , PAGE 2

                                          STATION:  Mountain Home Airport
                                          MONTH:    APRIL
                                          YEAR:     2016
                                          LATITUDE:   36 22 N
                                          LONGITUDE:  92 28 W

[TEMPERATURE DATA]      [PRECIPITATION DATA]       SYMBOLS USED IN COLUMN 16

AVERAGE MONTHLY: 60.5   TOTAL FOR MONTH:   1.07    1 = FOG OR MIST
DPTR FM NORMAL:   2.2   DPTR FM NORMAL:   -3.06    2 = FOG REDUCING VISIBILITY
HIGHEST:    80 ON 24,23 GRTST 24HR  0.38 ON 26-27      TO 1/4 MILE OR LESS
LOWEST:     36 ON  2                               3 = THUNDER
                        SNOW, ICE PELLETS, HAIL    4 = ICE PELLETS
                        TOTAL MONTH:    M          5 = HAIL
                        GRTST 24HR    M  ON   M    6 = FREEZING RAIN OR DRIZZLE
                        GRTST DEPTH:  M  ON   M    7 = DUSTSTORM OR SANDSTORM:
                                                       VSBY 1/2 MILE OR LESS
                                                   8 = SMOKE OR HAZE
[NO. OF DAYS WITH]      [WEATHER - DAYS WITH]      9 = BLOWING SNOW
                                                   X = TORNADO
MAX 32 OR BELOW:   0    0.01 INCH OR MORE:   8
MAX 90 OR ABOVE:   0    0.10 INCH OR MORE:   3
MIN 32 OR BELOW:   0    0.50 INCH OR MORE:   0
MIN  0 OR BELOW:   0    1.00 INCH OR MORE:   0

[HDD (BASE 65) ]
TOTAL THIS MO.   139    CLEAR  (SCALE 0-3)  17
DPTR FM NORMAL   -78    PTCLDY (SCALE 4-7)   9
TOTAL FM JUL 1  3075    CLOUDY (SCALE 8-10)  2
DPTR FM NORMAL  -651

[CDD (BASE 65) ]
TOTAL THIS MO.    20
DPTR FM NORMAL    -8    [PRESSURE DATA]
TOTAL FM JAN 1    26    HIGHEST SLP M ON M
DPTR FM NORMAL   -11    LOWEST  SLP 29.58 ON 27

[REMARKS]
