000
CXUS54 KLZK 221130
CF6BPK
PRELIMINARY LOCAL CLIMATOLOGICAL DATA (WS FORM: F-6)

                                          STATION:   Mountain Home Airport
                                          MONTH:     OCTOBER
                                          YEAR:      2017
                                          LATITUDE:   36 22 N
                                          LONGITUDE:  92 28 W

  TEMPERATURE IN F:       :PCPN:    SNOW:  WIND      :SUNSHINE: SKY     :PK WND
================================================================================
1   2   3   4   5  6A  6B    7    8   9   10  11  12  13   14  15   16   17  18
                                     12Z  AVG MX 2MIN
DY MAX MIN AVG DEP HDD CDD  WTR  SNW DPTH SPD SPD DIR MIN PSBL S-S WX    SPD DR
================================================================================

 1  82  52  67   3   0   2 0.00    M    M  6.1 13 150   M    M   0        18 170
 2  85  64  75  11   0  10 0.00    M    M  8.4 17 150   M    M   3        25 140
 3  74  67  71   7   0   6 0.27    M    M  5.4 10 180   M    M   9 13     14 150
 4  80  65  73  10   0   8 0.02    M    M  3.0  9 240   M    M   5 12     13 230
 5  86  66  76  13   0  11 0.00    M    M  2.5  9 170   M    M   4 12     12 220
 6  85  65  75  13   0  10 0.00    M    M  5.4 15 190   M    M   0        21 200
 7  81  60  71   9   0   6    T    M    M  6.6 21 230   M    M   2        29 270
 8  86  57  72  10   0   7 0.00    M    M  4.3 10 160   M    M   3 1      13 150
 9  90  61  76  14   0  11 0.00    M    M  3.1 13 190   M    M   5 12     19 180
10  77  50  64   3   1   0    T    M    M  5.4 13 330   M    M   5 1      25 350
11  59  47  53  -8  12   0 0.00    M    M  3.3  9  10   M    M   6        16 360
12  78  45  62   1   3   0 0.00    M    M  4.1  9 110   M    M   3 12     13 210
13  88  56  72  12   0   7 0.00    M    M  6.0 14 170   M    M   0        20 170
14  90  62  76  16   0  11 0.00    M    M  8.0 17 220   M    M   0        25 250
15  77  46  62   2   3   0 0.63    M    M  6.2  9 330   M    M   4 1      22 360
16  68  41  55  -5  10   0 0.00    M    M  1.5 10  90   M    M   0        17  70
17  70  39  55  -4  10   0 0.00    M    M  2.9 10 200   M    M   0        17 220
18  78  43  61   2   4   0 0.00    M    M  4.7 13 200   M    M   0        19 180
19  82  48  65   6   0   0 0.00  0.0    0  3.4  9 190   M    M   0        12 200
20  74  49  62   3   3   0    T  0.0    0  5.1 15 200   M    M   1        20 180
21  74  60  67   9   0   2 0.00  0.0    0  8.1 17 200   M    M   6        28 200
================================================================================
SM 1664 1143        46  91  0.92     0.0 103.5          M       56
================================================================================
AV 79.2 54.4                               4.9 FASTST   M    M   3    MAX(MPH)
                                 MISC ---->  # 21 230               # 29  270
================================================================================
NOTES:
# LAST OF SEVERAL OCCURRENCES

COLUMN 17 PEAK WIND IN M.P.H.

PRELIMINARY LOCAL CLIMATOLOGICAL DATA (WS FORM: F-6) , PAGE 2

                                          STATION:  Mountain Home Airport
                                          MONTH:    OCTOBER
                                          YEAR:     2017
                                          LATITUDE:   36 22 N
                                          LONGITUDE:  92 28 W

[TEMPERATURE DATA]      [PRECIPITATION DATA]       SYMBOLS USED IN COLUMN 16

AVERAGE MONTHLY: 66.8   TOTAL FOR MONTH:   0.92    1 = FOG OR MIST
DPTR FM NORMAL:   5.7   DPTR FM NORMAL:   -1.76    2 = FOG REDUCING VISIBILITY
HIGHEST:    90 ON 14, 9 GRTST 24HR  0.63 ON 15-15      TO 1/4 MILE OR LESS
LOWEST:     39 ON 17                               3 = THUNDER
                        SNOW, ICE PELLETS, HAIL    4 = ICE PELLETS
                        TOTAL MONTH:   0.0 INCH    5 = HAIL
                        GRTST 24HR     0.0         6 = FREEZING RAIN OR DRIZZLE
                        GRTST DEPTH:   0           7 = DUSTSTORM OR SANDSTORM:
                                                       VSBY 1/2 MILE OR LESS
                                                   8 = SMOKE OR HAZE
[NO. OF DAYS WITH]      [WEATHER - DAYS WITH]      9 = BLOWING SNOW
                                                   X = TORNADO
MAX 32 OR BELOW:   0    0.01 INCH OR MORE:   3
MAX 90 OR ABOVE:   2    0.10 INCH OR MORE:   2
MIN 32 OR BELOW:   0    0.50 INCH OR MORE:   1
MIN  0 OR BELOW:   0    1.00 INCH OR MORE:   0

[HDD (BASE 65) ]
TOTAL THIS MO.    46    CLEAR  (SCALE 0-3)  12
DPTR FM NORMAL   -71    PTCLDY (SCALE 4-7)   8
TOTAL FM JUL 1    50    CLOUDY (SCALE 8-10)  1
DPTR FM NORMAL   -97

[CDD (BASE 65) ]
TOTAL THIS MO.    91
DPTR FM NORMAL    57    [PRESSURE DATA]
TOTAL FM JAN 1  1495    HIGHEST SLP M ON M
DPTR FM NORMAL   -54    LOWEST  SLP 29.61 ON  8

[REMARKS]
