000
CXUS54 KLZK 211130
CF6BPK
PRELIMINARY LOCAL CLIMATOLOGICAL DATA (WS FORM: F-6)

                                          STATION:   Mountain Home Airport
                                          MONTH:     JANUARY
                                          YEAR:      2017
                                          LATITUDE:   36 22 N
                                          LONGITUDE:  92 28 W

  TEMPERATURE IN F:       :PCPN:    SNOW:  WIND      :SUNSHINE: SKY     :PK WND
================================================================================
1   2   3   4   5  6A  6B    7    8   9   10  11  12  13   14  15   16   17  18
                                     12Z  AVG MX 2MIN
DY MAX MIN AVG DEP HDD CDD  WTR  SNW DPTH SPD SPD DIR MIN PSBL S-S WX    SPD DR
================================================================================

 1  43  30  37   1  28   0 0.00  0.0    0  4.9 12 160   M    M   8 12     17 150
 2  48  41  45   9  20   0 0.18    M    0  3.8 10 130   M    M  10 12     12 120
 3  50  27  39   3  26   0 0.00  0.0    0  5.4 14 360   M    M  10 12     25 340
 4  35  19  27  -9  38   0 0.00  0.0    0  4.0 10  10   M    M   0        19 350
 5  28  17  23 -13  42   0    T    M    0  5.7 10  20   M    M   9        17  20
 6  20  11  16 -20  49   0 0.00  0.0    0  5.5 10  30   M    M   7        19  20
 7  34   6  20 -16  45   0 0.00  0.0    0  2.7  8 330   M    M   0        13  10
 8  34  15  25 -11  40   0 0.00  0.0    0  6.0 16 190   M    M   1        22 200
 9  46  18  32  -5  33   0 0.00  0.0    0  9.7 21 200   M    M   5        30 200
10  71  46  59  22   6   0 0.00  0.0    0  9.7 24 220   M    M   5        39 220
11  72  46  59  22   6   0    T  0.0    0 11.7 24 230   M    M   2        38 220
12  68  35  52  15  13   0    T  0.0    0  7.8 16 210   M    M   7        24 210
13  35  32  34  -3  31   0 0.23  0.0    0  6.2 12 120   M    M  10 12     14 100
14  42  35  39   2  26   0 0.68  0.0    0  2.6  8  70   M    M  10 1      11  80
15  42  37  40   3  25   0 0.17  0.0    0  6.4 10 140   M    M  10 12     14 130
16  59  41  50  13  15   0 0.10  0.0    0  6.2 12 140   M    M   8 12     16 330
17  45  38  42   5  23   0 0.00  0.0    0  4.2 12 340   M    M   6        19 330
18  47  37  42   5  23   0    T    M    0  3.5  9 130   M    M  10 1      11 340
19  50  42  46   9  19   0 0.01    M    0  3.7  8 190   M    M  10 12     11 140
20  67  41  54  17  11   0 0.00  0.0    0  6.3 16 220   M    M   5 12     24 230
================================================================================
SM  936  614       519   0  1.37     0.0 116.0          M      133
================================================================================
AV 46.8 30.7                               5.8 FASTST   M    M   7    MAX(MPH)
                                 MISC ---->  # 24 220               # 39  220
================================================================================
NOTES:
# LAST OF SEVERAL OCCURRENCES

COLUMN 17 PEAK WIND IN M.P.H.

PRELIMINARY LOCAL CLIMATOLOGICAL DATA (WS FORM: F-6) , PAGE 2

                                          STATION:  Mountain Home Airport
                                          MONTH:    JANUARY
                                          YEAR:     2017
                                          LATITUDE:   36 22 N
                                          LONGITUDE:  92 28 W

[TEMPERATURE DATA]      [PRECIPITATION DATA]       SYMBOLS USED IN COLUMN 16

AVERAGE MONTHLY: 38.8   TOTAL FOR MONTH:   1.37    1 = FOG OR MIST
DPTR FM NORMAL:   2.2   DPTR FM NORMAL:   -0.06    2 = FOG REDUCING VISIBILITY
HIGHEST:    72 ON 11    GRTST 24HR  0.70 ON 13-14      TO 1/4 MILE OR LESS
LOWEST:      6 ON  7                               3 = THUNDER
                        SNOW, ICE PELLETS, HAIL    4 = ICE PELLETS
                        TOTAL MONTH:   0.0 INCH    5 = HAIL
                        GRTST 24HR     0.0         6 = FREEZING RAIN OR DRIZZLE
                        GRTST DEPTH:   0           7 = DUSTSTORM OR SANDSTORM:
                                                       VSBY 1/2 MILE OR LESS
                                                   8 = SMOKE OR HAZE
[NO. OF DAYS WITH]      [WEATHER - DAYS WITH]      9 = BLOWING SNOW
                                                   X = TORNADO
MAX 32 OR BELOW:   2    0.01 INCH OR MORE:   6
MAX 90 OR ABOVE:   0    0.10 INCH OR MORE:   5
MIN 32 OR BELOW:   9    0.50 INCH OR MORE:   1
MIN  0 OR BELOW:   0    1.00 INCH OR MORE:   0

[HDD (BASE 65) ]
TOTAL THIS MO.   519    CLEAR  (SCALE 0-3)   4
DPTR FM NORMAL   -48    PTCLDY (SCALE 4-7)   7
TOTAL FM JUL 1  1785    CLOUDY (SCALE 8-10)  9
DPTR FM NORMAL  -315

[CDD (BASE 65) ]
TOTAL THIS MO.     0
DPTR FM NORMAL     0    [PRESSURE DATA]
TOTAL FM JAN 1     0    HIGHEST SLP M ON M
DPTR FM NORMAL     0    LOWEST  SLP 29.51 ON 20

[REMARKS]
