000
CXUS54 KBRO 230900
CF6BRO
PRELIMINARY LOCAL CLIMATOLOGICAL DATA (WS FORM: F-6)

                                          STATION:   BROWNSVILLE
                                          MONTH:     JANUARY
                                          YEAR:      2017
                                          LATITUDE:   25 53 N
                                          LONGITUDE:  97 26 W

  TEMPERATURE IN F:       :PCPN:    SNOW:  WIND      :SUNSHINE: SKY     :PK WND
================================================================================
1   2   3   4   5  6A  6B    7    8   9   10  11  12  13   14  15   16   17  18
                                     12Z  AVG MX 2MIN
DY MAX MIN AVG DEP HDD CDD  WTR  SNW DPTH SPD SPD DIR MIN PSBL S-S WX    SPD DR
================================================================================

 1  80  65  73  13   0   8 0.01  0.0    0  7.0 21 120   M    M   4 1      25 110
 2  86  56  71  11   0   6 0.00  0.0    0  8.6 18 180   M    M   4 1      23 170
 3  83  54  69   9   0   4 0.00  0.0    0  4.6 15  40   M    M   6 12     19  40
 4  71  61  66   6   0   1 0.00  0.0    0  8.8 17  40   M    M  10 12     23  30
 5  82  57  70  10   0   5 0.00  0.0    0  5.8 21 160   M    M   6        25 160
 6  71  36  54  -6  11   0    T  0.0    0 16.9 24 330   M    M  10 1      34 340
 7  43  31  37 -23  28   0 0.00  0.0    0 15.2 26 330   M    M   9        33 330
 8  65  36  51 -10  14   0 0.00  0.0    0  7.5 15 360   M    M   7        20 350
 9  77  45  61   0   4   0    T  0.0    0  8.3 24 160   M    M   2 8      28 160
10  80  63  72  11   0   7 0.00  0.0    0 19.5 37 170   M    M   0        44 170
11  83  61  72  11   0   7 0.00  0.0    0 17.7 36 170   M    M   3        44 160
12  81  68  75  14   0  10 0.00  0.0    0 17.1 30 160   M    M   5        39 160
13  83  68  76  15   0  11    T  0.0    0 12.1 25 130   M    M   7        31 140
14  80  65  73  12   0   8 0.00  0.0    0 10.7 23 130   M    M   7 1      30 110
15  84  69  77  16   0  12 0.00  0.0    0 16.8 31 150   M    M   4        40 160
16  83  69  76  15   0  11 0.00  0.0    0 13.6 21 160   M    M   6        32 180
17  80  68  74  13   0   9 0.01  0.0    0 11.5 24 150   M    M   7        29 130
18  73  63  68   7   0   3    T  0.0    0  7.5 14 310   M    M   9 18     17 310
19  69  61  65   4   0   0 0.02  0.0    0  6.3 22 100   M    M   8 13     26 100
20  84  57  71  10   0   6 0.00  0.0    0  5.8 21 160   M    M   6 12     24 160
21  95  56  76  15   0  11 0.00  0.0    0  9.3 20 160   M    M   4 12     24 200
22  83  56  70   9   0   5 0.00  0.0    0 13.9 31 310   M    M   0        42 300
================================================================================
SM 1716 1265        57 124  0.04     0.0 244.5          M      124
================================================================================
AV 78.0 57.5                              11.1 FASTST   M    M   6    MAX(MPH)
                                 MISC ---->  # 37 170               # 44  170
================================================================================
NOTES:
# LAST OF SEVERAL OCCURRENCES

COLUMN 17 PEAK WIND IN M.P.H.

PRELIMINARY LOCAL CLIMATOLOGICAL DATA (WS FORM: F-6) , PAGE 2

                                          STATION:  BROWNSVILLE
                                          MONTH:    JANUARY
                                          YEAR:     2017
                                          LATITUDE:   25 53 N
                                          LONGITUDE:  97 26 W

[TEMPERATURE DATA]      [PRECIPITATION DATA]       SYMBOLS USED IN COLUMN 16

AVERAGE MONTHLY: 67.8   TOTAL FOR MONTH:   0.04    1 = FOG OR MIST
DPTR FM NORMAL:   7.1   DPTR FM NORMAL:   -0.81    2 = FOG REDUCING VISIBILITY
HIGHEST:    95 ON 21    GRTST 24HR  0.02 ON 19-19      TO 1/4 MILE OR LESS
LOWEST:     31 ON  7                               3 = THUNDER
                        SNOW, ICE PELLETS, HAIL    4 = ICE PELLETS
                        TOTAL MONTH:   0.0 INCH    5 = HAIL
                        GRTST 24HR     0.0         6 = FREEZING RAIN OR DRIZZLE
                        GRTST DEPTH:   0           7 = DUSTSTORM OR SANDSTORM:
                                                       VSBY 1/2 MILE OR LESS
                                                   8 = SMOKE OR HAZE
[NO. OF DAYS WITH]      [WEATHER - DAYS WITH]      9 = BLOWING SNOW
                                                   X = TORNADO
MAX 32 OR BELOW:   0    0.01 INCH OR MORE:   3
MAX 90 OR ABOVE:   1    0.10 INCH OR MORE:   0
MIN 32 OR BELOW:   1    0.50 INCH OR MORE:   0
MIN  0 OR BELOW:   0    1.00 INCH OR MORE:   0

[HDD (BASE 65) ]
TOTAL THIS MO.    57    CLEAR  (SCALE 0-3)   4
DPTR FM NORMAL   -74    PTCLDY (SCALE 4-7)  14
TOTAL FM JUL 1   155    CLOUDY (SCALE 8-10)  4
DPTR FM NORMAL  -195

[CDD (BASE 65) ]
TOTAL THIS MO.   124
DPTR FM NORMAL    80    [PRESSURE DATA]
TOTAL FM JAN 1   124    HIGHEST SLP M ON M
DPTR FM NORMAL    80    LOWEST  SLP 29.42 ON 21

[REMARKS]
