000
CXUS53 KGRR 271017
CF6BTL
PRELIMINARY LOCAL CLIMATOLOGICAL DATA (WS FORM: F-6)

                                          STATION:   BATTLE CREEK MI
                                          MONTH:     NOVEMBER
                                          YEAR:      2014
                                          LATITUDE:   42 17 N
                                          LONGITUDE:  85 14 W

  TEMPERATURE IN F:       :PCPN:    SNOW:  WIND      :SUNSHINE: SKY     :PK WND
================================================================================
1   2   3   4   5  6A  6B    7    8   9   10  11  12  13   14  15   16   17  18
                                     12Z  AVG MX 2MIN
DY MAX MIN AVG DEP HDD CDD  WTR  SNW DPTH SPD SPD DIR MIN PSBL S-S WX    SPD DR
================================================================================

 1  42  25  34 -11  31   0 0.00    M    M 10.6 25 360   M    M   4        34 360
 2  50  21  36  -9  29   0 0.00    M    M  5.5 13 200   M    M   0        16 200
 3  59  41  50   6  15   0 0.00    M    M 13.7 23 220   M    M   4        30 220
 4  58  41  50   6  15   0 0.07    M    M 16.2 23 210   M    M   8 1      30 220
 5  56  37  47   3  18   0 0.00    M    M  8.9 18 250   M    M   1        22 250
 6  49  37  43   0  22   0 0.08    M    M 10.4 23 350   M    M  10 18     30 350
 7  43  32  38  -5  27   0 0.00    M    M  7.1 18 340   M    M   9        24 360
 8  45  40  43   1  22   0 0.03    M    M 12.1 22 310   M    M  10 8      30 320
 9  46  35  41  -1  24   0 0.00    M    M 10.2 24 210   M    M   7        30 210
10  59  42  51   9  14   0 0.00    M    M 10.3 24 180   M    M   2        30 170
11  56  36  46   5  19   0 0.15    M    M 15.2 24 260   M    M   9 1      32 280
12  36  31  34  -7  31   0    T    M    M 11.5 25 300   M    M  10        34 290
13  33  20  27 -13  38   0 0.07    M    M  8.3 18 310   M    M   9 18     23 300
14  30  19  25 -15  40   0 0.01    M    M  6.8 13 290   M    M   9 18     15 290
15  31  17  24 -16  41   0    T    M    M  6.9 14 200   M    M   5 18     17 230
16  32  28  30  -9  35   0    T    M    M  9.8 16 200   M    M  10 8      20 200
17  31  17  24 -15  41   0    M    M    M 15.7 25 260   M    M  10 8      33 240
18  18  14  16 -22  49   0    M    M    M 18.2 25 240   M    M  10 8      30 240
19  29  16  23 -15  42   0    M    M    M 15.8 30 270   M    M   9 8      39 270
20  27  21  24 -13  41   0 0.01    M    M 14.0 30 270   M    M  10 8      41 270
21  27  11  19 -18  46   0    T    M    M  8.0 17 180   M    M   4 18     24 180
22  51  25  38   2  27   0 0.07    M    M 14.2 20 200   M    M  10 168    25 210
23  53  48  51  15  14   0 0.99    M    M 11.6 18 210   M    M   9 18     25 130
24  55  31  43   8  22   0 0.88    M    M 20.5 40 230   M    M  10 16     56 230
25  31  28  30  -5  35   0    T    M    M 14.0 29 240   M    M  10 8      36 240
26  31  28  30  -4  35   0    T    M    M  4.2 10 120   M    M  10 8      13 120
================================================================================
SM 1078  741       773   0  2.36    M    299.7          M      199
================================================================================
AV 41.5 28.5                              11.5 FASTST   M    M   8    MAX(MPH)
                                 MISC ---->  # 40 230               # 56  230
================================================================================
NOTES:
# LAST OF SEVERAL OCCURRENCES

COLUMN 17 PEAK WIND IN M.P.H.

PRELIMINARY LOCAL CLIMATOLOGICAL DATA (WS FORM: F-6) , PAGE 2

                                          STATION:  BATTLE CREEK MI
                                          MONTH:    NOVEMBER
                                          YEAR:     2014
                                          LATITUDE:   42 17 N
                                          LONGITUDE:  85 14 W

[TEMPERATURE DATA]      [PRECIPITATION DATA]       SYMBOLS USED IN COLUMN 16

AVERAGE MONTHLY: 35.0   TOTAL FOR MONTH:   2.36    1 = FOG OR MIST
DPTR FM NORMAL:  -5.0   DPTR FM NORMAL:   -0.14    2 = FOG REDUCING VISIBILITY
HIGHEST:    59 ON 10, 3 GRTST 24HR  1.84 ON 23-24      TO 1/4 MILE OR LESS
LOWEST:     11 ON 21                               3 = THUNDER
                        SNOW, ICE PELLETS, HAIL    4 = ICE PELLETS
                        TOTAL MONTH:    M          5 = HAIL
                        GRTST 24HR    M  ON   M    6 = FREEZING RAIN OR DRIZZLE
                        GRTST DEPTH:  M  ON   M    7 = DUSTSTORM OR SANDSTORM:
                                                       VSBY 1/2 MILE OR LESS
                                                   8 = SMOKE OR HAZE
[NO. OF DAYS WITH]      [WEATHER - DAYS WITH]      9 = BLOWING SNOW
                                                   X = TORNADO
MAX 32 OR BELOW:  10    0.01 INCH OR MORE:  10
MAX 90 OR ABOVE:   0    0.10 INCH OR MORE:   3
MIN 32 OR BELOW:  17    0.50 INCH OR MORE:   2
MIN  0 OR BELOW:   0    1.00 INCH OR MORE:   0

[HDD (BASE 65) ]
TOTAL THIS MO.   773    CLEAR  (SCALE 0-3)   3
DPTR FM NORMAL   124    PTCLDY (SCALE 4-7)   5
TOTAL FM JUL 1  1385    CLOUDY (SCALE 8-10) 18
DPTR FM NORMAL    74

[CDD (BASE 65) ]
TOTAL THIS MO.     0
DPTR FM NORMAL     0    [PRESSURE DATA]
TOTAL FM JAN 1   593    HIGHEST SLP M ON M
DPTR FM NORMAL    15    LOWEST  SLP 29.03 ON 24

[REMARKS]
