000
CXUS53 KGRR 291017
CF6BTL
PRELIMINARY LOCAL CLIMATOLOGICAL DATA (WS FORM: F-6)

                                          STATION:   BATTLE CREEK
                                          MONTH:     MARCH
                                          YEAR:      2017
                                          LATITUDE:   42 17 N
                                          LONGITUDE:  85 14 W

  TEMPERATURE IN F:       :PCPN:    SNOW:  WIND      :SUNSHINE: SKY     :PK WND
================================================================================
1   2   3   4   5  6A  6B    7    8   9   10  11  12  13   14  15   16   17  18
                                     12Z  AVG MX 2MIN
DY MAX MIN AVG DEP HDD CDD  WTR  SNW DPTH SPD SPD DIR MIN PSBL S-S WX    SPD DR
================================================================================

 1  55  27  41  11  24   0 0.52    M    M 16.2 30 290   M    M   9 13     40 310
 2  31  22  27  -3  38   0    T    M    M 12.6 26 300   M    M   9 1      33 310
 3  27  17  22  -9  43   0    T    M    M  9.9 22 300   M    M   4 1      29 290
 4  33  19  26  -5  39   0 0.00    M    M  8.1 16 120   M    M   3        21 120
 5  52  24  38   7  27   0    T    M    M 11.7 21 160   M    M   5        27 150
 6  57  49  53  21  12   0    T    M    0 16.4 24 190   M    M  10 1      33 190
 7  61  38  50  18  15   0 0.08    M    M 18.9 32 270   M    M   6 13     43 190
 8  49  40  45  13  20   0 0.00    M    M 25.3 47 250   M    M   2        62 250
 9  40  28  34   1  31   0 0.00    M    M  9.0 23 280   M    M   7        33 270
10  31  16  24  -9  41   0 0.00    M    M 14.1 26 320   M    M   5        34 350
11  28  15  22 -12  43   0 0.00    M    M 11.3 20 280   M    M   6        27 290
12  31  10  21 -13  44   0 0.00    M    M  2.9 10 270   M    M   5        14 290
13  27  17  22 -12  43   0 0.12    M    M  8.1 16  50   M    M  10 1      20  70
14  24  12  18 -17  47   0    T    M    M 10.3 23  10   M    M   4 1      28  20
15  31  13  22 -13  43   0    T    M    M 12.7 24 300   M    M   3        32 310
16  41  17  29  -7  36   0 0.00    M    M  7.4 17 300   M    M   0        22 310
17  34  23  29  -7  36   0 0.07    M    M  8.7 22 180   M    M   7 1268   27 170
18  39  34  37   1  28   0 0.06    M    M  9.7 16 310   M    M  10 1      20 290
19  46  34  40   3  25   0 0.00    M    M  6.5 15 150   M    M   7        21 160
20  49  35  42   5  23   0 0.06    M    M  6.2 18 180   M    M   8 123    23 190
21  54  25  40   2  25   0 0.00    M    M 11.3 24 320   M    M   1 12     33 310
22  38  18  28 -10  37   0 0.00    M    M  7.3 21 360   M    M   0        27 360
23  48  23  36  -2  29   0 0.26    M    M 10.8 21 170   M    M   4 13     27 170
24  78  41  60  21   5   0 0.38    M    M 15.7 30 240   M    M   4 13     36 250
25  46  40  43   4  22   0 0.44    M    M 10.6 18  80   M    M  10 13     24 110
26  56  41  49   9  16   0 0.34    M    M  7.1 14  90   M    M  10 1      18  80
27  54  46  50  10  15   0 0.01    M    M  7.4 14 260   M    M  10 1      17 240
28  47  33  40   0  25   0    T    M    0  6.8 14  30   M    M   8 1      16  30
================================================================================
SM 1207  757       832   0  2.34    M    303.0          M      167
================================================================================
AV 43.1 27.0                              10.8 FASTST   M    M   6    MAX(MPH)
                                 MISC ---->  # 47 250               # 62  250
================================================================================
NOTES:
# LAST OF SEVERAL OCCURRENCES

COLUMN 17 PEAK WIND IN M.P.H.

PRELIMINARY LOCAL CLIMATOLOGICAL DATA (WS FORM: F-6) , PAGE 2

                                          STATION:  BATTLE CREEK
                                          MONTH:    MARCH
                                          YEAR:     2017
                                          LATITUDE:   42 17 N
                                          LONGITUDE:  85 14 W

[TEMPERATURE DATA]      [PRECIPITATION DATA]       SYMBOLS USED IN COLUMN 16

AVERAGE MONTHLY: 35.1   TOTAL FOR MONTH:   2.34    1 = FOG OR MIST
DPTR FM NORMAL:   0.0   DPTR FM NORMAL:    0.66    2 = FOG REDUCING VISIBILITY
HIGHEST:    78 ON 24    GRTST 24HR  0.52 ON  1- 1      TO 1/4 MILE OR LESS
LOWEST:     10 ON 12                               3 = THUNDER
                        SNOW, ICE PELLETS, HAIL    4 = ICE PELLETS
                        TOTAL MONTH:    M          5 = HAIL
                        GRTST 24HR    M  ON   M    6 = FREEZING RAIN OR DRIZZLE
                        GRTST DEPTH:   0           7 = DUSTSTORM OR SANDSTORM:
                                                       VSBY 1/2 MILE OR LESS
                                                   8 = SMOKE OR HAZE
[NO. OF DAYS WITH]      [WEATHER - DAYS WITH]      9 = BLOWING SNOW
                                                   X = TORNADO
MAX 32 OR BELOW:   8    0.01 INCH OR MORE:  11
MAX 90 OR ABOVE:   0    0.10 INCH OR MORE:   6
MIN 32 OR BELOW:  17    0.50 INCH OR MORE:   1
MIN  0 OR BELOW:   0    1.00 INCH OR MORE:   0

[HDD (BASE 65) ]
TOTAL THIS MO.   832    CLEAR  (SCALE 0-3)   5
DPTR FM NORMAL    -7    PTCLDY (SCALE 4-7)  15
TOTAL FM JUL 1  4735    CLOUDY (SCALE 8-10)  8
DPTR FM NORMAL -1069

[CDD (BASE 65) ]
TOTAL THIS MO.     0
DPTR FM NORMAL     0    [PRESSURE DATA]
TOTAL FM JAN 1     0    HIGHEST SLP M ON M
DPTR FM NORMAL     0    LOWEST  SLP 29.34 ON  1

[REMARKS]
