000
CXUS55 KMSO 260900
CF6BTM
PRELIMINARY LOCAL CLIMATOLOGICAL DATA (WS FORM: F-6)
STATION: BUTTE MT
MONTH: APRIL
YEAR: 2024
LATITUDE: 45 57 N
LONGITUDE: 112 30 W
TEMPERATURE IN F: :PCPN: SNOW: WIND :SUNSHINE: SKY :PK WND
================================================================================
1 2 3 4 5 6A 6B 7 8 9 10 11 12 13 14 15 16 17 18
12Z AVG MX 2MIN
DY MAX MIN AVG DEP HDD CDD WTR SNW DPTH SPD SPD DIR MIN PSBL S-S WX SPD DR
================================================================================
1 52 20 36 0 29 0 0.00 M M 5.9 21 330 M M 3 26 310
2 63 24 44 8 21 0 0.00 M M 4.4 16 290 M M 0 22 270
3 61 28 45 9 20 0 T M M 6.2 28 170 M M 5 38 37 270
4 58 38 48 11 17 0 0.12 M M 8.0 24 290 M M 6 1 34 90
5 56 32 44 7 21 0 0.33 M M 11.1 28 140 M M 4 13 46 130
6 36 31 34 -3 31 0 T M M 8.4 22 310 M M 10 1 30 320
7 41 29 35 -2 30 0 T M M 9.4 22 310 M M 10 18 36 320
8 45 29 37 0 28 0 0.00 M M 8.7 21 290 M M 7 8 26 290
9 51 32 42 5 23 0 0.01 M M 7.2 23 280 M M 9 8 33 280
10 52 31 42 4 23 0 0.02 M M 4.5 14 330 M M 3 1 18 60
11 59 25 42 4 23 0 0.00 M M 4.5 17 270 M M 2 8 29 210
12 68 33 51 13 14 0 0.00 M M 6.9 22 180 M M 4 8 32 270
13 69 38 54 16 11 0 T M M 6.2 23 130 M M 4 30 130
14 70 31 51 13 14 0 T M M 5.2 32 130 M M 2 49 130
15 60 33 47 9 18 0 0.00 M M 8.8 24 310 M M 3 8 32 310
16 52 27 40 1 25 0 0.00 M M 9.8 21 280 M M 6 8 32 280
17 36 26 31 -8 34 0 T M M 10.9 18 40 M M 9 18 27 30
18 41 17 29 -10 36 0 T M M 4.4 16 10 M M 5 8 23 80
19 41 22 32 -7 33 0 0.00 M M 6.9 18 100 M M 6 27 120
20 51 15 33 -6 32 0 0.00 M M 5.7 18 150 M M 0 23 140
21 56 26 41 1 24 0 0.00 M M 11.7 26 310 M M 2 37 340
22 54 22 38 -2 27 0 0.00 M M 7.7 21 340 M M 0 8 30 300
23 58 19 39 -1 26 0 0.00 M M 5.7 20 140 M M 0 27 110
24 68 24 46 6 19 0 T M M 6.3 24 340 M M 4 30 340
25 60 39 50 9 15 0 T M M 6.1 21 310 M M 8 29 310
================================================================================
SM 1358 691 594 0 0.48 M 180.6 M 112
================================================================================
AV 54.3 27.6 7.2 FASTST M M 4 MAX(MPH)
MISC ----> 32 130 49 130
================================================================================
NOTES:
# LAST OF SEVERAL OCCURRENCES
COLUMN 17 PEAK WIND IN M.P.H.
PRELIMINARY LOCAL CLIMATOLOGICAL DATA (WS FORM: F-6) , PAGE 2
STATION: BUTTE MT
MONTH: APRIL
YEAR: 2024
LATITUDE: 45 57 N
LONGITUDE: 112 30 W
[TEMPERATURE DATA] [PRECIPITATION DATA] SYMBOLS USED IN COLUMN 16
AVERAGE MONTHLY: 41.0 TOTAL FOR MONTH: 0.48 1 = FOG OR MIST
DPTR FM NORMAL: 2.8 DPTR FM NORMAL: -0.61 2 = FOG REDUCING VISIBILITY
HIGHEST: 70 ON 14 GRTST 24HR 0.33 ON 5- 5 TO 1/4 MILE OR LESS
LOWEST: 15 ON 20 3 = THUNDER
SNOW, ICE PELLETS, HAIL 4 = ICE PELLETS
TOTAL MONTH: M 5 = HAIL
GRTST 24HR M ON M 6 = FREEZING RAIN OR DRIZZLE
GRTST DEPTH: M ON M 7 = DUSTSTORM OR SANDSTORM:
VSBY 1/2 MILE OR LESS
8 = SMOKE OR HAZE
[NO. OF DAYS WITH] [WEATHER - DAYS WITH] 9 = BLOWING SNOW
X = TORNADO
MAX 32 OR BELOW: 0 0.01 INCH OR MORE: 4
MAX 90 OR ABOVE: 0 0.10 INCH OR MORE: 2
MIN 32 OR BELOW: 20 0.50 INCH OR MORE: 0
MIN 0 OR BELOW: 0 1.00 INCH OR MORE: 0
[HDD (BASE 65) ]
TOTAL THIS MO. 594 CLEAR (SCALE 0-3) 8
DPTR FM NORMAL -77 PTCLDY (SCALE 4-7) 13
TOTAL FM JUL 1 7660 CLOUDY (SCALE 8-10) 4
DPTR FM NORMAL -523
[CDD (BASE 65) ]
TOTAL THIS MO. 0
DPTR FM NORMAL 0 [PRESSURE DATA]
TOTAL FM JAN 1 0 HIGHEST SLP M ON M
DPTR FM NORMAL 0 LOWEST SLP 29.34 ON 5
[REMARKS]