000
CXUS53 KLMK 240800
CF6BWG
PRELIMINARY LOCAL CLIMATOLOGICAL DATA (WS FORM: F-6)

                                          STATION:   BOWLING GREEN KY
                                          MONTH:     SEPTEMBER
                                          YEAR:      2017
                                          LATITUDE:   36 58 N
                                          LONGITUDE:  86 26 W

  TEMPERATURE IN F:       :PCPN:    SNOW:  WIND      :SUNSHINE: SKY     :PK WND
================================================================================
1   2   3   4   5  6A  6B    7    8   9   10  11  12  13   14  15   16   17  18
                                     12Z  AVG MX 2MIN
DY MAX MIN AVG DEP HDD CDD  WTR  SNW DPTH SPD SPD DIR MIN PSBL S-S WX    SPD DR
================================================================================

 1  70  55  63 -12   2   0 4.93  0.0    0 13.1 33  50   M    M  10 1      41  40
 2  76  53  65 -10   0   0 0.12  0.0    0  5.0 15 270   M    M   5 1      18 250
 3  85  52  69  -6   0   4 0.00  0.0    0  5.8 14 230   M    M   2 1      17 220
 4  87  67  77   3   0  12 0.00  0.0    0  9.2 20 210   M    M   1        25 210
 5  76  55  66  -8   0   1 0.13  0.0    0  4.0 16 220   M    M   6 138    21 180
 6  72  50  61 -13   4   0 0.00  0.0    0  3.9 14 290   M    M   1 1      19 280
 7  70  48  59 -14   6   0 0.00  0.0    0  1.2  6  99   M    M   1         M  M
 8  78  48  63 -10   2   0 0.00  0.0    0  2.0 12 110   M    M   0 1      14  40
 9  80  52  66  -7   0   1 0.00  0.0    0  6.0 16  50   M    M   1 1      20  60
10  78  51  65  -7   0   0 0.00  0.0    0  5.8 16  40   M    M   0        20  70
11  70  55  63  -9   2   0 0.10  0.0    0  9.1 18  40   M    M   1        24  30
12  72  59  66  -6   0   1 0.26  0.0    0  7.1 18  80   M    M   8 1      26  60
13  64  61  63  -8   2   0 0.16  0.0    0  9.1 15 190   M    M   8 1      19 170
14  77  63  70  -1   0   5 0.06  0.0    0  4.4  9 190   M    M   9 12     12 220
15  85  60  73   3   0   8 0.00  0.0    0  1.5  9 120   M    M   5 12     11 220
16  87  59  73   3   0   8 0.00  0.0    0  1.1  8 100   M    M   3 12      9  90
17  88  61  75   5   0  10 0.00  0.0    0  1.6  8  80   M    M   2 12     10  60
18  89  61  75   6   0  10 0.57  0.0    0  2.9 21 310   M    M   3 123    29 310
19  84  65  75   6   0  10 0.14  0.0    0  3.3 16 280   M    M   5 123    23 270
20  89  65  77   9   0  12 0.00  0.0    0  2.8 12 140   M    M   1 1      15 140
21  90  66  78  10   0  13 0.00  0.0    0  1.9 10  70   M    M   1 12     14 100
22  90  65  78  10   0  13 0.00  0.0    0  2.9 10  50   M    M   1 12     14  70
23  89  65  77  10   0  12 0.00  0.0    0  2.7 10  50   M    M   0 1      15  50
================================================================================
SM 1846 1336        18 120  6.47     0.0 106.4          M       74
================================================================================
AV 80.3 58.1                               4.6 FASTST   M    M   3    MAX(MPH)
                                 MISC ---->  # 33  50               # 41   40
================================================================================
NOTES:
# LAST OF SEVERAL OCCURRENCES

COLUMN 17 PEAK WIND IN M.P.H.

PRELIMINARY LOCAL CLIMATOLOGICAL DATA (WS FORM: F-6) , PAGE 2

                                          STATION:  BOWLING GREEN KY
                                          MONTH:    SEPTEMBER
                                          YEAR:     2017
                                          LATITUDE:   36 58 N
                                          LONGITUDE:  86 26 W

[TEMPERATURE DATA]      [PRECIPITATION DATA]       SYMBOLS USED IN COLUMN 16

AVERAGE MONTHLY: 69.2   TOTAL FOR MONTH:   6.47    1 = FOG OR MIST
DPTR FM NORMAL:  -2.3   DPTR FM NORMAL:    3.47    2 = FOG REDUCING VISIBILITY
HIGHEST:    90 ON 22,21 GRTST 24HR  4.93 ON  1- 1      TO 1/4 MILE OR LESS
LOWEST:     48 ON  8, 7                            3 = THUNDER
                        SNOW, ICE PELLETS, HAIL    4 = ICE PELLETS
                        TOTAL MONTH:   0.0 INCH    5 = HAIL
                        GRTST 24HR     0.0         6 = FREEZING RAIN OR DRIZZLE
                        GRTST DEPTH:   0           7 = DUSTSTORM OR SANDSTORM:
                                                       VSBY 1/2 MILE OR LESS
                                                   8 = SMOKE OR HAZE
[NO. OF DAYS WITH]      [WEATHER - DAYS WITH]      9 = BLOWING SNOW
                                                   X = TORNADO
MAX 32 OR BELOW:   0    0.01 INCH OR MORE:   9
MAX 90 OR ABOVE:   2    0.10 INCH OR MORE:   8
MIN 32 OR BELOW:   0    0.50 INCH OR MORE:   2
MIN  0 OR BELOW:   0    1.00 INCH OR MORE:   1

[HDD (BASE 65) ]
TOTAL THIS MO.    18    CLEAR  (SCALE 0-3)  13
DPTR FM NORMAL     5    PTCLDY (SCALE 4-7)   7
TOTAL FM JUL 1    18    CLOUDY (SCALE 8-10)  3
DPTR FM NORMAL     4

[CDD (BASE 65) ]
TOTAL THIS MO.   120
DPTR FM NORMAL   -43    [PRESSURE DATA]
TOTAL FM JAN 1  1472    HIGHEST SLP M ON M
DPTR FM NORMAL    40    LOWEST  SLP 29.72 ON 12

[REMARKS]
