000
CXUS55 KRIW 190945
CF6BYG
PRELIMINARY LOCAL CLIMATOLOGICAL DATA (WS FORM: F-6)

                                          STATION:   BUFFALO WY
                                          MONTH:     SEPTEMBER
                                          YEAR:      2017
                                          LATITUDE:   44 22 N
                                          LONGITUDE: 106 43 W

  TEMPERATURE IN F:       :PCPN:    SNOW:  WIND      :SUNSHINE: SKY     :PK WND
================================================================================
1   2   3   4   5  6A  6B    7    8   9   10  11  12  13   14  15   16   17  18
                                     12Z  AVG MX 2MIN
DY MAX MIN AVG DEP HDD CDD  WTR  SNW DPTH SPD SPD DIR MIN PSBL S-S WX    SPD DR
================================================================================

 1  81  61  71   6   0   6 0.00  0.0    M 13.5 32 330   M    M   3 8      42 340
 2  92  59  76  11   0  11 0.00  0.0    M  5.8 15 140   M    M   0        18 130
 3  86  64  75  11   0  10 0.00  0.0    M 11.1 28 350   M    M   8 8      34 350
 4  70  49  60  -4   5   0 0.00  0.0    M 15.0 30 350   M    M   2 8      37 350
 5  73  45  59  -4   6   0 0.00  0.0    M  5.5 12 320   M    M   0        16 310
 6  79  47  63   0   2   0 0.00  0.0    M  5.1 10 250   M    M   0        12 250
 7  84  49  67   5   0   2 0.00  0.0    M  7.7 13 330   M    M   0 8      17 350
 8  88  55  72  10   0   7 0.00    M    0  5.2 12 140   M    M   0 8      14 140
 9  91  61  76  14   0  11 0.00  0.0    0  6.2 12 270   M    M   0 8      14 290
10  86  66  76  15   0  11    T  0.0    0  8.3 18 360   M    M   4        22 350
11  89  61  75  15   0  10 0.00  0.0    0  6.5 13 360   M    M   0        18 140
12  91  64  78  18   0  13 0.00  0.0    0  6.6 13 350   M    M   1 38     17 350
13  86  62  74  14   0   9    T  0.0    0  8.6 24 320   M    M   1 8      33 330
14  64  48  56  -3   9   0 0.63    M    M 10.5 20 350   M    M   8 18     24 350
15  49  40  45 -13  20   0 0.47    M    M 13.2 23 330   M    M  10 1      29 330
16  45  37  41 -17  24   0 0.03    M    M  7.0 16 340   M    M   9 1      26 200
17  61  36  49  -8  16   0 0.00    M    M  3.7 12 160   M    M   0        14 340
18  78  41  60   3   5   0 0.00  0.0    M  7.5 21 220   M    M   0        26 220
================================================================================
SM 1393  945        87  90  1.13     0.0 147.0          M       46
================================================================================
AV 77.4 52.5                               8.2 FASTST   M    M   3    MAX(MPH)
                                 MISC ---->  # 32 330               # 42  340
================================================================================
NOTES:
# LAST OF SEVERAL OCCURRENCES

COLUMN 17 PEAK WIND IN M.P.H.

PRELIMINARY LOCAL CLIMATOLOGICAL DATA (WS FORM: F-6) , PAGE 2

                                          STATION:  BUFFALO WY
                                          MONTH:    SEPTEMBER
                                          YEAR:     2017
                                          LATITUDE:   44 22 N
                                          LONGITUDE: 106 43 W

[TEMPERATURE DATA]      [PRECIPITATION DATA]       SYMBOLS USED IN COLUMN 16

AVERAGE MONTHLY: 64.9   TOTAL FOR MONTH:   1.13    1 = FOG OR MIST
DPTR FM NORMAL:   3.8   DPTR FM NORMAL:    0.46    2 = FOG REDUCING VISIBILITY
HIGHEST:    92 ON  2    GRTST 24HR  0.63 ON 14-14      TO 1/4 MILE OR LESS
LOWEST:     36 ON 17                               3 = THUNDER
                        SNOW, ICE PELLETS, HAIL    4 = ICE PELLETS
                        TOTAL MONTH:   0.0 INCH    5 = HAIL
                        GRTST 24HR     0.0         6 = FREEZING RAIN OR DRIZZLE
                        GRTST DEPTH:   0           7 = DUSTSTORM OR SANDSTORM:
                                                       VSBY 1/2 MILE OR LESS
                                                   8 = SMOKE OR HAZE
[NO. OF DAYS WITH]      [WEATHER - DAYS WITH]      9 = BLOWING SNOW
                                                   X = TORNADO
MAX 32 OR BELOW:   0    0.01 INCH OR MORE:   3
MAX 90 OR ABOVE:   3    0.10 INCH OR MORE:   2
MIN 32 OR BELOW:   0    0.50 INCH OR MORE:   1
MIN  0 OR BELOW:   0    1.00 INCH OR MORE:   0

[HDD (BASE 65) ]
TOTAL THIS MO.    87    CLEAR  (SCALE 0-3)  13
DPTR FM NORMAL   -21    PTCLDY (SCALE 4-7)   1
TOTAL FM JUL 1   109    CLOUDY (SCALE 8-10)  4
DPTR FM NORMAL   -64

[CDD (BASE 65) ]
TOTAL THIS MO.    90
DPTR FM NORMAL    51    [PRESSURE DATA]
TOTAL FM JAN 1   622    HIGHEST SLP M ON M
DPTR FM NORMAL   137    LOWEST  SLP 29.56 ON 15

[REMARKS]
