000
CXUS54 KHGX 221417
CF6BYY
PRELIMINARY LOCAL CLIMATOLOGICAL DATA (WS FORM: F-6)

                                          STATION:   Bay City
                                          MONTH:     DECEMBER
                                          YEAR:      2014
                                          LATITUDE:   28 58 N
                                          LONGITUDE:  95 52 W

  TEMPERATURE IN F:       :PCPN:    SNOW:  WIND      :SUNSHINE: SKY     :PK WND
================================================================================
1   2   3   4   5  6A  6B    7    8   9   10  11  12  13   14  15   16   17  18
                                     12Z  AVG MX 2MIN
DY MAX MIN AVG DEP HDD CDD  WTR  SNW DPTH SPD SPD DIR MIN PSBL S-S WX    SPD DR
================================================================================

 1  72  46  59   M   6   0 0.26    M    0  7.3 17 360   M    M   0 1      23 360
 2  56  46  51   M  14   0 0.00  0.0    0  6.4 16 360   M    M   0 1      18 360
 3  71  54  63   M   2   0 0.00  0.0    0  4.7 10  60   M    M   0 1       M  M
 4  70  58  64   M   1   0 0.15  0.0    0  6.5 10 110   M    M   0 1       M  M
 5  78  68  73   M   0   8 0.00  0.0    0  7.1 17 180   M    M   0 12     22 180
 6  72  62  67   M   0   2 0.01  0.0    0  5.8 13  10   M    M   0 12     17 340
 7  62  58  60   M   5   0 0.00  0.0    0  6.4 10  50   M    M   0         M  M
 8  67  49  58   M   7   0 0.00  0.0    0  4.0 12  10   M    M   0        16  10
 9  71  44  58   M   7   0 0.00  0.0    0  1.3  6 110   M    M   0 1       M  M
10  71  43  57   M   8   0 0.00  0.0    0  3.7  9 100   M    M   0 12      M  M
11  73  59  66   M   0   1 0.00  0.0    0  4.8 12 160   M    M   0         M  M
12  75  58  67   M   0   2 0.00  0.0    0  6.7 13 170   M    M   0        16 170
13  76  57  67   M   0   2 0.00  0.0    0  6.5 13 110   M    M   0 1       M  M
14  76  63  70   M   0   5 0.00  0.0    0 10.6 20 170   M    M   0        25 150
15  78  65  72   M   0   7 0.00  0.0    0  7.2 17 230   M    M   0 12     25 240
16  69  56  63   M   2   0 0.00  0.0    0  6.6 12  20   M    M   0        18  30
17  70  50  60   M   5   0 0.00  0.0    0  7.9 17 120   M    M   0        22 100
18  74  64  69   M   0   4 0.43  0.0    0  4.1 10  80   M    M   0 1       M  M
19  64  55  60   M   5   0 1.37  0.0    0  9.5 15 360   M    M   0 1      20  20
20  56  53  55   M  10   0 0.00  0.0    0  6.0 13  10   M    M   0        16 360
21  62  52  57   M   8   0 0.00  0.0    0  2.2  6 110   M    M   0 1       M  M
================================================================================
SM 1463 1160        80  31  2.22     0.0 125.3          M        0
================================================================================
AV 69.7 55.2                               6.0 FASTST   M    M   0    MAX(MPH)
                                 MISC ---->    20   M                 25    M
================================================================================
NOTES:
# LAST OF SEVERAL OCCURRENCES

COLUMN 17 PEAK WIND IN M.P.H.

PRELIMINARY LOCAL CLIMATOLOGICAL DATA (WS FORM: F-6) , PAGE 2

                                          STATION:  Bay City
                                          MONTH:    DECEMBER
                                          YEAR:     2014
                                          LATITUDE:   28 58 N
                                          LONGITUDE:  95 52 W

[TEMPERATURE DATA]      [PRECIPITATION DATA]       SYMBOLS USED IN COLUMN 16

AVERAGE MONTHLY: 62.5   TOTAL FOR MONTH:   2.22    1 = FOG OR MIST
DPTR FM NORMAL:     M   DPTR FM NORMAL:       M    2 = FOG REDUCING VISIBILITY
HIGHEST:    78 ON 15, 5 GRTST 24HR  1.37 ON 19-19      TO 1/4 MILE OR LESS
LOWEST:     43 ON 10                               3 = THUNDER
                        SNOW, ICE PELLETS, HAIL    4 = ICE PELLETS
                        TOTAL MONTH:   0.0 INCH    5 = HAIL
                        GRTST 24HR     0.0         6 = FREEZING RAIN OR DRIZZLE
                        GRTST DEPTH:   0           7 = DUSTSTORM OR SANDSTORM:
                                                       VSBY 1/2 MILE OR LESS
                                                   8 = SMOKE OR HAZE
[NO. OF DAYS WITH]      [WEATHER - DAYS WITH]      9 = BLOWING SNOW
                                                   X = TORNADO
MAX 32 OR BELOW:   0    0.01 INCH OR MORE:   5
MAX 90 OR ABOVE:   0    0.10 INCH OR MORE:   4
MIN 32 OR BELOW:   0    0.50 INCH OR MORE:   1
MIN  0 OR BELOW:   0    1.00 INCH OR MORE:   1

[HDD (BASE 65) ]
TOTAL THIS MO.    80    CLEAR  (SCALE 0-3)  21
DPTR FM NORMAL     M    PTCLDY (SCALE 4-7)   0
TOTAL FM JUL 1   290    CLOUDY (SCALE 8-10)  0
DPTR FM NORMAL     M

[CDD (BASE 65) ]
TOTAL THIS MO.    31
DPTR FM NORMAL     M    [PRESSURE DATA]
TOTAL FM JAN 1  3219    HIGHEST SLP M ON M
DPTR FM NORMAL     M    LOWEST  SLP M ON M

[REMARKS]
