000
CXUS56 KTFX 161205
CF6BZN
PRELIMINARY LOCAL CLIMATOLOGICAL DATA (WS FORM: F-6)

                                          STATION:   BOZEMAN/GALLATIN FIELD MT
                                          MONTH:     JANUARY
                                          YEAR:      2017
                                          LATITUDE:   45 46 N
                                          LONGITUDE: 111  9 W

  TEMPERATURE IN F:       :PCPN:    SNOW:  WIND      :SUNSHINE: SKY     :PK WND
================================================================================
1   2   3   4   5  6A  6B    7    8   9   10  11  12  13   14  15   16   17  18
                                     12Z  AVG MX 2MIN
DY MAX MIN AVG DEP HDD CDD  WTR  SNW DPTH SPD SPD DIR MIN PSBL S-S WX    SPD DR
================================================================================

 1  18  -7   6 -16  59   0    T  0.9    5  5.6 15 280   M    M   7 18     17 280
 2   5 -16  -5 -27  70   0 0.01  1.2    6  2.3 10 190   M    M   8 18     10 190
 3   0 -19  -9 -31  74   0 0.00  0.0    6  2.0  9 200   M    M   8 18      9 170
 4  -1 -15  -8 -30  73   0 0.00  0.0    6  2.5  9 140   M    M   5 18     10 190
 5  -4 -28 -16 -38  81   0 0.00  0.0    6  2.3  7 140   M    M   3 128     7 170
 6  11 -11   0 -22  65   0 0.00  0.0    6  2.6  9 150   M    M   8 18     10 140
 7  12 -14  -1 -23  66   0 0.01  0.2    6  3.0  9 210   M    M   2 18      9 100
 8  22  10  16  -7  49   0 0.03  0.3    6  3.4  9 200   M    M   8 1      12 240
 9  43  23  33  10  32   0    T    T    7  7.3 28 210   M    M   7 1      34 230
10  34   4  19  -4  46   0    T  0.4    4  6.2 17 300   M    M   6 18     21 320
11   7   2   5 -18  60   0 0.09  2.8    5  3.9 20  30   M    M  10 18     22  30
12  12 -14  -1 -24  66   0 0.01  0.3    8  2.9  9 190   M    M   5 1      10 190
13  10 -16  -3 -26  68   0 0.00  0.0    8  3.2  9 210   M    M   0 18     11 170
14   9 -18  -4 -28  69   0 0.00  0.0    8  2.8  9 190   M    M   1 128    10 200
15  16 -13   2 -22  63   0 0.00  0.0    8  3.5 10 150   M    M   0 18     11 150
================================================================================
SM  194 -132       941   0  0.15     6.1  53.5          M       78
================================================================================
AV 12.9 -8.8                               3.6 FASTST   M    M   5    MAX(MPH)
                                 MISC ---->  # 28 210               # 34  230
================================================================================
NOTES:
# LAST OF SEVERAL OCCURRENCES

COLUMN 17 PEAK WIND IN M.P.H.

PRELIMINARY LOCAL CLIMATOLOGICAL DATA (WS FORM: F-6) , PAGE 2

                                          STATION:  BOZEMAN/GALLATIN FIELD MT
                                          MONTH:    JANUARY
                                          YEAR:     2017
                                          LATITUDE:   45 46 N
                                          LONGITUDE: 111  9 W

[TEMPERATURE DATA]      [PRECIPITATION DATA]       SYMBOLS USED IN COLUMN 16

AVERAGE MONTHLY:  2.1   TOTAL FOR MONTH:   0.15    1 = FOG OR MIST
DPTR FM NORMAL: -20.6   DPTR FM NORMAL:   -0.09    2 = FOG REDUCING VISIBILITY
HIGHEST:    43 ON  9    GRTST 24HR  0.10 ON 11-12      TO 1/4 MILE OR LESS
LOWEST:    -28 ON  5                               3 = THUNDER
                        SNOW, ICE PELLETS, HAIL    4 = ICE PELLETS
                        TOTAL MONTH:   6.1 INCHES  5 = HAIL
                        GRTST 24HR   2.8 ON   M    6 = FREEZING RAIN OR DRIZZLE
                        GRTST DEPTH:   8 ON 15,14  7 = DUSTSTORM OR SANDSTORM:
                                                       VSBY 1/2 MILE OR LESS
                                                   8 = SMOKE OR HAZE
[NO. OF DAYS WITH]      [WEATHER - DAYS WITH]      9 = BLOWING SNOW
                                                   X = TORNADO
MAX 32 OR BELOW:  13    0.01 INCH OR MORE:   5
MAX 90 OR ABOVE:   0    0.10 INCH OR MORE:   0
MIN 32 OR BELOW:  15    0.50 INCH OR MORE:   0
MIN  0 OR BELOW:  11    1.00 INCH OR MORE:   0

[HDD (BASE 65) ]
TOTAL THIS MO.   941    CLEAR  (SCALE 0-3)   5
DPTR FM NORMAL   304    PTCLDY (SCALE 4-7)   8
TOTAL FM JUL 1  4313    CLOUDY (SCALE 8-10)  2
DPTR FM NORMAL   441

[CDD (BASE 65) ]
TOTAL THIS MO.     0
DPTR FM NORMAL     0    [PRESSURE DATA]
TOTAL FM JAN 1     0    HIGHEST SLP M ON M
DPTR FM NORMAL     0    LOWEST  SLP 29.47 ON  9

[REMARKS]
