000
CXUS56 KTFX 271205
CF6BZN
PRELIMINARY LOCAL CLIMATOLOGICAL DATA (WS FORM: F-6)

                                          STATION:   BOZEMAN/GALLATIN FIELD MT
                                          MONTH:     JULY
                                          YEAR:      2017
                                          LATITUDE:   45 46 N
                                          LONGITUDE: 111  9 W

  TEMPERATURE IN F:       :PCPN:    SNOW:  WIND      :SUNSHINE: SKY     :PK WND
================================================================================
1   2   3   4   5  6A  6B    7    8   9   10  11  12  13   14  15   16   17  18
                                     12Z  AVG MX 2MIN
DY MAX MIN AVG DEP HDD CDD  WTR  SNW DPTH SPD SPD DIR MIN PSBL S-S WX    SPD DR
================================================================================

 1  88  46  67   1   0   2 0.01  0.0    0  5.1 15 350   M    M   0 3      19 340
 2  88  56  72   6   0   7 0.02  0.0    0  7.7 26 250   M    M   1        33 260
 3  92  50  71   4   0   6 0.00  0.0    0  6.2 15 280   M    M   1        18 280
 4  90  53  72   5   0   7 0.00  0.0    0  5.7 13 150   M    M   0        15 160
 5  94  50  72   5   0   7    T  0.0    0  6.3 47 190   M    M   1        58 190
 6  93  55  74   6   0   9 0.01  0.0    0  5.5 33 270   M    M   0 3      40 270
 7  95  54  75   7   0  10 0.00  0.0    0  5.0 16 130   M    M   0        20 130
 8  97  55  76   8   0  11    T  0.0    0  4.7 23 170   M    M   0 3      28 160
 9  91  55  73   5   0   8    T  0.0    0  7.6 32 240   M    M   1        41 240
10  86  54  70   1   0   5 0.07  0.0    0  8.2 24 270   M    M   2 3      29 260
11  81  51  66  -3   0   1 0.02  0.0    0  6.2 17 310   M    M   1 3      28 320
12  88  49  69   0   0   4 0.00  0.0    0  5.0 14 140   M    M   0        15 140
13  95  50  73   4   0   8 0.00  0.0    0  4.5 15 170   M    M   0 3      18 160
14  95  56  76   6   0  11 0.00  0.0    0  3.8 15 180   M    M   0        18 170
15  94  59  77   7   0  12    T  0.0    0  8.1 30 130   M    M   1 3      37 120
16  92  51  72   2   0   7 0.00  0.0    0  7.0 24 150   M    M   0        29 160
17  84  49  67  -3   0   2 0.00  0.0    0  6.1 23 160   M    M   1 3      27 160
18  90  49  70   0   0   5 0.00  0.0    0  4.8 14 170   M    M   1        17 360
19  92  52  72   2   0   7 0.00  0.0    0  6.1 15 170   M    M   0        17 170
20  93  51  72   1   0   7 0.00  0.0    0  6.6 14 360   M    M   0        29 230
21  88  50  69  -2   0   4 0.00  0.0    0  6.4 15 290   M    M   0        19 290
22  89  45  67  -4   0   2 0.00  0.0    0  4.7 12 170   M    M   0        15 330
23  94  48  71   0   0   6 0.00  0.0    0  5.1 14 150   M    M   0        16 140
24  92  51  72   1   0   7 0.00  0.0    0  6.4 25 200   M    M   0 3      31 210
25  81  52  67  -4   0   2 0.00  0.0    0  6.3 14  20   M    M   1        18 200
26  86  52  69  -2   0   4 0.00  0.0    0  7.0 29 180   M    M   1 8      37 180
================================================================================
SM 2348 1343         0 161  0.13     0.0 156.1          M       12
================================================================================
AV 90.3 51.7                               6.0 FASTST   M    M   0    MAX(MPH)
                                 MISC ---->  # 47 190               # 58  190
================================================================================
NOTES:
# LAST OF SEVERAL OCCURRENCES

COLUMN 17 PEAK WIND IN M.P.H.

PRELIMINARY LOCAL CLIMATOLOGICAL DATA (WS FORM: F-6) , PAGE 2

                                          STATION:  BOZEMAN/GALLATIN FIELD MT
                                          MONTH:    JULY
                                          YEAR:     2017
                                          LATITUDE:   45 46 N
                                          LONGITUDE: 111  9 W

[TEMPERATURE DATA]      [PRECIPITATION DATA]       SYMBOLS USED IN COLUMN 16

AVERAGE MONTHLY: 71.0   TOTAL FOR MONTH:   0.13    1 = FOG OR MIST
DPTR FM NORMAL:   1.8   DPTR FM NORMAL:   -0.85    2 = FOG REDUCING VISIBILITY
HIGHEST:    97 ON  8    GRTST 24HR  0.07 ON 10-10      TO 1/4 MILE OR LESS
LOWEST:     45 ON 22                               3 = THUNDER
                        SNOW, ICE PELLETS, HAIL    4 = ICE PELLETS
                        TOTAL MONTH:   0.0 INCH    5 = HAIL
                        GRTST 24HR     0.0         6 = FREEZING RAIN OR DRIZZLE
                        GRTST DEPTH:   0           7 = DUSTSTORM OR SANDSTORM:
                                                       VSBY 1/2 MILE OR LESS
                                                   8 = SMOKE OR HAZE
[NO. OF DAYS WITH]      [WEATHER - DAYS WITH]      9 = BLOWING SNOW
                                                   X = TORNADO
MAX 32 OR BELOW:   0    0.01 INCH OR MORE:   5
MAX 90 OR ABOVE:  16    0.10 INCH OR MORE:   0
MIN 32 OR BELOW:   0    0.50 INCH OR MORE:   0
MIN  0 OR BELOW:   0    1.00 INCH OR MORE:   0

[HDD (BASE 65) ]
TOTAL THIS MO.     0    CLEAR  (SCALE 0-3)  26
DPTR FM NORMAL   -27    PTCLDY (SCALE 4-7)   0
TOTAL FM JUL 1     0    CLOUDY (SCALE 8-10)  0
DPTR FM NORMAL   -27

[CDD (BASE 65) ]
TOTAL THIS MO.   161
DPTR FM NORMAL    29    [PRESSURE DATA]
TOTAL FM JAN 1   182    HIGHEST SLP M ON M
DPTR FM NORMAL     8    LOWEST  SLP 29.75 ON 23

[REMARKS]
