000
CXUS55 KABQ 311000
CF6CAO
PRELIMINARY LOCAL CLIMATOLOGICAL DATA (WS FORM: F-6)

                                          STATION:   CLAYTON  NM
                                          MONTH:     JULY
                                          YEAR:      2015
                                          LATITUDE:   36 27 N
                                          LONGITUDE: 103  9 W

  TEMPERATURE IN F:       :PCPN:    SNOW:  WIND      :SUNSHINE: SKY     :PK WND
================================================================================
1   2   3   4   5  6A  6B    7    8   9   10  11  12  13   14  15   16   17  18
                                     12Z  AVG MX 2MIN
DY MAX MIN AVG DEP HDD CDD  WTR  SNW DPTH SPD SPD DIR MIN PSBL S-S WX    SPD DR
================================================================================

 1  98  64  81   7   0  16 0.34  0.0    0 12.2 38 330   M    M   2 13     53 330
 2  84  64  74   0   0   9 0.03  0.0    0  8.6 21  50   M    M   2        24  50
 3  90  61  76   2   0  11 0.04  0.0    0  9.2 35  20   M    M   2 13     40  20
 4  92  62  77   3   0  12 0.00  0.0    0 14.7 28 200   M    M   0        41 190
 5  95  65  80   6   0  15 0.00  0.0    0 16.1 28 200   M    M   0        36 190
 6  77  61  69  -6   0   4 0.01  0.0    0 17.1 29 360   M    M   6 18     34 360
 7  75  56  66  -9   0   1 0.02  0.0    0  9.5 18  30   M    M   7 18     23  20
 8  83  57  70  -5   0   5 1.10  0.0    0  8.4 41 290   M    M   7 138    53 290
 9  83  58  71  -4   0   6 1.92  0.0    0  8.5 31  40   M    M   4 123    39  50
10  87  60  74  -1   0   9 0.00  0.0    0 13.2 31 190   M    M   3 8      38 200
11  92  59  76   1   0  11 0.00  0.0    0 12.1 21 210   M    M   0        27 200
12  96  66  81   6   0  16 0.00  0.0    0 10.5 25 290   M    M   0        32 290
13  97  66  82   7   0  17 0.00  0.0    0  8.8 22 320   M    M   0 8      27 300
14  91  64  78   3   0  13 0.05  0.0    0  9.4 25 150   M    M   1 3      33 140
15  92  65  79   4   0  14 0.09  0.0    0  8.7 32 190   M    M   2 3      40 190
16  89  60  75   0   0  10    T  0.0    0  7.7 25 270   M    M   1        32 270
17  93  63  78   3   0  13 0.00  0.0    0 10.0 21 190   M    M   1        35 210
18  95  64  80   5   0  15 0.05  0.0    0  8.2 21 330   M    M   2 3      31 330
19  91  63  77   2   0  12 1.35  0.0    0  8.3 35 280   M    M   2 3      47 270
20  86  63  75   0   0  10 0.01  0.0    0 10.1 21  60   M    M   3        32  60
21  81  63  72  -3   0   7 0.05  0.0    0  9.6 20 160   M    M   5 13     24 160
22  88  59  74  -1   0   9 0.06  0.0    0  6.0 25 160   M    M   1 123    32 180
23  93  66  80   5   0  15 0.00  0.0    0  9.6 26 190   M    M   0 3      31 190
24  96  67  82   7   0  17 0.17  0.0    0 10.3 30 310   M    M   1 3      37 160
25  93  63  78   3   0  13 0.66  0.0    0 10.4 40 160   M    M   3 38     54 160
26  94  65  80   5   0  15 0.01  0.0    0 10.0 22 190   M    M   2        28 180
27  95  63  79   4   0  14    T  0.0    0 11.9 26 210   M    M   1 3      32 210
28  85  66  76   2   0  11 0.01  0.0    0 10.7 22 310   M    M   2        29 300
29  82  60  71  -3   0   6    T  0.0    0  8.1 17  80   M    M   1        22  80
30  78  62  70  -4   0   5 1.23  0.0    0  9.3 21 260   M    M   9 13     28 260
================================================================================
SM 2671 1875         0 331  7.20     0.0 307.2          M       70
================================================================================
AV 89.0 62.5                              10.2 FASTST   M    M   2    MAX(MPH)
                                 MISC ---->  # 41 290               # 54  160
================================================================================
NOTES:
# LAST OF SEVERAL OCCURRENCES

COLUMN 17 PEAK WIND IN M.P.H.

PRELIMINARY LOCAL CLIMATOLOGICAL DATA (WS FORM: F-6) , PAGE 2

                                          STATION:  CLAYTON  NM
                                          MONTH:    JULY
                                          YEAR:     2015
                                          LATITUDE:   36 27 N
                                          LONGITUDE: 103  9 W

[TEMPERATURE DATA]      [PRECIPITATION DATA]       SYMBOLS USED IN COLUMN 16

AVERAGE MONTHLY: 75.8   TOTAL FOR MONTH:   7.20    1 = FOG OR MIST
DPTR FM NORMAL:   1.0   DPTR FM NORMAL:    4.64    2 = FOG REDUCING VISIBILITY
HIGHEST:    98 ON  1    GRTST 24HR  2.38 ON  8- 9      TO 1/4 MILE OR LESS
LOWEST:     56 ON  7                               3 = THUNDER
                        SNOW, ICE PELLETS, HAIL    4 = ICE PELLETS
                        TOTAL MONTH:   0.0 INCH    5 = HAIL
                        GRTST 24HR     0.0         6 = FREEZING RAIN OR DRIZZLE
                        GRTST DEPTH:   0           7 = DUSTSTORM OR SANDSTORM:
                                                       VSBY 1/2 MILE OR LESS
                                                   8 = SMOKE OR HAZE
[NO. OF DAYS WITH]      [WEATHER - DAYS WITH]      9 = BLOWING SNOW
                                                   X = TORNADO
MAX 32 OR BELOW:   0    0.01 INCH OR MORE:  19
MAX 90 OR ABOVE:  17    0.10 INCH OR MORE:   7
MIN 32 OR BELOW:   0    0.50 INCH OR MORE:   5
MIN  0 OR BELOW:   0    1.00 INCH OR MORE:   4

[HDD (BASE 65) ]
TOTAL THIS MO.     0    CLEAR  (SCALE 0-3)  23
DPTR FM NORMAL     0    PTCLDY (SCALE 4-7)   6
TOTAL FM JUL 1     0    CLOUDY (SCALE 8-10)  1
DPTR FM NORMAL     0

[CDD (BASE 65) ]
TOTAL THIS MO.   331
DPTR FM NORMAL    35    [PRESSURE DATA]
TOTAL FM JAN 1   581    HIGHEST SLP M ON M
DPTR FM NORMAL    51    LOWEST  SLP 29.70 ON M

[REMARKS]
