000
CXUS56 KMTR 181000
CF6CCR
PRELIMINARY LOCAL CLIMATOLOGICAL DATA (WS FORM: F-6)

                                          STATION:   CONCORD AIRPORT
                                          MONTH:     APRIL
                                          YEAR:      2014
                                          LATITUDE:   37 58 N
                                          LONGITUDE: 122  3 W

  TEMPERATURE IN F:       :PCPN:    SNOW:  WIND      :SUNSHINE: SKY     :PK WND
================================================================================
1   2   3   4   5  6A  6B    7    8   9   10  11  12  13   14  15   16   17  18
                                     12Z  AVG MX 2MIN
DY MAX MIN AVG DEP HDD CDD  WTR  SNW DPTH SPD SPD DIR MIN PSBL S-S WX    SPD DR
================================================================================

 1  56  43  50  -6  15   0 0.49  0.0    0  7.2 23 210   M    M   8 13     28 210
 2  62  44  53  -3  12   0 0.01  0.0    0  4.4 13 280   M    M   4        17 290
 3  65  45  55  -2  10   0 0.00  0.0    0  5.9 16 240   M    M   2        19 240
 4  60  47  54  -3  11   0 0.33  0.0    0  6.9 18 230   M    M   5 1      22 220
 5  68  42  55  -2  10   0 0.00  0.0    0  5.8 15 300   M    M   0        19 280
 6  79  47  63   6   2   0 0.00  0.0    0  4.2 12 280   M    M   0        15 300
 7  81  51  66   9   0   1 0.00  0.0    0  4.9 13  10   M    M   0        17  10
 8  82  53  68  11   0   3 0.00  0.0    0  4.9 12 260   M    M   0        14 270
 9  78  51  65   8   0   0 0.00  0.0    0  6.5 13 300   M    M   0        16 310
10  81  45  63   5   2   0 0.00  0.0    0  2.9 14 320   M    M   0        17 320
11  72  50  61   3   4   0 0.00  0.0    0  7.0 16 260   M    M   2        20 270
12  69  49  59   1   6   0 0.00  0.0    0 10.0 22 260   M    M   3        25 260
13  79  52  66   8   0   1 0.00  0.0    0  6.3 16 300   M    M   4        19 290
14  79  48  64   6   1   0 0.00  0.0    0  6.7 14 300   M    M   0        18 300
15  76  50  63   5   2   0 0.00  0.0    M  8.6 17 330   M    M   0        20 320
16  81  51  66   7   0   1 0.00  0.0    0  5.7 14 280   M    M   0        16 280
17  78  50  64   5   1   0 0.00  0.0    0  7.6 18 220   M    M   0        25 230
================================================================================
SM 1246  818        76   6  0.83     0.0 105.5          M       28
================================================================================
AV 73.3 48.1                               6.2 FASTST   M    M   2    MAX(MPH)
                                 MISC ---->  # 23 210               # 28  210
================================================================================
NOTES:
# LAST OF SEVERAL OCCURRENCES

COLUMN 17 PEAK WIND IN M.P.H.

PRELIMINARY LOCAL CLIMATOLOGICAL DATA (WS FORM: F-6) , PAGE 2

                                          STATION:  CONCORD AIRPORT
                                          MONTH:    APRIL
                                          YEAR:     2014
                                          LATITUDE:   37 58 N
                                          LONGITUDE: 122  3 W

[TEMPERATURE DATA]      [PRECIPITATION DATA]       SYMBOLS USED IN COLUMN 16

AVERAGE MONTHLY: 60.7   TOTAL FOR MONTH:   0.83    1 = FOG OR MIST
DPTR FM NORMAL:   3.2   DPTR FM NORMAL:    0.10    2 = FOG REDUCING VISIBILITY
HIGHEST:    82 ON  8    GRTST 24HR  1.01 ON 31- 1      TO 1/4 MILE OR LESS
LOWEST:     42 ON  5                               3 = THUNDER
                        SNOW, ICE PELLETS, HAIL    4 = ICE PELLETS
                        TOTAL MONTH:   0.0 INCH    5 = HAIL
                        GRTST 24HR     0.0         6 = FREEZING RAIN OR DRIZZLE
                        GRTST DEPTH:   0           7 = DUSTSTORM OR SANDSTORM:
                                                       VSBY 1/2 MILE OR LESS
                                                   8 = SMOKE OR HAZE
[NO. OF DAYS WITH]      [WEATHER - DAYS WITH]      9 = BLOWING SNOW
                                                   X = TORNADO
MAX 32 OR BELOW:   0    0.01 INCH OR MORE:   3
MAX 90 OR ABOVE:   0    0.10 INCH OR MORE:   2
MIN 32 OR BELOW:   0    0.50 INCH OR MORE:   0
MIN  0 OR BELOW:   0    1.00 INCH OR MORE:   0

[HDD (BASE 65) ]
TOTAL THIS MO.    76    CLEAR  (SCALE 0-3)  13
DPTR FM NORMAL   -55    PTCLDY (SCALE 4-7)   4
TOTAL FM JUL 1  2029    CLOUDY (SCALE 8-10)  0
DPTR FM NORMAL  -265

[CDD (BASE 65) ]
TOTAL THIS MO.     6
DPTR FM NORMAL     6    [PRESSURE DATA]
TOTAL FM JAN 1     6    HIGHEST SLP M ON M
DPTR FM NORMAL     4    LOWEST  SLP 29.80 ON 17

[REMARKS]
