000
CXUS55 KBOU 010801
CF6CCU
PRELIMINARY LOCAL CLIMATOLOGICAL DATA (WS FORM: F-6)

                                          STATION:   COPPER MTN CO
                                          MONTH:     SEPTEMBER
                                          YEAR:      2016
                                          LATITUDE:   39 28 N
                                          LONGITUDE: 106  9 W

  TEMPERATURE IN F:       :PCPN:    SNOW:  WIND      :SUNSHINE: SKY     :PK WND
================================================================================
1   2   3   4   5  6A  6B    7    8   9   10  11  12  13   14  15   16   17  18
                                     12Z  AVG MX 2MIN
DY MAX MIN AVG DEP HDD CDD  WTR  SNW DPTH SPD SPD DIR MIN PSBL S-S WX    SPD DR
================================================================================

 1  61  46  54   M  11   0    M    M    M  6.7 22 190   M    M   5 3      25 190
 2  59  41  50   M  15   0    M    M    M  9.3 21 310   M    M   6 8      25 310
 3  61  45  53   M  12   0    M    M    M  8.4 25 180   M    M   4 3      33 180
 4  59  43  51   M  14   0    M    M    M 12.4 23 200   M    M   3 3      31 220
 5  61  45  53   M  12   0    M    M    M 13.0 22 170   M    M   1        31 170
 6  61  50  56   M   9   0    M    M    M 11.5 21 180   M    M   2        37 180
 7  59  45  52   M  13   0    M    M    M 12.5 22 260   M    M   0        29 260
 8  61  45  53   M  12   0    M    M    M 13.8 21 310   M    M   0        32 310
 9  59  41  50   M  15   0    M    M    M 12.1 23 300   M    M   0        35 280
10  61  41  51   M  14   0    M    M    M  9.9 23 300   M    M   0        31 310
11  63  41  52   M  13   0    M    M    M 13.6 28 300   M    M   4 3      32 300
12  61  41  51   M  14   0    M    M    M 11.7 18 170   M    M   5 3      29 250
13  54  41  48   M  17   0    M    M    M 12.7 24 190   M    M   4 3      24 150
14  57  36  47   M  18   0    M    M    M 11.5 22 190   M    M   5 3      35 190
15  52  36  44   M  21   0    M    M    M 10.6 25 280   M    M   2        37 280
16  54  37  46   M  19   0    M    M    M  6.8 14 320   M    M   2        22 320
17  54  37  46   M  19   0    M    M    M 16.1 24 300   M    M   2        33 310
18  59  41  50   M  15   0    M    M    M 15.3 24 290   M    M   0        33 290
19  68  46  57   M   8   0    M    M    M  8.2 17 280   M    M   2        17 260
20  61  45  53   M  12   0    M    M    M  6.2 14 200   M    M   7        23 250
21  55  41  48   M  17   0    M    M    M  7.5 14 190   M    M   7        22 250
22  59  46  53   M  12   0    M    M    M 18.0 31 160   M    M   5 3      40 160
23  59  27  43   M  22   0    M    M    M 23.4 33 160   M    M   5        58 150
24  34  25  30   M  35   0    M    M    M 12.9 18 300   M    M   8 8      24 280
25  52  28  40   M  25   0    M    M    M  7.7 13 310   M    M   4 18     22 310
26  59  37  48   M  17   0    M    M    M  4.5 14 310   M    M   0        22 290
27  64  45  55   M  10   0    M    M    M  4.5 14 300   M    M   0        18 350
28  63  46  55   M  10   0    M    M    M 12.3 24 140   M    M   1        28 130
29  63  45  54   M  11   0    M    M    M  8.7 20 180   M    M   4        24 170
30  50  41  46   M  19   0    M    M    M  7.2 16 270   M    M  10 138    21 270
================================================================================
SM 1743 1224       461   0    M     M    329.0          M       98
================================================================================
AV 58.1 40.8                              11.0 FASTST   M    M   3    MAX(MPH)
                                 MISC ---->    33   M               # 58  150
================================================================================
NOTES:
# LAST OF SEVERAL OCCURRENCES

COLUMN 17 PEAK WIND IN M.P.H.

PRELIMINARY LOCAL CLIMATOLOGICAL DATA (WS FORM: F-6) , PAGE 2

                                          STATION:  COPPER MTN CO
                                          MONTH:    SEPTEMBER
                                          YEAR:     2016
                                          LATITUDE:   39 28 N
                                          LONGITUDE: 106  9 W

[TEMPERATURE DATA]      [PRECIPITATION DATA]       SYMBOLS USED IN COLUMN 16

AVERAGE MONTHLY: 49.4   TOTAL FOR MONTH:      M    1 = FOG OR MIST
DPTR FM NORMAL:     M   DPTR FM NORMAL:       M    2 = FOG REDUCING VISIBILITY
HIGHEST:    68 ON 19    GRTST 24HR    M  ON   M        TO 1/4 MILE OR LESS
LOWEST:     25 ON 24                               3 = THUNDER
                        SNOW, ICE PELLETS, HAIL    4 = ICE PELLETS
                        TOTAL MONTH:    M          5 = HAIL
                        GRTST 24HR    M  ON   M    6 = FREEZING RAIN OR DRIZZLE
                        GRTST DEPTH:  M  ON   M    7 = DUSTSTORM OR SANDSTORM:
                                                       VSBY 1/2 MILE OR LESS
                                                   8 = SMOKE OR HAZE
[NO. OF DAYS WITH]      [WEATHER - DAYS WITH]      9 = BLOWING SNOW
                                                   X = TORNADO
MAX 32 OR BELOW:   0    0.01 INCH OR MORE:   0
MAX 90 OR ABOVE:   0    0.10 INCH OR MORE:   0
MIN 32 OR BELOW:   3    0.50 INCH OR MORE:   0
MIN  0 OR BELOW:   0    1.00 INCH OR MORE:   0

[HDD (BASE 65) ]
TOTAL THIS MO.   461    CLEAR  (SCALE 0-3)  15
DPTR FM NORMAL     M    PTCLDY (SCALE 4-7)  14
TOTAL FM JUL 1  1057    CLOUDY (SCALE 8-10)  1
DPTR FM NORMAL     M

[CDD (BASE 65) ]
TOTAL THIS MO.     0
DPTR FM NORMAL     M    [PRESSURE DATA]
TOTAL FM JAN 1     8    HIGHEST SLP M ON M
DPTR FM NORMAL     M    LOWEST  SLP M ON M

[REMARKS]
