000
CXUS56 KSLC 301242
CF6CDC
PRELIMINARY LOCAL CLIMATOLOGICAL DATA (WS FORM: F-6)

                                          STATION:   CEDAR CITY UT
                                          MONTH:     OCTOBER
                                          YEAR:      2014
                                          LATITUDE:   37 42 N
                                          LONGITUDE: 113  6 W

  TEMPERATURE IN F:       :PCPN:    SNOW:  WIND      :SUNSHINE: SKY     :PK WND
================================================================================
1   2   3   4   5  6A  6B    7    8   9   10  11  12  13   14  15   16   17  18
                                     12Z  AVG MX 2MIN
DY MAX MIN AVG DEP HDD CDD  WTR  SNW DPTH SPD SPD DIR MIN PSBL S-S WX    SPD DR
================================================================================

 1  58  37  48  -7  17   0 0.07    M    0  9.1 18 340   M    M   5 13     24  30
 2  66  28  47  -8  18   0 0.00  0.0    0  3.8  9 340   M    M   0        12 350
 3  73  31  52  -2  13   0 0.00  0.0    0  4.6 15 340   M    M   0        19 340
 4  73  35  54   0  11   0 0.00  0.0    0  4.4 14 350   M    M   0 8      19 330
 5  74  35  55   1  10   0 0.00  0.0    0  4.9 17 350   M    M   0        22 360
 6  77  36  57   4   8   0 0.00  0.0    0  5.4 15 350   M    M   0        19 350
 7  76  38  57   4   8   0 0.00  0.0    0  3.0 16 210   M    M   0 8      20 210
 8  73  51  62   9   3   0 0.00  0.0    0  4.3 14 190   M    M   3 8      17 190
 9  75  42  59   7   6   0 0.00  0.0    0  5.1 14 360   M    M   0        17 350
10  75  38  57   5   8   0 0.00  0.0    0  4.6 15 200   M    M   0        19 200
11  74  41  58   7   7   0 0.00  0.0    0  5.3 14 210   M    M   0        18 220
12  59  35  47  -4  18   0 0.00  0.0    0 11.9 25  20   M    M   0        34  30
13  67  27  47  -4  18   0 0.00  0.0    0  3.4 10 320   M    M   0        13 320
14  73  30  52   2  13   0 0.00  0.0    0  7.7 24 210   M    M   0 8      33 230
15  74  44  59   9   6   0 0.00  0.0    0 14.1 33 190   M    M   0        45 190
16  72  38  55   5  10   0 0.00  0.0    0  7.7 18 220   M    M   0        24 230
17  71  32  52   3  13   0 0.00  0.0    0  6.1 22 230   M    M   0 8      32 210
18  67  39  53   4  12   0 0.15    M    0  4.9 21 130   M    M   5        27 120
19  73  37  55   7  10   0 0.00  0.0    0  1.6  7 190   M    M   2         8  70
20  74  40  57   9   8   0 0.00  0.0    0  6.9 18 230   M    M   2        25 230
21  70  45  58  10   7   0 0.00  0.0    0 10.5 21 210   M    M   0        28 210
22  67  35  51   3  14   0 0.00  0.0    0  3.0  9  60   M    M   0        11 290
23  74  32  53   6  12   0 0.00  0.0    0  6.4 20 220   M    M   0        26 230
24  76  37  57  10   8   0 0.00  0.0    0  7.0 21 230   M    M   0        27 250
25  72  44  58  12   7   0 0.00  0.0    0 15.0 31 200   M    M   0        42 210
26  68  38  53   7  12   0 0.00  0.0    0 10.1 23 200   M    M   0        34 210
27  58  25  42  -4  23   0 0.00  0.0    0  4.2 15  20   M    M   0        19  20
28  63  26  45   0  20   0 0.00  0.0    0  2.1  8 350   M    M   0 8      11 330
29  71  24  48   3  17   0 0.00  0.0    0  2.9 10 130   M    M   0        12  60
================================================================================
SM 2043 1040       337   0  0.22     0.0 180.0          M       17
================================================================================
AV 70.4 35.9                               6.2 FASTST   M    M   1    MAX(MPH)
                                 MISC ---->  # 33 190               # 45  190
================================================================================
NOTES:
# LAST OF SEVERAL OCCURRENCES

COLUMN 17 PEAK WIND IN M.P.H.

PRELIMINARY LOCAL CLIMATOLOGICAL DATA (WS FORM: F-6) , PAGE 2

                                          STATION:  CEDAR CITY UT
                                          MONTH:    OCTOBER
                                          YEAR:     2014
                                          LATITUDE:   37 42 N
                                          LONGITUDE: 113  6 W

[TEMPERATURE DATA]      [PRECIPITATION DATA]       SYMBOLS USED IN COLUMN 16

AVERAGE MONTHLY: 53.2   TOTAL FOR MONTH:   0.22    1 = FOG OR MIST
DPTR FM NORMAL:   3.2   DPTR FM NORMAL:   -1.03    2 = FOG REDUCING VISIBILITY
HIGHEST:    77 ON  6    GRTST 24HR  0.15 ON 18-18      TO 1/4 MILE OR LESS
LOWEST:     24 ON 29                               3 = THUNDER
                        SNOW, ICE PELLETS, HAIL    4 = ICE PELLETS
                        TOTAL MONTH:   0.0 INCH    5 = HAIL
                        GRTST 24HR     0.0         6 = FREEZING RAIN OR DRIZZLE
                        GRTST DEPTH:   0           7 = DUSTSTORM OR SANDSTORM:
                                                       VSBY 1/2 MILE OR LESS
                                                   8 = SMOKE OR HAZE
[NO. OF DAYS WITH]      [WEATHER - DAYS WITH]      9 = BLOWING SNOW
                                                   X = TORNADO
MAX 32 OR BELOW:   0    0.01 INCH OR MORE:   2
MAX 90 OR ABOVE:   0    0.10 INCH OR MORE:   1
MIN 32 OR BELOW:   9    0.50 INCH OR MORE:   0
MIN  0 OR BELOW:   0    1.00 INCH OR MORE:   0

[HDD (BASE 65) ]
TOTAL THIS MO.   337    CLEAR  (SCALE 0-3)  27
DPTR FM NORMAL   -97    PTCLDY (SCALE 4-7)   2
TOTAL FM JUL 1   400    CLOUDY (SCALE 8-10)  0
DPTR FM NORMAL  -177

[CDD (BASE 65) ]
TOTAL THIS MO.     0
DPTR FM NORMAL     0    [PRESSURE DATA]
TOTAL FM JAN 1   607    HIGHEST SLP M ON M
DPTR FM NORMAL    19    LOWEST  SLP 29.76 ON  1

[REMARKS]
