000
CXUS56 KSLC 221227
CF6CDC
PRELIMINARY LOCAL CLIMATOLOGICAL DATA (WS FORM: F-6)

                                          STATION:   CEDAR CITY UT
                                          MONTH:     MAY
                                          YEAR:      2017
                                          LATITUDE:   37 42 N
                                          LONGITUDE: 113  6 W

  TEMPERATURE IN F:       :PCPN:    SNOW:  WIND      :SUNSHINE: SKY     :PK WND
================================================================================
1   2   3   4   5  6A  6B    7    8   9   10  11  12  13   14  15   16   17  18
                                     12Z  AVG MX 2MIN
DY MAX MIN AVG DEP HDD CDD  WTR  SNW DPTH SPD SPD DIR MIN PSBL S-S WX    SPD DR
================================================================================

 1  69  32  51   0  14   0 0.00  0.0    0  6.5 17 350   M    M   0        23 340
 2  73  32  53   1  12   0 0.00  0.0    0  6.1 18 350   M    M   0        24  50
 3  73  35  54   2  11   0 0.00  0.0    0  7.3 16 340   M    M   0 8      20 330
 4  80  33  57   5   8   0 0.00  0.0    0  3.6 12 340   M    M   0        16 320
 5  82  39  61   9   4   0 0.00  0.0    0  8.2 29 210   M    M   0        36 190
 6  80  49  65  12   0   0    T    M    0 16.7 40 200   M    M   1        51 190
 7  68  43  56   3   9   0    T    M    0 13.3 30 150   M    M   3        42 170
 8  71  36  54   1  11   0    T    M    0  4.7 15  30   M    M   4        18  30
 9  74  33  54   0  11   0 0.52    M    0  7.0 26 210   M    M   4 13     34 200
10  65  44  55   1  10   0 0.04    M    0  8.1 22 220   M    M   4 1      29 210
11  76  44  60   6   5   0 0.00  0.0    0  6.5 20 210   M    M   0        24 210
12  77  49  63   8   2   0 0.00  0.0    0 16.1 32 220   M    M   0        45 190
13  69  41  55   0  10   0 0.00  0.0    0 15.0 32 210   M    M   0        42 210
14  71  35  53  -2  12   0 0.00  0.0    0 12.5 31 210   M    M   0        43 210
15  67  35  51  -5  14   0    T    M    0 12.0 29 200   M    M   2 8      37 190
16  64  31  48  -8  17   0 0.00  0.0    0  9.2 22 210   M    M   4        31 220
17  54  32  43 -13  22   0 0.26    M    0  8.7 24 210   M    M   8 1      39 180
18  52  28  40 -16  25   0    T    M    0  7.2 21  10   M    M   5 8      30  10
19  63  27  45 -12  20   0 0.00  0.0    0  7.9 22  20   M    M   3        29  60
20  71  32  52  -5  13   0 0.00  0.0    0  4.8 16  20   M    M   0        22 350
21  77  38  58   1   7   0    T    M    0  6.2 20  20   M    M   3        28  30
================================================================================
SM 1476  768       237   0  0.82     0.0 187.6          M       41
================================================================================
AV 70.3 36.6                               8.9 FASTST   M    M   2    MAX(MPH)
                                 MISC ---->  # 40 200               # 51  190
================================================================================
NOTES:
# LAST OF SEVERAL OCCURRENCES

COLUMN 17 PEAK WIND IN M.P.H.

PRELIMINARY LOCAL CLIMATOLOGICAL DATA (WS FORM: F-6) , PAGE 2

                                          STATION:  CEDAR CITY UT
                                          MONTH:    MAY
                                          YEAR:     2017
                                          LATITUDE:   37 42 N
                                          LONGITUDE: 113  6 W

[TEMPERATURE DATA]      [PRECIPITATION DATA]       SYMBOLS USED IN COLUMN 16

AVERAGE MONTHLY: 53.4   TOTAL FOR MONTH:   0.82    1 = FOG OR MIST
DPTR FM NORMAL:  -0.9   DPTR FM NORMAL:    0.31    2 = FOG REDUCING VISIBILITY
HIGHEST:    82 ON  5    GRTST 24HR  0.52 ON  9- 9      TO 1/4 MILE OR LESS
LOWEST:     27 ON 19                               3 = THUNDER
                        SNOW, ICE PELLETS, HAIL    4 = ICE PELLETS
                        TOTAL MONTH:   0.0 INCH    5 = HAIL
                        GRTST 24HR     0.0         6 = FREEZING RAIN OR DRIZZLE
                        GRTST DEPTH:   0           7 = DUSTSTORM OR SANDSTORM:
                                                       VSBY 1/2 MILE OR LESS
                                                   8 = SMOKE OR HAZE
[NO. OF DAYS WITH]      [WEATHER - DAYS WITH]      9 = BLOWING SNOW
                                                   X = TORNADO
MAX 32 OR BELOW:   0    0.01 INCH OR MORE:   3
MAX 90 OR ABOVE:   0    0.10 INCH OR MORE:   2
MIN 32 OR BELOW:   7    0.50 INCH OR MORE:   1
MIN  0 OR BELOW:   0    1.00 INCH OR MORE:   0

[HDD (BASE 65) ]
TOTAL THIS MO.   237    CLEAR  (SCALE 0-3)  14
DPTR FM NORMAL    11    PTCLDY (SCALE 4-7)   6
TOTAL FM JUL 1  5392    CLOUDY (SCALE 8-10)  1
DPTR FM NORMAL  -720

[CDD (BASE 65) ]
TOTAL THIS MO.     0
DPTR FM NORMAL     0    [PRESSURE DATA]
TOTAL FM JAN 1     0    HIGHEST SLP M ON M
DPTR FM NORMAL     0    LOWEST  SLP 29.40 ON  6

[REMARKS]
