000
CXUS54 KLUB 280812
CF6CDS
PRELIMINARY LOCAL CLIMATOLOGICAL DATA (WS FORM: F-6)

                                          STATION:   CHILDRESS
                                          MONTH:     AUGUST
                                          YEAR:      2014
                                          LATITUDE:   34 25 N
                                          LONGITUDE: 100 17 W

  TEMPERATURE IN F:       :PCPN:    SNOW:  WIND      :SUNSHINE: SKY     :PK WND
================================================================================
1   2   3   4   5  6A  6B    7    8   9   10  11  12  13   14  15   16   17  18
                                     12Z  AVG MX 2MIN
DY MAX MIN AVG DEP HDD CDD  WTR  SNW DPTH SPD SPD DIR MIN PSBL S-S WX    SPD DR
================================================================================

 1  85  64  75  -9   0  10 0.00  0.0    0  4.2 12  60   M    M   0        14  50
 2  91  66  79  -4   0  14 0.00  0.0    0  4.1 10 140   M    M   0        15  20
 3  91  67  79  -4   0  14 0.00  0.0    0  4.8 12 120   M    M   0        17 120
 4  92  66  79  -4   0  14 0.00  0.0    0  7.8 15 110   M    M   0        21 120
 5  95  67  81  -2   0  16 0.00  0.0    0  9.0 16 140   M    M   0        23 140
 6   M   M   M   M   M   M    T  0.0    0 10.0 17 220   M    M   1        23 230
 7 106  70  88   5   0  23    T  0.0    0  8.5 20 250   M    M   0 3      30 250
 8  97  71  84   1   0  19 0.41  0.0    0  9.5 38 200   M    M   2 138    49 200
 9  89  72  81  -2   0  16 0.04  0.0    0  8.1 21 210   M    M   3 3      24 210
10  95  74  85   2   0  20 0.01  0.0    0  6.9 24 210   M    M   2 3      32 190
11  95  72  84   1   0  19 0.01  0.0    0  6.2 15 360   M    M   3        20  70
12  94  67  81  -2   0  16    T  0.0    0  4.6 10 180   M    M   0        12 180
13  98  67  83   0   0  18 0.00  0.0    0  5.9 14 190   M    M   1        17 210
14  99  69  84   1   0  19 0.00  0.0    0 10.8 21 180   M    M   1        29 170
15 102  73  88   6   0  23    T  0.0    0 11.9 31 360   M    M   1        37  10
16 100  73  87   5   0  22 0.00  0.0    0  5.3 21 350   M    M   2        27 360
17 102  69  86   4   0  21    T  0.0    0  6.9 18  10   M    M   0        24  20
18  98  68  83   1   0  18 0.00  0.0    0  8.9 18 190   M    M   0        29 180
19  94  69  82   0   0  17 0.00  0.0    0 10.4 21 140   M    M   1        30 160
20 100  72  86   4   0  21 0.00  0.0    0 14.5 24 190   M    M   0        30 200
21 102  73  88   6   0  23 0.00  0.0    0 13.5 23 180   M    M   0 38     30 180
22 102  75  89   7   0  24 0.00  0.0    0 14.0 25 210   M    M   0 8      31 240
23 101  71  86   5   0  21 0.00  0.0    0 14.5 24 210   M    M   0        32 220
24 101  74  88   7   0  23    T  0.0    0 11.0 24 200   M    M   1 38     31 190
25 100  76  88   7   0  23 0.08  0.0    0  8.4 32 190   M    M   2 3      40 180
26  99  71  85   4   0  20 0.00  0.0    0  6.3 18 140   M    M   1        26 240
27  96  75  86   6   0  21 0.85  0.0    0  8.5 23 220   M    M   3 3      38 290
================================================================================
SM 2524 1831         0 495  1.40     0.0 234.5          M       24
================================================================================
AV 97.1 70.4                               8.7 FASTST   M    M   1    MAX(MPH)
                                 MISC ---->  # 38 200               # 49  200
================================================================================
NOTES:
# LAST OF SEVERAL OCCURRENCES

COLUMN 17 PEAK WIND IN M.P.H.

PRELIMINARY LOCAL CLIMATOLOGICAL DATA (WS FORM: F-6) , PAGE 2

                                          STATION:  CHILDRESS
                                          MONTH:    AUGUST
                                          YEAR:     2014
                                          LATITUDE:   34 25 N
                                          LONGITUDE: 100 17 W

[TEMPERATURE DATA]      [PRECIPITATION DATA]       SYMBOLS USED IN COLUMN 16

AVERAGE MONTHLY: 83.8   TOTAL FOR MONTH:   1.40    1 = FOG OR MIST
DPTR FM NORMAL:   1.4   DPTR FM NORMAL:   -0.87    2 = FOG REDUCING VISIBILITY
HIGHEST:   106 ON  7    GRTST 24HR  0.85 ON 27-27      TO 1/4 MILE OR LESS
LOWEST:     64 ON  1                               3 = THUNDER
                        SNOW, ICE PELLETS, HAIL    4 = ICE PELLETS
                        TOTAL MONTH:   0.0 INCH    5 = HAIL
                        GRTST 24HR     0.0         6 = FREEZING RAIN OR DRIZZLE
                        GRTST DEPTH:   0           7 = DUSTSTORM OR SANDSTORM:
                                                       VSBY 1/2 MILE OR LESS
                                                   8 = SMOKE OR HAZE
[NO. OF DAYS WITH]      [WEATHER - DAYS WITH]      9 = BLOWING SNOW
                                                   X = TORNADO
MAX 32 OR BELOW:   0    0.01 INCH OR MORE:   6
MAX 90 OR ABOVE:  24    0.10 INCH OR MORE:   2
MIN 32 OR BELOW:   0    0.50 INCH OR MORE:   1
MIN  0 OR BELOW:   0    1.00 INCH OR MORE:   0

[HDD (BASE 65) ]
TOTAL THIS MO.     0    CLEAR  (SCALE 0-3)  25
DPTR FM NORMAL     0    PTCLDY (SCALE 4-7)   2
TOTAL FM JUL 1     0    CLOUDY (SCALE 8-10)  0
DPTR FM NORMAL     0

[CDD (BASE 65) ]
TOTAL THIS MO.   495
DPTR FM NORMAL    28    [PRESSURE DATA]
TOTAL FM JAN 1  1794    HIGHEST SLP M ON M
DPTR FM NORMAL    25    LOWEST  SLP 29.72 ON 19

[REMARKS]
