000
CXUS56 KEKA 241230
CF6CEC
PRELIMINARY LOCAL CLIMATOLOGICAL DATA (WS FORM: F-6)

                                          STATION:   CRESCENT CITY CA
                                          MONTH:     MAY
                                          YEAR:      2016
                                          LATITUDE:   41 46 N
                                          LONGITUDE: 124 14 W

  TEMPERATURE IN F:       :PCPN:    SNOW:  WIND      :SUNSHINE: SKY     :PK WND
================================================================================
1   2   3   4   5  6A  6B    7    8   9   10  11  12  13   14  15   16   17  18
                                     12Z  AVG MX 2MIN
DY MAX MIN AVG DEP HDD CDD  WTR  SNW DPTH SPD SPD DIR MIN PSBL S-S WX    SPD DR
================================================================================

 1  72  50  61  10   4   0 0.00  0.0    0  5.9 14 360   M    M   0 8      18 360
 2  62  47  55   4  10   0 0.00  0.0    0  7.8 18 240   M    M   5 18     25 240
 3  56  51  54   3  11   0    T  0.0    0  5.8 17 170   M    M   9 1      22  20
 4  59  50  55   4  10   0 0.02  0.0    0  4.9 14 330   M    M   6 138    18 340
 5  57  48  53   2  12   0 0.00  0.0    0  7.9 26 340   M    M   7 128    35 340
 6  58  47  53   2  12   0 0.00  0.0    0 11.4 24 170   M    M   5 18     39 320
 7  57  50  54   3  11   0 0.00  0.0    0  8.7 23 170   M    M  10 1      30 160
 8  57  46  52   0  13   0 0.00  0.0    0 10.1 24 340   M    M   7 18     32 330
 9  58  45  52   0  13   0 0.00  0.0    0  8.5 22 340   M    M   3 18     28 340
10  61  43  52   0  13   0 0.00  0.0    0  8.2 18 150   M    M   1 18     22 160
11  62  49  56   4   9   0 0.00  0.0    0  9.6 16 190   M    M   5 1      19 180
12  53  48  51  -1  14   0 0.00  0.0    0  4.7 12 190   M    M  10 1      14 180
13  59  50  55   3  10   0 0.00  0.0    0  3.8 14 240   M    M  10        19 110
14  60  52  56   4   9   0    T  0.0    0  4.6 10 200   M    M   9        13 190
15  60  52  56   4   9   0 0.00  0.0    0  7.7 15 330   M    M   9        19 330
16  60  50  55   3  10   0 0.00  0.0    0 12.0 26 340   M    M   3 18     37 330
17  60  48  54   2  11   0 0.00  0.0    0  9.3 22 340   M    M   0 18     30 350
18  58  45  52  -1  13   0 0.00  0.0    0 11.1 25 330   M    M   4 2      34 350
19  56  47  52  -1  13   0 0.00  0.0    0 16.2 25 320   M    M   3        33 320
20  57  43  50  -3  15   0    T    M    0  7.8 16 320   M    M   4 1      20 310
21  57  50  54   1  11   0 0.07  0.0    0 11.1 17 180   M    M   9 1      22 180
22  57  50  54   1  11   0 0.29  0.0    0 10.1 17 160   M    M   8 1      22 150
23  59  50  55   2  10   0 0.00  0.0    0  5.1 10 340   M    M   8        13 310
================================================================================
SM 1355 1111       254   0  0.38     0.0 192.3          M      135
================================================================================
AV 58.9 48.3                               8.4 FASTST   M    M   6    MAX(MPH)
                                 MISC ---->  # 26 340               # 39  320
================================================================================
NOTES:
# LAST OF SEVERAL OCCURRENCES

COLUMN 17 PEAK WIND IN M.P.H.

PRELIMINARY LOCAL CLIMATOLOGICAL DATA (WS FORM: F-6) , PAGE 2

                                          STATION:  CRESCENT CITY CA
                                          MONTH:    MAY
                                          YEAR:     2016
                                          LATITUDE:   41 46 N
                                          LONGITUDE: 124 14 W

[TEMPERATURE DATA]      [PRECIPITATION DATA]       SYMBOLS USED IN COLUMN 16

AVERAGE MONTHLY: 53.6   TOTAL FOR MONTH:   0.38    1 = FOG OR MIST
DPTR FM NORMAL:   1.7   DPTR FM NORMAL:   -1.96    2 = FOG REDUCING VISIBILITY
HIGHEST:    72 ON  1    GRTST 24HR  0.31 ON 21-22      TO 1/4 MILE OR LESS
LOWEST:     43 ON 20,10                            3 = THUNDER
                        SNOW, ICE PELLETS, HAIL    4 = ICE PELLETS
                        TOTAL MONTH:   0.0 INCH    5 = HAIL
                        GRTST 24HR     0.0         6 = FREEZING RAIN OR DRIZZLE
                        GRTST DEPTH:   0           7 = DUSTSTORM OR SANDSTORM:
                                                       VSBY 1/2 MILE OR LESS
                                                   8 = SMOKE OR HAZE
[NO. OF DAYS WITH]      [WEATHER - DAYS WITH]      9 = BLOWING SNOW
                                                   X = TORNADO
MAX 32 OR BELOW:   0    0.01 INCH OR MORE:   3
MAX 90 OR ABOVE:   0    0.10 INCH OR MORE:   1
MIN 32 OR BELOW:   0    0.50 INCH OR MORE:   0
MIN  0 OR BELOW:   0    1.00 INCH OR MORE:   0

[HDD (BASE 65) ]
TOTAL THIS MO.   254    CLEAR  (SCALE 0-3)   5
DPTR FM NORMAL   -47    PTCLDY (SCALE 4-7)  11
TOTAL FM JUL 1  3481    CLOUDY (SCALE 8-10)  7
DPTR FM NORMAL  -977

[CDD (BASE 65) ]
TOTAL THIS MO.     0
DPTR FM NORMAL     0    [PRESSURE DATA]
TOTAL FM JAN 1     0    HIGHEST SLP M ON M
DPTR FM NORMAL     0    LOWEST  SLP 29.82 ON  1

[REMARKS]
