000
CXUS55 KGJT 311000
CF6CEZ
PRELIMINARY LOCAL CLIMATOLOGICAL DATA (WS FORM: F-6)

                                          STATION:   CORTEZ CO
                                          MONTH:     JULY
                                          YEAR:      2015
                                          LATITUDE:   37 17 N
                                          LONGITUDE: 108 38 W

  TEMPERATURE IN F:       :PCPN:    SNOW:  WIND      :SUNSHINE: SKY     :PK WND
================================================================================
1   2   3   4   5  6A  6B    7    8   9   10  11  12  13   14  15   16   17  18
                                     12Z  AVG MX 2MIN
DY MAX MIN AVG DEP HDD CDD  WTR  SNW DPTH SPD SPD DIR MIN PSBL S-S WX    SPD DR
================================================================================

 1  96  63  80  11   0  15    T    M    M  4.9 20 160   M    M   0 3      24 160
 2  93  67  80  11   0  15    T    M    M  9.2 24 180   M    M   3 3      34 190
 3  90  57  74   4   0   9 0.00    M    M  5.7 26  70   M    M   0 3      33  60
 4  93  57  75   5   0  10    T    M    M  7.2 30 130   M    M   3 3      39 140
 5  84  62  73   3   0   8    T    M    M  5.2 24 340   M    M   5        32 330
 6  88  58  73   3   0   8 0.00    M    M  8.3 25 280   M    M   2 3      30 280
 7  76  53  65  -5   0   0 0.32    M    M  4.4 23 360   M    M   4 13     30 360
 8  80  53  67  -4   0   2 0.37    M    M  4.9 31 290   M    M   4 138    37 290
 9  80  54  67  -4   0   2 0.01    M    M  8.8 30 180   M    M   3 3      39 170
10  81  48  65  -6   0   0 0.01    M    M  7.5 22 150   M    M   3 3      28 150
11  86  51  69  -2   0   4 0.01    M    M  7.2 23 150   M    M   2 3      32 240
12  87  53  70  -1   0   5 0.41    M    M  5.7 23 230   M    M   4 13     30 340
13  84  53  69  -3   0   4 0.20    M    M  5.3 21  90   M    M   1 1      26  90
14  80  57  69  -3   0   4 0.31    M    M  8.2 23 230   M    M   2 13     30 230
15  82  51  67  -5   0   2 0.00    M    M  4.7 21 290   M    M   1        25 300
16  86  49  68  -4   0   3 0.00    M    M  6.5 21 350   M    M   0        24 340
17  87  50  69  -3   0   4 0.00    M    M  7.7 17 280   M    M   1 3      25 250
18  83  53  68  -4   0   3    T    M    M  6.2 32 290   M    M   2        40 280
19  80  57  69  -3   0   4 0.01    M    M  5.1 15 280   M    M   3        20 250
20  86  51  69  -3   0   4 0.06    M    M  5.7 23 280   M    M   1 3      30 290
21  83  51  67  -5   0   2 0.00    M    M  5.3 15 290   M    M   3 8      20 290
22  88  49  69  -3   0   4 0.00    M    M  5.3 16 270   M    M   2 8      20 290
23  90  51  71  -1   0   6 0.00    M    M  5.4 17 210   M    M   2        21 210
24  84  54  69  -3   0   4    T    M    M  4.5 18 290   M    M   6        27 240
25  89  47  68  -4   0   3 0.00    M    M  6.0 17 310   M    M   0        25 300
26  87  52  70  -2   0   5    T    M    M  4.3 16  60   M    M   4        20 210
27  92  56  74   2   0   9 0.00    M    M  9.0 23 240   M    M   1        29 250
28  90  45  68  -4   0   3 0.00    M    M  6.1 18 280   M    M   0 8      24 280
29  91  46  69  -3   0   4 0.00    M    M  5.5 18 150   M    M   1        24 130
30  92  51  72   0   0   7 0.22    M    M  7.5 23  80   M    M   2 3      30  90
================================================================================
SM 2588 1599         0 153  1.93    M    187.3          M       65
================================================================================
AV 86.3 53.3                               6.2 FASTST   M    M   2    MAX(MPH)
                                 MISC ---->  # 32 290               # 40  280
================================================================================
NOTES:
# LAST OF SEVERAL OCCURRENCES

COLUMN 17 PEAK WIND IN M.P.H.

PRELIMINARY LOCAL CLIMATOLOGICAL DATA (WS FORM: F-6) , PAGE 2

                                          STATION:  CORTEZ CO
                                          MONTH:    JULY
                                          YEAR:     2015
                                          LATITUDE:   37 17 N
                                          LONGITUDE: 108 38 W

[TEMPERATURE DATA]      [PRECIPITATION DATA]       SYMBOLS USED IN COLUMN 16

AVERAGE MONTHLY: 69.8   TOTAL FOR MONTH:   1.93    1 = FOG OR MIST
DPTR FM NORMAL:  -1.5   DPTR FM NORMAL:    0.73    2 = FOG REDUCING VISIBILITY
HIGHEST:    96 ON  1    GRTST 24HR  0.69 ON  7- 8      TO 1/4 MILE OR LESS
LOWEST:     45 ON 28                               3 = THUNDER
                        SNOW, ICE PELLETS, HAIL    4 = ICE PELLETS
                        TOTAL MONTH:    M          5 = HAIL
                        GRTST 24HR    M  ON   M    6 = FREEZING RAIN OR DRIZZLE
                        GRTST DEPTH:  M  ON   M    7 = DUSTSTORM OR SANDSTORM:
                                                       VSBY 1/2 MILE OR LESS
                                                   8 = SMOKE OR HAZE
[NO. OF DAYS WITH]      [WEATHER - DAYS WITH]      9 = BLOWING SNOW
                                                   X = TORNADO
MAX 32 OR BELOW:   0    0.01 INCH OR MORE:  11
MAX 90 OR ABOVE:   9    0.10 INCH OR MORE:   6
MIN 32 OR BELOW:   0    0.50 INCH OR MORE:   0
MIN  0 OR BELOW:   0    1.00 INCH OR MORE:   0

[HDD (BASE 65) ]
TOTAL THIS MO.     0    CLEAR  (SCALE 0-3)  23
DPTR FM NORMAL     0    PTCLDY (SCALE 4-7)   7
TOTAL FM JUL 1     0    CLOUDY (SCALE 8-10)  0
DPTR FM NORMAL     0

[CDD (BASE 65) ]
TOTAL THIS MO.   153
DPTR FM NORMAL   -38    [PRESSURE DATA]
TOTAL FM JAN 1   268    HIGHEST SLP M ON M
DPTR FM NORMAL    14    LOWEST  SLP 29.69 ON 27

[REMARKS]
