000
CXUS55 KPAH 220641
CF6CGI
PRELIMINARY LOCAL CLIMATOLOGICAL DATA (WS FORM: F-6)

                                          STATION:   CAPE GIRARDEAU MO
                                          MONTH:     NOVEMBER
                                          YEAR:      2017
                                          LATITUDE:   37 13 N
                                          LONGITUDE:  89 35 W

  TEMPERATURE IN F:       :PCPN:    SNOW:  WIND      :SUNSHINE: SKY     :PK WND
================================================================================
1   2   3   4   5  6A  6B    7    8   9   10  11  12  13   14  15   16   17  18
                                     12Z  AVG MX 2MIN
DY MAX MIN AVG DEP HDD CDD  WTR  SNW DPTH SPD SPD DIR MIN PSBL S-S WX    SPD DR
================================================================================

 1  64  40  52  -1  13   0 0.29    M    0  8.1 17 190   M    M  10        24 170
 2  78  63  71  19   0   6    T  0.0    0 14.6 22 200   M    M   7 3      30 200
 3  70  52  61   9   4   0 0.25  0.0    0 11.5 23 350   M    M   6 13     29 360
 4  70  57  64  12   1   0 0.00  0.0    0  9.4 21 200   M    M  10 12     26 210
 5  72  54  63  12   2   0 0.88  0.0    0 16.9 25 200   M    M  10 13     33 200
 6  54  50  52   1  13   0 0.40  0.0    0 10.4 21  20   M    M  10 1      26  20
 7  50  47  49  -1  16   0 0.07    M    0 10.3 18  10   M    M  10 1      23  20
 8  55  34  45  -5  20   0 0.00  0.0    0  7.0 16  10   M    M   4        20  20
 9  61  30  46  -4  19   0 0.00  0.0    0  4.8 20  20   M    M   0 18     23  20
10  46  30  38 -11  27   0 0.00  0.0    0  9.2 17  40   M    M   0        22  80
11  51  29  40  -9  25   0 0.00  0.0    0  3.2  8 140   M    M   1        10 140
12  56  45  51   3  14   0 0.00  0.0    0  5.2 16 350   M    M  10        20  10
13  51  36  44  -4  21   0 0.00  0.0    0  6.5 15  30   M    M   5        19  10
14  53  29  41  -7  24   0 0.00  0.0    0  3.3 10 150   M    M   6 128    14 140
15  54  39  47   0  18   0 0.21    M    0  6.1 16 190   M    M   9 123    26 180
16  50  32  41  -6  24   0 0.00  0.0    0  4.9 12  20   M    M   2 12     16  20
17  64  30  47   1  18   0 0.00    M    0 10.7 22 170   M    M   7 18     36 180
18  71  42  57  11   8   0 0.26    M    0 19.1 35 330   M    M   8 13     51 320
19  46  26  36  -9  29   0 0.00    M    0  7.6 21 340   M    M   0        28 340
20  52  25  39  -6  26   0 0.00  0.0    0  8.4 20 190   M    M   0        25 190
21  55  35  45   1  20   0 0.00  0.0    0  9.0 23  10   M    M   0        32 360
================================================================================
SM 1223  825       342   6  2.36     0.0 186.2          M      115
================================================================================
AV 58.2 39.3                               8.9 FASTST   M    M   5    MAX(MPH)
                                 MISC ---->  # 35 330               # 51  320
================================================================================
NOTES:
# LAST OF SEVERAL OCCURRENCES

COLUMN 17 PEAK WIND IN M.P.H.

PRELIMINARY LOCAL CLIMATOLOGICAL DATA (WS FORM: F-6) , PAGE 2

                                          STATION:  CAPE GIRARDEAU MO
                                          MONTH:    NOVEMBER
                                          YEAR:     2017
                                          LATITUDE:   37 13 N
                                          LONGITUDE:  89 35 W

[TEMPERATURE DATA]      [PRECIPITATION DATA]       SYMBOLS USED IN COLUMN 16

AVERAGE MONTHLY: 48.8   TOTAL FOR MONTH:   2.36    1 = FOG OR MIST
DPTR FM NORMAL:   0.0   DPTR FM NORMAL:   -0.67    2 = FOG REDUCING VISIBILITY
HIGHEST:    78 ON  2    GRTST 24HR  0.88 ON  5- 5      TO 1/4 MILE OR LESS
LOWEST:     25 ON 20                               3 = THUNDER
                        SNOW, ICE PELLETS, HAIL    4 = ICE PELLETS
                        TOTAL MONTH:   0.0 INCH    5 = HAIL
                        GRTST 24HR     0.0         6 = FREEZING RAIN OR DRIZZLE
                        GRTST DEPTH:   0           7 = DUSTSTORM OR SANDSTORM:
                                                       VSBY 1/2 MILE OR LESS
                                                   8 = SMOKE OR HAZE
[NO. OF DAYS WITH]      [WEATHER - DAYS WITH]      9 = BLOWING SNOW
                                                   X = TORNADO
MAX 32 OR BELOW:   0    0.01 INCH OR MORE:   7
MAX 90 OR ABOVE:   0    0.10 INCH OR MORE:   6
MIN 32 OR BELOW:   8    0.50 INCH OR MORE:   1
MIN  0 OR BELOW:   0    1.00 INCH OR MORE:   0

[HDD (BASE 65) ]
TOTAL THIS MO.   342    CLEAR  (SCALE 0-3)   7
DPTR FM NORMAL    -2    PTCLDY (SCALE 4-7)   7
TOTAL FM JUL 1   584    CLOUDY (SCALE 8-10)  7
DPTR FM NORMAL   -63

[CDD (BASE 65) ]
TOTAL THIS MO.     6
DPTR FM NORMAL     6    [PRESSURE DATA]
TOTAL FM JAN 1  1492    HIGHEST SLP M ON M
DPTR FM NORMAL    41    LOWEST  SLP 29.28 ON 18

[REMARKS]
