000
CXUS54 KMRX 261252
CF6CHA
PRELIMINARY LOCAL CLIMATOLOGICAL DATA (WS FORM: F-6)

                                          STATION:   CHATTANOOGA  ASOS
                                          MONTH:     MARCH
                                          YEAR:      2017
                                          LATITUDE:   35  1 N
                                          LONGITUDE:  85 12 W

  TEMPERATURE IN F:       :PCPN:    SNOW:  WIND      :SUNSHINE: SKY     :PK WND
================================================================================
1   2   3   4   5  6A  6B    7    8   9   10  11  12  13   14  15   16   17  18
                                     12Z  AVG MX 2MIN
DY MAX MIN AVG DEP HDD CDD  WTR  SNW DPTH SPD SPD DIR MIN PSBL S-S WX    SPD DR
================================================================================

 1  75  51  63  15   2   0 0.35  0.0    0 10.6 29 310   M    M   9 135    39 320
 2  58  39  49   1  16   0 0.00  0.0    0 11.0 23 350   M    M   3        29 360
 3  54  31  43  -6  22   0 0.00  0.0    0  5.9 20 340   M    M   0        24 320
 4  64  30  47  -2  18   0 0.00  0.0    0  2.0  9 160   M    M   4        13  30
 5  68  35  52   3  13   0 0.00  0.0    0  3.4 16 210   M    M   6        22 140
 6  72  51  62  13   3   0 0.01  0.0    0  7.7 20 200   M    M   8        28 180
 7  63  57  60  10   5   0 0.61  0.0    0  8.6 16 170   M    M   8 138    26 160
 8  70  40  55   5  10   0 0.00  0.0    0  3.3 15 350   M    M   1 1      20  10
 9  75  35  55   5  10   0 0.00  0.0    0  3.5 16 210   M    M   2        23 210
10  63  44  54   4  11   0 0.38  0.0    0 11.5 29 270   M    M   5 3      42 280
11  45  33  39 -12  26   0 0.07    T    0 10.1 16  10   M    M   6 14     21  40
12  56  33  45  -6  20   0 0.05    T    0  6.2 15  40   M    M   5 1      20 350
13  47  35  41 -10  24   0 0.50  0.0    0  5.9 14 170   M    M   9 18     19 190
14  43  30  37 -15  28   0    T  0.0    0  9.8 22 300   M    M   8 148    27 320
15  42  27  35 -17  30   0    T  0.0    0 11.6 25 360   M    M   4        30 360
16  54  24  39 -13  26   0 0.00  0.0    0  3.5 10 260   M    M   1        15  30
17  64  34  49  -3  16   0 0.00  0.0    0  5.8 16 200   M    M   7        24 170
18  70  49  60   7   5   0 0.10  0.0    0 12.6 23 290   M    M   7        33 290
19  61  38  50  -3  15   0 0.00  0.0    0  8.2 18 340   M    M   1        24 360
20  77  38  58   5   7   0    T  0.0    0  3.8 15 320   M    M   6 3      18 170
21  84  54  69  15   0   4 0.41  0.0    0  3.7 33 280   M    M   6 138    46 290
22  64  49  57   3   8   0 0.00  0.0    0 11.1 22  10   M    M   5        28  10
23  66  41  54   0  11   0 0.00  0.0    0  7.0 18 160   M    M   4        26 170
24  72  58  65  11   0   0 0.00  0.0    0  9.2 17 160   M    M   8        25 160
25  78  60  69  14   0   4 0.07  0.0    0  9.6 20 200   M    M   6        25 190
================================================================================
SM 1585 1016       326   8  2.55    T    185.6          M      129
================================================================================
AV 63.4 40.6                               7.4 FASTST   M    M   5    MAX(MPH)
                                 MISC ---->  # 33 280               # 46  290
================================================================================
NOTES:
# LAST OF SEVERAL OCCURRENCES

COLUMN 17 PEAK WIND IN M.P.H.

PRELIMINARY LOCAL CLIMATOLOGICAL DATA (WS FORM: F-6) , PAGE 2

                                          STATION:  CHATTANOOGA  ASOS
                                          MONTH:    MARCH
                                          YEAR:     2017
                                          LATITUDE:   35  1 N
                                          LONGITUDE:  85 12 W

[TEMPERATURE DATA]      [PRECIPITATION DATA]       SYMBOLS USED IN COLUMN 16

AVERAGE MONTHLY: 52.0   TOTAL FOR MONTH:   2.55    1 = FOG OR MIST
DPTR FM NORMAL:   0.7   DPTR FM NORMAL:   -1.47    2 = FOG REDUCING VISIBILITY
HIGHEST:    84 ON 21    GRTST 24HR  0.61 ON  7- 7      TO 1/4 MILE OR LESS
LOWEST:     24 ON 16                               3 = THUNDER
                        SNOW, ICE PELLETS, HAIL    4 = ICE PELLETS
                        TOTAL MONTH:    T          5 = HAIL
                        GRTST 24HR    T  ON 12-12  6 = FREEZING RAIN OR DRIZZLE
                        GRTST DEPTH:   0           7 = DUSTSTORM OR SANDSTORM:
                                                       VSBY 1/2 MILE OR LESS
                                                   8 = SMOKE OR HAZE
[NO. OF DAYS WITH]      [WEATHER - DAYS WITH]      9 = BLOWING SNOW
                                                   X = TORNADO
MAX 32 OR BELOW:   0    0.01 INCH OR MORE:  10
MAX 90 OR ABOVE:   0    0.10 INCH OR MORE:   6
MIN 32 OR BELOW:   5    0.50 INCH OR MORE:   2
MIN  0 OR BELOW:   0    1.00 INCH OR MORE:   0

[HDD (BASE 65) ]
TOTAL THIS MO.   326    CLEAR  (SCALE 0-3)   6
DPTR FM NORMAL   -19    PTCLDY (SCALE 4-7)  16
TOTAL FM JUL 1  2137    CLOUDY (SCALE 8-10)  3
DPTR FM NORMAL  -830

[CDD (BASE 65) ]
TOTAL THIS MO.     8
DPTR FM NORMAL     8    [PRESSURE DATA]
TOTAL FM JAN 1     8    HIGHEST SLP M ON M
DPTR FM NORMAL     8    LOWEST  SLP 29.80 ON  1

[REMARKS]
