000
CXUS51 KLWX 200620
CF6CHO
PRELIMINARY LOCAL CLIMATOLOGICAL DATA (WS FORM: F-6)

                                          STATION:   CHARLOTTESVILLE VA
                                          MONTH:     SEPTEMBER
                                          YEAR:      2017
                                          LATITUDE:   38  7 N
                                          LONGITUDE:  78 27 W

  TEMPERATURE IN F:       :PCPN:    SNOW:  WIND      :SUNSHINE: SKY     :PK WND
================================================================================
1   2   3   4   5  6A  6B    7    8   9   10  11  12  13   14  15   16   17  18
                                     12Z  AVG MX 2MIN
DY MAX MIN AVG DEP HDD CDD  WTR  SNW DPTH SPD SPD DIR MIN PSBL S-S WX    SPD DR
================================================================================

 1  72  55  64  -8   1   0 0.27    M    M  7.1 16  40   M    M   8 1      21  40
 2  62  55  59 -12   6   0 0.32    M    M  5.9 15  40   M    M  10 1      19  50
 3  83  58  71   0   0   6 0.00    M    M  3.5  9 310   M    M   3 12     14 320
 4  85  56  71   0   0   6 0.00    M    M  6.0 16 190   M    M   0        19 200
 5  87  65  76   5   0  11 0.22    M    M  6.8 17 340   M    M   3 13     27 270
 6  68  58  63  -7   2   0 1.02    M    M  2.4  9 100   M    M   9 12     13 100
 7  73  52  63  -7   2   0 0.00    M    M  2.7  9 220   M    M   3 12     16 260
 8  77  52  65  -5   0   0 0.00    M    M  2.3  9  20   M    M   3        13 320
 9  73  52  63  -6   2   0 0.00    M    M  3.9 12  40   M    M   3        16  30
10  71  46  59 -10   6   0 0.00    M    M  4.2 16  40   M    M   1 8      21  60
11  70  49  60  -9   5   0 0.00    M    M  4.2 13  50   M    M   1 18     15  50
12  78  58  68   0   0   3 0.08    M    M  4.2 15  30   M    M   8 1      17  50
13  81  66  74   6   0   9 0.04    M    M  4.2 17 180   M    M   7 1      20 170
14  80  65  73   5   0   8    T    M    M  2.8 10 200   M    M   4        13 290
15  83  61  72   5   0   7 0.00    M    M  1.8  7 290   M    M   5 1       8  40
16  83  67  75   8   0  10 0.00    M    M  0.8  7 190   M    M   9 18      9 160
17  85  64  75   9   0  10 0.00    M    M  1.7  8  80   M    M   6 18     10 100
18  83  64  74   8   0   9 0.00    M    M  4.1 13  60   M    M   5 18     16  50
19  86  64  75   9   0  10 0.00    M    M  2.5  8  60   M    M   1 18     12  20
================================================================================
SM 1480 1107        24  89  1.95    M     71.1          M       89
================================================================================
AV 77.9 58.3                               3.7 FASTST   M    M   5    MAX(MPH)
                                 MISC ---->  # 17 340               # 27  270
================================================================================
NOTES:
# LAST OF SEVERAL OCCURRENCES

COLUMN 17 PEAK WIND IN M.P.H.

PRELIMINARY LOCAL CLIMATOLOGICAL DATA (WS FORM: F-6) , PAGE 2

                                          STATION:  CHARLOTTESVILLE VA
                                          MONTH:    SEPTEMBER
                                          YEAR:     2017
                                          LATITUDE:   38  7 N
                                          LONGITUDE:  78 27 W

[TEMPERATURE DATA]      [PRECIPITATION DATA]       SYMBOLS USED IN COLUMN 16

AVERAGE MONTHLY: 68.1   TOTAL FOR MONTH:   1.95    1 = FOG OR MIST
DPTR FM NORMAL:  -0.8   DPTR FM NORMAL:   -0.55    2 = FOG REDUCING VISIBILITY
HIGHEST:    87 ON  5    GRTST 24HR  1.02 ON  6- 6      TO 1/4 MILE OR LESS
LOWEST:     46 ON 10                               3 = THUNDER
                        SNOW, ICE PELLETS, HAIL    4 = ICE PELLETS
                        TOTAL MONTH:    M          5 = HAIL
                        GRTST 24HR    M  ON   M    6 = FREEZING RAIN OR DRIZZLE
                        GRTST DEPTH:  M  ON   M    7 = DUSTSTORM OR SANDSTORM:
                                                       VSBY 1/2 MILE OR LESS
                                                   8 = SMOKE OR HAZE
[NO. OF DAYS WITH]      [WEATHER - DAYS WITH]      9 = BLOWING SNOW
                                                   X = TORNADO
MAX 32 OR BELOW:   0    0.01 INCH OR MORE:   6
MAX 90 OR ABOVE:   0    0.10 INCH OR MORE:   4
MIN 32 OR BELOW:   0    0.50 INCH OR MORE:   1
MIN  0 OR BELOW:   0    1.00 INCH OR MORE:   1

[HDD (BASE 65) ]
TOTAL THIS MO.    24    CLEAR  (SCALE 0-3)   7
DPTR FM NORMAL     9    PTCLDY (SCALE 4-7)   7
TOTAL FM JUL 1    24    CLOUDY (SCALE 8-10)  5
DPTR FM NORMAL     6

[CDD (BASE 65) ]
TOTAL THIS MO.    89
DPTR FM NORMAL    -1    [PRESSURE DATA]
TOTAL FM JAN 1  1407    HIGHEST SLP M ON M
DPTR FM NORMAL   407    LOWEST  SLP 29.73 ON  5

[REMARKS]
