000
CXUS52 KCHS 290915
CF6CHS
PRELIMINARY LOCAL CLIMATOLOGICAL DATA (WS FORM: F-6)

                                          STATION:   NORTH CHARLESTON SC
                                          MONTH:     AUGUST
                                          YEAR:      2014
                                          LATITUDE:   32 54 N
                                          LONGITUDE:  80  2 W

  TEMPERATURE IN F:       :PCPN:    SNOW:  WIND      :SUNSHINE: SKY     :PK WND
================================================================================
1   2   3   4   5  6A  6B    7    8   9   10  11  12  13   14  15   16   17  18
                                     12Z  AVG MX 2MIN
DY MAX MIN AVG DEP HDD CDD  WTR  SNW DPTH SPD SPD DIR MIN PSBL S-S WX    SPD DR
================================================================================

 1  90  74  82   0   0  17 0.00  0.0    0  5.0 16 140   M    M   6        20 130
 2  80  75  78  -4   0  13 0.02  0.0    0  5.2 10  20   M    M   8 138    14  20
 3  84  74  79  -3   0  14 0.82  0.0    0  7.7 16 100   M    M   7 13     41 130
 4  84  73  79  -3   0  14    T  0.0    0  6.2 13  40   M    M   8 1      20  10
 5  93  74  84   2   0  19 0.00  0.0    0  6.8 15 360   M    M   5        20  10
 6  94  76  85   3   0  20 0.00  0.0    0  6.1 14 260   M    M   2 1      22 280
 7  97  77  87   5   0  22 0.00  0.0    0  6.0 14 300   M    M   3        20 280
 8  94  75  85   3   0  20 0.72  0.0    0  4.5 22 120   M    M   6 13     24 100
 9  93  78  86   4   0  21 0.25  0.0    0  3.2 21 110   M    M   6 138    24 110
10  90  76  83   1   0  18 4.02  0.0    0  3.4 23 120   M    M   7 13     26 120
11  90  75  83   2   0  18 0.01  0.0    0  4.1 17 190   M    M   6 1238   21 180
12  92  76  84   3   0  19 0.90  0.0    0  4.2 22 300   M    M   6 13     32 300
13  93  77  85   4   0  20 0.00  0.0    0  7.6 15 260   M    M   4        20 260
14  89  72  81   0   0  16 0.00  0.0    0  5.2 13 150   M    M   3        16 140
15  90  72  81   0   0  16 0.00  0.0    0  5.0 13 150   M    M   5        17 140
16  95  76  86   5   0  21 0.00  0.0    0  5.0 14 180   M    M   4        26 260
17  95  77  86   5   0  21 0.00  0.0    0  6.5 14 250   M    M   1        20 250
18  95  76  86   5   0  21 0.34  0.0    0  8.6 23 330   M    M   4 13     29 350
19  94  76  85   4   0  20 0.00  0.0    0 10.3 21 230   M    M   5        25 230
20  96  75  86   5   0  21 0.00  0.0    0  6.3 13 300   M    M   2        17 260
21  97  76  87   7   0  22 0.00  0.0    0  4.3 12 320   M    M   2        15 320
22  99  79  89   9   0  24 0.00  0.0    0  5.2 13 280   M    M   3 1      18 240
23  99  80  90  10   0  25 0.00  0.0    0  6.2 14  50   M    M   3        18  40
24  89  74  82   2   0  17    T  0.0    0 11.4 17  40   M    M   6        24  50
25  86  67  77  -3   0  12 0.00  0.0    0 11.6 16  40   M    M   3        22  50
26  89  70  80   0   0  15 0.00  0.0    0 10.0 16  10   M    M   4        22  10
27  90  65  78  -2   0  13 0.00  0.0    0  5.5 16  20   M    M   1        21  40
28  92  69  81   1   0  16 0.00  0.0    0  4.8 15 180   M    M   1        18 190
================================================================================
SM 2569 2084         0 515  7.08     0.0 175.9          M      121
================================================================================
AV 91.8 74.4                               6.3 FASTST   M    M   4    MAX(MPH)
                                 MISC ---->  # 23 120               # 41  130
================================================================================
NOTES:
# LAST OF SEVERAL OCCURRENCES

COLUMN 17 PEAK WIND IN M.P.H.

PRELIMINARY LOCAL CLIMATOLOGICAL DATA (WS FORM: F-6) , PAGE 2

                                          STATION:  NORTH CHARLESTON SC
                                          MONTH:    AUGUST
                                          YEAR:     2014
                                          LATITUDE:   32 54 N
                                          LONGITUDE:  80  2 W

[TEMPERATURE DATA]      [PRECIPITATION DATA]       SYMBOLS USED IN COLUMN 16

AVERAGE MONTHLY: 83.1   TOTAL FOR MONTH:   7.08    1 = FOG OR MIST
DPTR FM NORMAL:   2.0   DPTR FM NORMAL:    0.65    2 = FOG REDUCING VISIBILITY
HIGHEST:    99 ON 23,22 GRTST 24HR  4.04 ON  9-10      TO 1/4 MILE OR LESS
LOWEST:     65 ON 27                               3 = THUNDER
                        SNOW, ICE PELLETS, HAIL    4 = ICE PELLETS
                        TOTAL MONTH:   0.0 INCH    5 = HAIL
                        GRTST 24HR     0.0         6 = FREEZING RAIN OR DRIZZLE
                        GRTST DEPTH:   0           7 = DUSTSTORM OR SANDSTORM:
                                                       VSBY 1/2 MILE OR LESS
                                                   8 = SMOKE OR HAZE
[NO. OF DAYS WITH]      [WEATHER - DAYS WITH]      9 = BLOWING SNOW
                                                   X = TORNADO
MAX 32 OR BELOW:   0    0.01 INCH OR MORE:   8
MAX 90 OR ABOVE:  21    0.10 INCH OR MORE:   6
MIN 32 OR BELOW:   0    0.50 INCH OR MORE:   4
MIN  0 OR BELOW:   0    1.00 INCH OR MORE:   1

[HDD (BASE 65) ]
TOTAL THIS MO.     0    CLEAR  (SCALE 0-3)   9
DPTR FM NORMAL     0    PTCLDY (SCALE 4-7)  19
TOTAL FM JUL 1     0    CLOUDY (SCALE 8-10)  0
DPTR FM NORMAL     0

[CDD (BASE 65) ]
TOTAL THIS MO.   515
DPTR FM NORMAL    65    [PRESSURE DATA]
TOTAL FM JAN 1  2109    HIGHEST SLP M ON M
DPTR FM NORMAL   347    LOWEST  SLP 29.83 ON M

[REMARKS]
