000
CXUS55 KOHX 011010
CF6CKV
PRELIMINARY LOCAL CLIMATOLOGICAL DATA (WS FORM: F-6)

                                          STATION:   CLARKSVILLE
                                          MONTH:     OCTOBER
                                          YEAR:      2014
                                          LATITUDE:   36 37 N
                                          LONGITUDE:  87 25 W

  TEMPERATURE IN F:       :PCPN:    SNOW:  WIND      :SUNSHINE: SKY     :PK WND
================================================================================
1   2   3   4   5  6A  6B    7    8   9   10  11  12  13   14  15   16   17  18
                                     12Z  AVG MX 2MIN
DY MAX MIN AVG DEP HDD CDD  WTR  SNW DPTH SPD SPD DIR MIN PSBL S-S WX    SPD DR
================================================================================

 1  88  54  71   7   0   6 0.00    M    M  4.0 14 200   M    M   1 18     18 200
 2  89  62  76  12   0  11 0.01    M    M  9.3 25 190   M    M   5 18     33 190
 3  76  46  61  -2   4   0 0.41    M    M 11.3 33 330   M    M   7 13     42 320
 4  60  34  47 -16  18   0 0.00    M    M  8.5 23 280   M    M   0        31 280
 5  74  34  54  -8  11   0    T    M    M  9.1 23 210   M    M   3 13     33 210
 6  76  52  64   2   1   0 0.20    M    M  9.6 23 210   M    M   2 13     30 200
 7  79  61  70   8   0   5 0.32    M    M 10.3 25 210   M    M   3 13     33 210
 8  81  53  67   6   0   2 0.00    M    M  2.2 10 350   M    M   1 128    13 350
 9  81  53  67   6   0   2 0.15    M    M  5.7 24 320   M    M   3 13     31 310
10  73  58  66   5   0   1 1.25    M    M  4.1 15 350   M    M   9 13     18 340
11  58  55  57  -3   8   0 0.01    M    M  6.4 13 360   M    M  10 1      17 350
12  74  56  65   5   0   0 0.16    M    M  6.2 10 160   M    M   7 123    15 150
13  79  65  72  12   0   7 2.90    M    M 12.7 22 290   M    M   8 13     31 150
14  66  54  60   1   5   0 0.47    M    M 11.5 22 240   M    M   8 18     28 240
15  57  53  55  -4  10   0 0.17    M    M  7.3 15 290   M    M   9 1      19 290
16  63  50  57  -2   8   0    T    M    M  5.8 10 180   M    M   6 1      14 280
17  77  48  63   5   2   0 0.00    M    M  7.8 17 310   M    M   0 1      22 300
18  64  41  53  -5  12   0 0.00    M    M  8.1 18 340   M    M   4 1      22 340
19  63  40  52  -6  13   0 0.00    M    M  2.6 12 130   M    M   0 18     15 130
20  69  43  56  -2   9   0    T    M    M  5.3 15 200   M    M   2 12     18 220
21  72  46  59   2   6   0 0.00    M    M  6.4 18 330   M    M   0 1      23 310
22  64  41  53  -4  12   0 0.00    M    M  5.4 14 360   M    M   0 8      17  70
23  64  34  49  -8  16   0 0.00    M    M  3.0 12 120   M    M   0 12     15 110
24  70  39  55  -1  10   0 0.00    M    M  1.7  8 310   M    M   2 128    10 310
25  79  44  62   6   3   0 0.00    M    M  3.5 13 270   M    M   2 128    18 270
26  82  49  66  10   0   1 0.00    M    M  2.3  9 220   M    M   4 12     12 220
27  83  59  71  15   0   6 0.00    M    M 10.3 24 210   M    M   0 1      33 180
28  70  51  61   6   4   0 0.19    M    M  6.9 17 340   M    M   7 1      23 340
29  67  40  54  -1  11   0 0.03    M    M  4.8 18 320   M    M   3 12     25 310
30  62  35  49  -5  16   0    T    M    M  1.2  9  90   M    M   2 8      11 330
31  51  39  45  -9  20   0 0.05    M    M 14.4 31 350   M    M   9 1      44 340
================================================================================
SM 2211 1489       199  41  6.32    M    207.7          M      117
================================================================================
AV 71.3 48.0                               6.7 FASTST   M    M   4    MAX(MPH)
                                 MISC ---->  # 33 330               # 44  340
================================================================================
NOTES:
# LAST OF SEVERAL OCCURRENCES

COLUMN 17 PEAK WIND IN M.P.H.

PRELIMINARY LOCAL CLIMATOLOGICAL DATA (WS FORM: F-6) , PAGE 2

                                          STATION:  CLARKSVILLE
                                          MONTH:    OCTOBER
                                          YEAR:     2014
                                          LATITUDE:   36 37 N
                                          LONGITUDE:  87 25 W

[TEMPERATURE DATA]      [PRECIPITATION DATA]       SYMBOLS USED IN COLUMN 16

AVERAGE MONTHLY: 59.7   TOTAL FOR MONTH:   6.32    1 = FOG OR MIST
DPTR FM NORMAL:   0.8   DPTR FM NORMAL:    2.41    2 = FOG REDUCING VISIBILITY
HIGHEST:    89 ON  2    GRTST 24HR  2.90 ON 13-13      TO 1/4 MILE OR LESS
LOWEST:     34 ON 23, 5                            3 = THUNDER
                        SNOW, ICE PELLETS, HAIL    4 = ICE PELLETS
                        TOTAL MONTH:    M          5 = HAIL
                        GRTST 24HR    M  ON   M    6 = FREEZING RAIN OR DRIZZLE
                        GRTST DEPTH:  M  ON   M    7 = DUSTSTORM OR SANDSTORM:
                                                       VSBY 1/2 MILE OR LESS
                                                   8 = SMOKE OR HAZE
[NO. OF DAYS WITH]      [WEATHER - DAYS WITH]      9 = BLOWING SNOW
                                                   X = TORNADO
MAX 32 OR BELOW:   0    0.01 INCH OR MORE:  14
MAX 90 OR ABOVE:   0    0.10 INCH OR MORE:  10
MIN 32 OR BELOW:   0    0.50 INCH OR MORE:   2
MIN  0 OR BELOW:   0    1.00 INCH OR MORE:   2

[HDD (BASE 65) ]
TOTAL THIS MO.   199    CLEAR  (SCALE 0-3)  17
DPTR FM NORMAL   -21    PTCLDY (SCALE 4-7)   8
TOTAL FM JUL 1   225    CLOUDY (SCALE 8-10)  6
DPTR FM NORMAL   -24

[CDD (BASE 65) ]
TOTAL THIS MO.    41
DPTR FM NORMAL    10    [PRESSURE DATA]
TOTAL FM JAN 1  1483    HIGHEST SLP 30.29 ON 22
DPTR FM NORMAL    53    LOWEST  SLP 29.58 ON 14

[REMARKS]
#FINAL-10-14#
