000
CXUS55 KOHX 201010
CF6CKV
PRELIMINARY LOCAL CLIMATOLOGICAL DATA (WS FORM: F-6)

                                          STATION:   CLARKSVILLE
                                          MONTH:     AUGUST
                                          YEAR:      2014
                                          LATITUDE:   36 37 N
                                          LONGITUDE:  87 25 W

  TEMPERATURE IN F:       :PCPN:    SNOW:  WIND      :SUNSHINE: SKY     :PK WND
================================================================================
1   2   3   4   5  6A  6B    7    8   9   10  11  12  13   14  15   16   17  18
                                     12Z  AVG MX 2MIN
DY MAX MIN AVG DEP HDD CDD  WTR  SNW DPTH SPD SPD DIR MIN PSBL S-S WX    SPD DR
================================================================================

 1  91  59  75  -3   0  10 0.00    M    M  3.0 13  60   M    M   1 1      17  30
 2  92  64  78   0   0  13 0.00    M    M  6.3 17  10   M    M   3        23  20
 3  92  64  78   0   0  13 0.00    M    M  5.6 14  30   M    M   2        19  60
 4  92  61  77  -1   0  12 0.00    M    M  4.5 13 360   M    M   1        23  80
 5  93  61  77  -1   0  12 0.00    M    M  4.0 13 290   M    M   1 18     16 270
 6  96  66  81   3   0  16 0.00    M    M  4.6 15 330   M    M   1 18     22 280
 7  93  68  81   3   0  16 0.65    M    M  4.6 21  40   M    M   2 138    31  40
 8  87  70  79   1   0  14 0.03    M    M  6.8 15 200   M    M   4 1      21 240
 9  88  70  79   1   0  14 0.02    M    M  5.6 16 290   M    M   5 13     21 270
10  90  70  80   2   0  15 0.00    M    M  3.2 14 310   M    M   4 128    19 310
11  89  72  81   3   0  16 0.03    M    M  7.3 28 330   M    M   5 13     33 330
12  86  61  74  -4   0   9 0.00    M    M  8.9 21 320   M    M   2 1      25 290
13  85  55  70  -8   0   5 0.00    M    M  3.8 14  20   M    M   2        20  20
14  87  55  71  -7   0   6 0.00  0.0    0  2.7 10 340   M    M   0        13  60
15  89  59  74  -4   0   9 0.00  0.0    0  3.3 10  30   M    M   2        14 340
16  87  67  77   0   0  12    T  0.0    0  4.4 13 280   M    M   1        16 280
17  80  70  75  -2   0  10 0.92  0.0    0  7.3 16 200   M    M   5 13     21 190
18  86  70  78   1   0  13 0.00    M    M  5.2 12 310   M    M   6 12     17 260
19  89  71  80   3   0  15 0.00  0.0    0  6.7 15 190   M    M   5 1      19 200
================================================================================
SM 1692 1233         0 230  1.65     0.0  97.8          M       52
================================================================================
AV 89.1 64.9                               5.1 FASTST   M    M   3    MAX(MPH)
                                 MISC ---->  # 28 330               # 33  330
================================================================================
NOTES:
# LAST OF SEVERAL OCCURRENCES

COLUMN 17 PEAK WIND IN M.P.H.

PRELIMINARY LOCAL CLIMATOLOGICAL DATA (WS FORM: F-6) , PAGE 2

                                          STATION:  CLARKSVILLE
                                          MONTH:    AUGUST
                                          YEAR:     2014
                                          LATITUDE:   36 37 N
                                          LONGITUDE:  87 25 W

[TEMPERATURE DATA]      [PRECIPITATION DATA]       SYMBOLS USED IN COLUMN 16

AVERAGE MONTHLY: 77.0   TOTAL FOR MONTH:   1.65    1 = FOG OR MIST
DPTR FM NORMAL:  -0.8   DPTR FM NORMAL:   -0.22    2 = FOG REDUCING VISIBILITY
HIGHEST:    96 ON  6    GRTST 24HR  0.92 ON 17-17      TO 1/4 MILE OR LESS
LOWEST:     55 ON 14,13                            3 = THUNDER
                        SNOW, ICE PELLETS, HAIL    4 = ICE PELLETS
                        TOTAL MONTH:   0.0 INCH    5 = HAIL
                        GRTST 24HR     0.0         6 = FREEZING RAIN OR DRIZZLE
                        GRTST DEPTH:   0           7 = DUSTSTORM OR SANDSTORM:
                                                       VSBY 1/2 MILE OR LESS
                                                   8 = SMOKE OR HAZE
[NO. OF DAYS WITH]      [WEATHER - DAYS WITH]      9 = BLOWING SNOW
                                                   X = TORNADO
MAX 32 OR BELOW:   0    0.01 INCH OR MORE:   5
MAX 90 OR ABOVE:   8    0.10 INCH OR MORE:   2
MIN 32 OR BELOW:   0    0.50 INCH OR MORE:   2
MIN  0 OR BELOW:   0    1.00 INCH OR MORE:   0

[HDD (BASE 65) ]
TOTAL THIS MO.     0    CLEAR  (SCALE 0-3)  12
DPTR FM NORMAL     0    PTCLDY (SCALE 4-7)   7
TOTAL FM JUL 1     0    CLOUDY (SCALE 8-10)  0
DPTR FM NORMAL     0

[CDD (BASE 65) ]
TOTAL THIS MO.   230
DPTR FM NORMAL   -13    [PRESSURE DATA]
TOTAL FM JAN 1  1076    HIGHEST SLP M ON M
DPTR FM NORMAL   -10    LOWEST  SLP 29.85 ON M

[REMARKS]
