000
CXUS55 KOHX 271010
CF6CKV
PRELIMINARY LOCAL CLIMATOLOGICAL DATA (WS FORM: F-6)

                                          STATION:   CLARKSVILLE
                                          MONTH:     MARCH
                                          YEAR:      2015
                                          LATITUDE:   36 37 N
                                          LONGITUDE:  87 25 W

  TEMPERATURE IN F:       :PCPN:    SNOW:  WIND      :SUNSHINE: SKY     :PK WND
================================================================================
1   2   3   4   5  6A  6B    7    8   9   10  11  12  13   14  15   16   17  18
                                     12Z  AVG MX 2MIN
DY MAX MIN AVG DEP HDD CDD  WTR  SNW DPTH SPD SPD DIR MIN PSBL S-S WX    SPD DR
================================================================================

 1  47  34  41  -3  24   0 0.18    M    M  5.0 14 330   M    M  10 1      15 330
 2  45  28  37  -7  28   0 0.02    M    M  9.3 18 350   M    M   5 1      22  10
 3  64  39  52   7  13   0 0.15    M    M 10.3 22 310   M    M  10 1      29 310
 4  53  20  37  -8  28   0 1.68    M    M 14.6 23 350   M    M  10 16     31 360
 5  27   8  18 -27  47   0 0.03    M    M 12.8 21 350   M    M   6 18     27  10
 6  34   0  17 -29  48   0 0.00    M    M  3.4 12 190   M    M   0 1      13 200
 7  53  19  36 -10  29   0 0.00    M    M  6.2 18 200   M    M   0        22 240
 8  60  28  44  -2  21   0 0.00    M    M  5.4 15 230   M    M   3        23 230
 9  55  43  49   2  16   0 0.12    M    M  2.2  9  90   M    M  10 1      10  90
10  66  49  58  11   7   0 0.93    M    M  8.3 18 230   M    M   9 1      22 230
11  57  40  49   2  16   0 0.00    M    M  5.0 12 360   M    M   8 128    14  30
12  69  35  52   4  13   0 0.00  0.0    0  7.2 17  80   M    M   7 12     21  80
13  59  55  57   9   8   0 1.16    M    M  9.0 15 160   M    M  10 1      20 170
14  62  49  56   8   9   0 0.08    M    0  6.3 14 340   M    M   6 1      16 350
15  70  42  56   7   9   0 0.00    M    M  2.8  9  10   M    M   0        11  10
16  77  36  57   8   8   0 0.00  0.0    0  4.5 15 210   M    M   0 1      19 240
17  68  44  56   7   9   0 0.00    M    M 12.0 22  10   M    M   1        28  10
18  50  38  44  -6  21   0    T    M    M 10.0 18  60   M    M   5        22  40
19  53  41  47  -3  18   0 0.10    M    0  6.9 13  70   M    M  10        15  80
20  54  39  47  -3  18   0 0.04    M    0  4.9 10 350   M    M   9 18     13 320
21  66  36  51   1  14   0 0.00  0.0    0  1.0  8 310   M    M   0 1      10 340
22  62  48  55   4  10   0 0.00  0.0    0  5.0 15 100   M    M   2        19 100
23  72  38  55   4  10   0 0.00    M    M  3.5  9  40   M    M   1        13  40
24  73  41  57   6   8   0 0.00  0.0    0  6.4 22 200   M    M   0        34 200
25  78  59  69  17   0   4 0.00  0.0    0 11.2 20 200   M    M   3        26 190
26  67  34  51  -1  14   0 0.28    M    0 10.3 22 340   M    M   8 13     29 330
================================================================================
SM 1541  943       446   4  4.77     0.0 183.5          M      133
================================================================================
AV 59.3 36.3                               7.1 FASTST   M    M   5    MAX(MPH)
                                 MISC ---->  # 23 350               # 34  200
================================================================================
NOTES:
# LAST OF SEVERAL OCCURRENCES

COLUMN 17 PEAK WIND IN M.P.H.

PRELIMINARY LOCAL CLIMATOLOGICAL DATA (WS FORM: F-6) , PAGE 2

                                          STATION:  CLARKSVILLE
                                          MONTH:    MARCH
                                          YEAR:     2015
                                          LATITUDE:   36 37 N
                                          LONGITUDE:  87 25 W

[TEMPERATURE DATA]      [PRECIPITATION DATA]       SYMBOLS USED IN COLUMN 16

AVERAGE MONTHLY: 47.8   TOTAL FOR MONTH:   4.77    1 = FOG OR MIST
DPTR FM NORMAL:  -0.3   DPTR FM NORMAL:    1.48    2 = FOG REDUCING VISIBILITY
HIGHEST:    78 ON 25    GRTST 24HR  1.68 ON  4- 4      TO 1/4 MILE OR LESS
LOWEST:      0 ON  6                               3 = THUNDER
                        SNOW, ICE PELLETS, HAIL    4 = ICE PELLETS
                        TOTAL MONTH:   0.0 INCH    5 = HAIL
                        GRTST 24HR     0.0         6 = FREEZING RAIN OR DRIZZLE
                        GRTST DEPTH:   0           7 = DUSTSTORM OR SANDSTORM:
                                                       VSBY 1/2 MILE OR LESS
                                                   8 = SMOKE OR HAZE
[NO. OF DAYS WITH]      [WEATHER - DAYS WITH]      9 = BLOWING SNOW
                                                   X = TORNADO
MAX 32 OR BELOW:   1    0.01 INCH OR MORE:  12
MAX 90 OR ABOVE:   0    0.10 INCH OR MORE:   8
MIN 32 OR BELOW:   6    0.50 INCH OR MORE:   3
MIN  0 OR BELOW:   1    1.00 INCH OR MORE:   2

[HDD (BASE 65) ]
TOTAL THIS MO.   446    CLEAR  (SCALE 0-3)  11
DPTR FM NORMAL     1    PTCLDY (SCALE 4-7)   7
TOTAL FM JUL 1  3979    CLOUDY (SCALE 8-10)  8
DPTR FM NORMAL   349

[CDD (BASE 65) ]
TOTAL THIS MO.     4
DPTR FM NORMAL     4    [PRESSURE DATA]
TOTAL FM JAN 1     4    HIGHEST SLP M ON M
DPTR FM NORMAL     2    LOWEST  SLP 29.73 ON 26

[REMARKS]
