000
CXUS51 KCLE 011409
CF6CLE
PRELIMINARY LOCAL CLIMATOLOGICAL DATA (WS FORM: F-6)

                                          STATION:   CLEVELAND OH
                                          MONTH:     AUGUST
                                          YEAR:      2015
                                          LATITUDE:   41 24 N
                                          LONGITUDE:  81 51 W

  TEMPERATURE IN F:       :PCPN:    SNOW:  WIND      :SUNSHINE: SKY     :PK WND
================================================================================
1   2   3   4   5  6A  6B    7    8   9   10  11  12  13   14  15   16   17  18
                                     12Z  AVG MX 2MIN
DY MAX MIN AVG DEP HDD CDD  WTR  SNW DPTH SPD SPD DIR MIN PSBL S-S WX    SPD DR
================================================================================

 1  83  61  72  -1   0   7 0.00  0.0    0  8.5 21 260   M    M   2        27 260
 2  90  64  77   4   0  12 0.00  0.0    0 11.7 23 200   M    M   4        30 190
 3  83  63  73   0   0   8 0.34  0.0    0 10.4 32 340   M    M   6 13     48 350
 4  83  59  71  -2   0   6 0.00  0.0    0  8.6 20 260   M    M   4        27 260
 5  77  59  68  -5   0   3 0.00  0.0    0  7.8 16 340   M    M   4        22 360
 6  76  58  67  -6   0   2 0.00  0.0    0 10.2 22  20   M    M   7        26  30
 7  79  56  68  -5   0   3 0.00  0.0    0  8.9 20  30   M    M   5        24  40
 8  81  62  72  -1   0   7 0.00  0.0    0  5.0 15  20   M    M   7        23  30
 9  84  64  74   1   0   9 0.00  0.0    0  3.8 13 350   M    M   8 1      18 350
10  86  67  77   4   0  12 0.87  0.0    0  6.8 28  20   M    M   8 123    34  20
11  77  62  70  -2   0   5 0.33  0.0    0  8.8 25 280   M    M   7 13     33 270
12  74  58  66  -6   0   1    T  0.0    0  9.3 17 340   M    M   6        24 320
13  81  56  69  -3   0   4 0.00  0.0    0  9.7 17 240   M    M   4        22 240
14  84  67  76   4   0  11 0.49  0.0    0 10.4 20 350   M    M   7 13     26  10
15  82  66  74   2   0   9 0.02  0.0    0  5.2 14  10   M    M   5        16  10
16  87  64  76   4   0  11 0.00  0.0    0  5.8 13 240   M    M   3        15 220
17  85  69  77   5   0  12 0.00  0.0    0  7.3 13 240   M    M   5        19 240
18  83  71  77   5   0  12    T  0.0    0  5.9 12  50   M    M   8        15  70
19  89  69  79   7   0  14 0.21  0.0    0 10.5 28 180   M    M   7 13     36 230
20  76  61  69  -3   0   4 0.09  0.0    0 12.4 23 240   M    M   7 1      29 240
21  77  55  66  -6   0   1 0.00  0.0    0  7.9 15 330   M    M   2        22 310
22  79  54  67  -5   0   2 0.00  0.0    0  6.5 17  30   M    M   2        21  10
23  84  58  71   0   0   6 0.04  0.0    0  6.6 16 180   M    M   4        20 180
24  76  58  67  -4   0   2    T  0.0    0 10.3 23 260   M    M   5        26 260
25  68  56  62  -9   3   0 0.02  0.0    0  9.9 17 240   M    M   8 1      21 270
26  62  56  59 -12   6   0 0.05  0.0    0  6.3 13 240   M    M   9        15 270
27  71  55  63  -8   2   0 0.01  0.0    0  6.5 13 350   M    M   6        20 340
28  78  51  65  -6   0   0 0.00  0.0    0  4.4 12 360   M    M   4        15  10
29  84  58  71   1   0   6 0.04  0.0    0  4.4 13  20   M    M   8 3      15  40
30  85  67  76   6   0  11 0.34  0.0    0  6.0 16 240   M    M   7 13     21 230
31  85  67  76   6   0  11 0.00  0.0    0  5.4 13  10   M    M   4        17 290
================================================================================
SM 2489 1891        11 191  2.85     0.0 241.2          M      173
================================================================================
AV 80.3 61.0                               7.8 FASTST   M    M   6    MAX(MPH)
                                 MISC ---->  # 32 340               # 48  350
================================================================================
NOTES:
# LAST OF SEVERAL OCCURRENCES

COLUMN 17 PEAK WIND IN M.P.H.

PRELIMINARY LOCAL CLIMATOLOGICAL DATA (WS FORM: F-6) , PAGE 2

                                          STATION:  CLEVELAND OH
                                          MONTH:    AUGUST
                                          YEAR:     2015
                                          LATITUDE:   41 24 N
                                          LONGITUDE:  81 51 W

[TEMPERATURE DATA]      [PRECIPITATION DATA]       SYMBOLS USED IN COLUMN 16

AVERAGE MONTHLY: 70.6   TOTAL FOR MONTH:   2.85    1 = FOG OR MIST
DPTR FM NORMAL:  -1.4   DPTR FM NORMAL:   -0.66    2 = FOG REDUCING VISIBILITY
HIGHEST:    90 ON  2    GRTST 24HR  1.00 ON 10-11      TO 1/4 MILE OR LESS
LOWEST:     51 ON 28                               3 = THUNDER
                        SNOW, ICE PELLETS, HAIL    4 = ICE PELLETS
                        TOTAL MONTH:   0.0 INCH    5 = HAIL
                        GRTST 24HR     0.0         6 = FREEZING RAIN OR DRIZZLE
                        GRTST DEPTH:   0           7 = DUSTSTORM OR SANDSTORM:
                                                       VSBY 1/2 MILE OR LESS
                                                   8 = SMOKE OR HAZE
[NO. OF DAYS WITH]      [WEATHER - DAYS WITH]      9 = BLOWING SNOW
                                                   X = TORNADO
MAX 32 OR BELOW:   0    0.01 INCH OR MORE:  13
MAX 90 OR ABOVE:   1    0.10 INCH OR MORE:   6
MIN 32 OR BELOW:   0    0.50 INCH OR MORE:   1
MIN  0 OR BELOW:   0    1.00 INCH OR MORE:   0

[HDD (BASE 65) ]
TOTAL THIS MO.    11    CLEAR  (SCALE 0-3)   4
DPTR FM NORMAL     3    PTCLDY (SCALE 4-7)  24
TOTAL FM JUL 1    14    CLOUDY (SCALE 8-10)  3
DPTR FM NORMAL     2

[CDD (BASE 65) ]
TOTAL THIS MO.   191
DPTR FM NORMAL   -32    [PRESSURE DATA]
TOTAL FM JAN 1   669    HIGHEST SLP 30.24 ON 28
DPTR FM NORMAL   -46    LOWEST  SLP 29.67 ON  3

[REMARKS]
#FINAL-08-15#
