000
CXUS51 KILN 300548
CF6CMH
PRELIMINARY LOCAL CLIMATOLOGICAL DATA (WS FORM: F-6)

                                          STATION:   COLUMBUS OH
                                          MONTH:     SEPTEMBER
                                          YEAR:      2014
                                          LATITUDE:   40  0 N
                                          LONGITUDE:  82 53 W

  TEMPERATURE IN F:       :PCPN:    SNOW:  WIND      :SUNSHINE: SKY     :PK WND
================================================================================
1   2   3   4   5  6A  6B    7    8   9   10  11  12  13   14  15   16   17  18
                                     12Z  AVG MX 2MIN
DY MAX MIN AVG DEP HDD CDD  WTR  SNW DPTH SPD SPD DIR MIN PSBL S-S WX    SPD DR
================================================================================

 1  87  73  80   8   0  15 0.15  0.0    0  8.2 20 210   M    M   9 18     29 190
 2  82  69  76   4   0  11 0.30  0.0    0  6.4 17 270   M    M   7 13     22 270
 3  85  66  76   5   0  11 0.00  0.0    0  2.5 10 220   M    M   5 128    13 220
 4  89  65  77   6   0  12 0.00  0.0    0  2.8 12 200   M    M   2        16 230
 5  91  73  82  11   0  17 0.00  0.0    0  6.9 15 200   M    M   4        21 230
 6  80  62  71   1   0   6 0.01  0.0    0  6.2 20 330   M    M   7 38     28 330
 7  78  57  68  -2   0   3 0.00  0.0    0  4.1 14  40   M    M   2        21  20
 8  80  59  70   0   0   5 0.00  0.0    0  5.6 13 120   M    M   5        16 120
 9  84  66  75   6   0  10 0.00  0.0    0  4.5 17 190   M    M   6        23 170
10  85  68  77   8   0  12    T  0.0    0 10.9 24 210   M    M   8        32 190
11  80  60  70   1   0   5 0.15  0.0    0 10.7 28 190   M    M   9 1      37 190
12  66  58  62  -6   3   0 0.00  0.0    0  5.6 13  40   M    M  10        16  20
13  68  53  61  -7   4   0    T  0.0    0  7.8 21 320   M    M   7        26 340
14  70  47  59  -9   6   0 0.00  0.0    0  2.8 12 100   M    M   4        15 120
15  73  48  61  -6   4   0    T  0.0    0  5.6 17 150   M    M   6        23 150
16  67  51  59  -8   6   0 0.00  0.0    0  3.9 13 340   M    M   7 18     18 340
17  72  49  61  -5   4   0 0.00  0.0    0  2.0 10 220   M    M   5 8      15 180
18  75  50  63  -3   2   0 0.00  0.0    0  5.1 15  40   M    M   3 18     24  50
19  77  53  65  -1   0   0 0.00  0.0    0  5.5 12  60   M    M   2        22  40
20  85  59  72   7   0   7 0.00  0.0    0  8.3 20 230   M    M   6 18     25 220
21  82  57  70   5   0   5    T  0.0    0 16.6 33 290   M    M   5        41 270
22  66  49  58  -6   7   0 0.00  0.0    0  5.8 18 350   M    M   5        23 360
23  74  45  60  -4   5   0 0.00  0.0    0  2.2 10  40   M    M   0        13  40
24  77  51  64   1   1   0 0.00  0.0    0  4.9 14 100   M    M   1        17 100
25  80  50  65   2   0   0 0.00  0.0    0  3.5 10  40   M    M   1        16  50
26  81  52  67   4   0   2 0.00  0.0    0  3.9 12  40   M    M   2        15  50
27  81  55  68   6   0   3 0.00  0.0    0  4.2 14  60   M    M   5        16  50
28  83  53  68   6   0   3 0.00  0.0    0  1.3  9 310   M    M   6        12 300
29  84  57  71  10   0   6 0.00  0.0    0  2.4 12 320   M    M   4        15 340
================================================================================
SM 2282 1655        42 133  0.61     0.0 160.2          M      143
================================================================================
AV 78.7 57.1                               5.5 FASTST   M    M   5    MAX(MPH)
                                 MISC ---->  # 33 290               # 41  270
================================================================================
NOTES:
# LAST OF SEVERAL OCCURRENCES

COLUMN 17 PEAK WIND IN M.P.H.

PRELIMINARY LOCAL CLIMATOLOGICAL DATA (WS FORM: F-6) , PAGE 2

                                          STATION:  COLUMBUS OH
                                          MONTH:    SEPTEMBER
                                          YEAR:     2014
                                          LATITUDE:   40  0 N
                                          LONGITUDE:  82 53 W

[TEMPERATURE DATA]      [PRECIPITATION DATA]       SYMBOLS USED IN COLUMN 16

AVERAGE MONTHLY: 67.9   TOTAL FOR MONTH:   0.61    1 = FOG OR MIST
DPTR FM NORMAL:   0.9   DPTR FM NORMAL:   -2.14    2 = FOG REDUCING VISIBILITY
HIGHEST:    91 ON  5    GRTST 24HR  1.31 ON 31- 1      TO 1/4 MILE OR LESS
LOWEST:     45 ON 23                               3 = THUNDER
                        SNOW, ICE PELLETS, HAIL    4 = ICE PELLETS
                        TOTAL MONTH:   0.0 INCH    5 = HAIL
                        GRTST 24HR     0.0         6 = FREEZING RAIN OR DRIZZLE
                        GRTST DEPTH:   0           7 = DUSTSTORM OR SANDSTORM:
                                                       VSBY 1/2 MILE OR LESS
                                                   8 = SMOKE OR HAZE
[NO. OF DAYS WITH]      [WEATHER - DAYS WITH]      9 = BLOWING SNOW
                                                   X = TORNADO
MAX 32 OR BELOW:   0    0.01 INCH OR MORE:   4
MAX 90 OR ABOVE:   1    0.10 INCH OR MORE:   3
MIN 32 OR BELOW:   0    0.50 INCH OR MORE:   0
MIN  0 OR BELOW:   0    1.00 INCH OR MORE:   0

[HDD (BASE 65) ]
TOTAL THIS MO.    42    CLEAR  (SCALE 0-3)   8
DPTR FM NORMAL   -21    PTCLDY (SCALE 4-7)  17
TOTAL FM JUL 1    42    CLOUDY (SCALE 8-10)  4
DPTR FM NORMAL   -21

[CDD (BASE 65) ]
TOTAL THIS MO.   133
DPTR FM NORMAL    13    [PRESSURE DATA]
TOTAL FM JAN 1  1155    HIGHEST SLP 30.40 ON 24
DPTR FM NORMAL   146    LOWEST  SLP 29.72 ON 11

[REMARKS]
