000
CXUS53 KTOP 280800
CF6CNK
PRELIMINARY LOCAL CLIMATOLOGICAL DATA (WS FORM: F-6)

                                          STATION:   Concordia KS
                                          MONTH:     JULY
                                          YEAR:      2016
                                          LATITUDE:   39 32 N
                                          LONGITUDE:  97 39 W

  TEMPERATURE IN F:       :PCPN:    SNOW:  WIND      :SUNSHINE: SKY     :PK WND
================================================================================
1   2   3   4   5  6A  6B    7    8   9   10  11  12  13   14  15   16   17  18
                                     12Z  AVG MX 2MIN
DY MAX MIN AVG DEP HDD CDD  WTR  SNW DPTH SPD SPD DIR MIN PSBL S-S WX    SPD DR
================================================================================

 1  82  66  74  -4   0   9    T  0.0    0  7.9 16 130   M    M   3        23 140
 2  74  66  70  -8   0   5 0.20  0.0    0  8.4 15  80   M    M  10 13     20  90
 3  67  61  64 -14   1   0 0.63  0.0    0  7.5 14  80   M    M  10 1      18  60
 4  87  63  75  -3   0  10 0.00  0.0    0  5.2 14 180   M    M   6 1      18 200
 5 100  73  87   8   0  22 0.00  0.0    0 10.9 20 190   M    M   0 1      25 190
 6  96  71  84   5   0  19 0.00  0.0    0  8.8 24 290   M    M   0        30 280
 7  93  67  80   1   0  15 1.09  0.0    0 11.8 23 130   M    M   3 13     36 150
 8  90  70  80   1   0  15 0.00  0.0    0  7.3 13 130   M    M   0        18  80
 9  94  69  82   3   0  17 0.00  0.0    0  8.9 18 150   M    M   1 1      22 160
10  96  73  85   6   0  20 0.00  0.0    0 17.3 25 170   M    M   0        33 180
11  96  75  86   7   0  21 0.30  0.0    0 19.7 29 170   M    M   0 3      46 280
12  85  68  77  -2   0  12 0.19  0.0    0  8.3 24 210   M    M   2 13     31 160
13  92  65  79   0   0  14 0.61  0.0    0  8.1 38 210   M    M   1 13     50 260
14  88  67  78  -1   0  13    T  0.0    0  4.8 20 190   M    M   0        22 190
15  77  65  71  -8   0   6 0.05  0.0    0  8.4 25  20   M    M   2 1      33  20
16  91  64  78  -1   0  13 0.01  0.0    0 11.8 25 160   M    M   2        32 170
17  95  71  83   4   0  18 0.37  0.0    0 13.1 25 170   M    M   2 13     32 170
18  94  74  84   5   0  19 0.00  0.0    0 12.6 21 180   M    M   1        25 190
19  94  74  84   5   0  19 0.00  0.0    0 12.7 21 200   M    M   0        27 170
20  98  77  88   9   0  23 0.00  0.0    0 17.0 24 190   M    M   0        32 190
21 100  78  89  10   0  24 0.00  0.0    0 14.1 22 180   M    M   0        28 190
22  96  76  86   7   0  21 0.07  0.0    0 11.9 20  30   M    M   0 3      28 350
23  98  72  85   6   0  20 0.32  0.0    0 14.3 23 190   M    M   1 13     29 260
24  84  69  77  -2   0  12 0.01  0.0    0  7.0 18  50   M    M   3 3      24  50
25  85  67  76  -3   0  11 0.58  0.0    0  5.1 20  90   M    M   3 13     27  80
26  87  62  75  -4   0  10 0.00  0.0    0  4.6 13 120   M    M   0        17 120
27  89  67  78  -1   0  13    T  0.0    0  4.2 18 150   M    M   1        23 150
================================================================================
SM 2428 1870         1 401  4.43     0.0 271.7          M       51
================================================================================
AV 89.9 69.3                              10.1 FASTST   M    M   2    MAX(MPH)
                                 MISC ---->  # 38 210               # 50  260
================================================================================
NOTES:
# LAST OF SEVERAL OCCURRENCES

COLUMN 17 PEAK WIND IN M.P.H.

PRELIMINARY LOCAL CLIMATOLOGICAL DATA (WS FORM: F-6) , PAGE 2

                                          STATION:  Concordia KS
                                          MONTH:    JULY
                                          YEAR:     2016
                                          LATITUDE:   39 32 N
                                          LONGITUDE:  97 39 W

[TEMPERATURE DATA]      [PRECIPITATION DATA]       SYMBOLS USED IN COLUMN 16

AVERAGE MONTHLY: 79.6   TOTAL FOR MONTH:   4.43    1 = FOG OR MIST
DPTR FM NORMAL:   0.7   DPTR FM NORMAL:    0.95    2 = FOG REDUCING VISIBILITY
HIGHEST:   100 ON 21, 5 GRTST 24HR  1.09 ON  7- 7      TO 1/4 MILE OR LESS
LOWEST:     61 ON  3                               3 = THUNDER
                        SNOW, ICE PELLETS, HAIL    4 = ICE PELLETS
                        TOTAL MONTH:   0.0 INCH    5 = HAIL
                        GRTST 24HR     0.0         6 = FREEZING RAIN OR DRIZZLE
                        GRTST DEPTH:   0           7 = DUSTSTORM OR SANDSTORM:
                                                       VSBY 1/2 MILE OR LESS
                                                   8 = SMOKE OR HAZE
[NO. OF DAYS WITH]      [WEATHER - DAYS WITH]      9 = BLOWING SNOW
                                                   X = TORNADO
MAX 32 OR BELOW:   0    0.01 INCH OR MORE:  13
MAX 90 OR ABOVE:  16    0.10 INCH OR MORE:   9
MIN 32 OR BELOW:   0    0.50 INCH OR MORE:   4
MIN  0 OR BELOW:   0    1.00 INCH OR MORE:   1

[HDD (BASE 65) ]
TOTAL THIS MO.     1    CLEAR  (SCALE 0-3)  24
DPTR FM NORMAL     1    PTCLDY (SCALE 4-7)   1
TOTAL FM JUL 1     1    CLOUDY (SCALE 8-10)  2
DPTR FM NORMAL     1

[CDD (BASE 65) ]
TOTAL THIS MO.   401
DPTR FM NORMAL    27    [PRESSURE DATA]
TOTAL FM JAN 1   882    HIGHEST SLP M ON M
DPTR FM NORMAL   154    LOWEST  SLP 29.65 ON 11

[REMARKS]
