000
CXUS54 KMAF 161100
CF6CNM
PRELIMINARY LOCAL CLIMATOLOGICAL DATA (WS FORM: F-6)

                                          STATION:   Carlsbad
                                          MONTH:     APRIL
                                          YEAR:      2014
                                          LATITUDE:   32 20 N
                                          LONGITUDE: 104 15 W

  TEMPERATURE IN F:       :PCPN:    SNOW:  WIND      :SUNSHINE: SKY     :PK WND
================================================================================
1   2   3   4   5  6A  6B    7    8   9   10  11  12  13   14  15   16   17  18
                                     12Z  AVG MX 2MIN
DY MAX MIN AVG DEP HDD CDD  WTR  SNW DPTH SPD SPD DIR MIN PSBL S-S WX    SPD DR
================================================================================

 1  88  45  67   8   0   2 0.00  0.0    0 10.3 29 260   M    M   0        36 230
 2  86  52  69  10   0   4    T  0.0    0 11.0 30 260   M    M   0        40 260
 3  73  47  60   0   5   0    T    M    0 16.1 37 260   M    M   0        47 280
 4  65  31  48 -12  17   0 0.00  0.0    0  8.2 18 160   M    M   0        25 150
 5  78  39  59  -1   6   0 0.00  0.0    0  8.2 25 280   M    M   1        32 250
 6  71  46  59  -1   6   0    T    M    0  9.9 32 330   M    M   2        36 290
 7  71  43  57  -4   8   0    T    M    0 11.1 29 310   M    M   1        34  10
 8  78  36  57  -4   8   0 0.00  0.0    0  6.9 17 150   M    M   0        22 120
 9  91  40  66   5   0   1 0.00  0.0    0  8.6 21 240   M    M   0        29 250
10  91  45  68   6   0   3 0.00  0.0    0  9.2 22 250   M    M   0        28 260
11  90  51  71   9   0   6 0.00  0.0    0  7.7 16 250   M    M   0        19 250
12  87  54  71   9   0   6 0.00  0.0    0 11.8 36 220   M    M   0        45 230
13  85  49  67   5   0   2    T    M    0 18.1 46 330   M    M   0 8      58 340
14  54  33  44 -19  21   0 0.00  0.0    0 16.0 29 360   M    M   4 8      38  10
15  72  28  50 -13  15   0 0.00  0.0    0 13.4 25 170   M    M   0        33 170
================================================================================
SM 1180  639        86  24    T      0.0 166.5          M        8
================================================================================
AV 78.7 42.6                              11.1 FASTST   M    M   1    MAX(MPH)
                                 MISC ---->  # 46 330               # 58  340
================================================================================
NOTES:
# LAST OF SEVERAL OCCURRENCES

COLUMN 17 PEAK WIND IN M.P.H.

PRELIMINARY LOCAL CLIMATOLOGICAL DATA (WS FORM: F-6) , PAGE 2

                                          STATION:  Carlsbad
                                          MONTH:    APRIL
                                          YEAR:     2014
                                          LATITUDE:   32 20 N
                                          LONGITUDE: 104 15 W

[TEMPERATURE DATA]      [PRECIPITATION DATA]       SYMBOLS USED IN COLUMN 16

AVERAGE MONTHLY: 60.6   TOTAL FOR MONTH:      T    1 = FOG OR MIST
DPTR FM NORMAL:  -0.4   DPTR FM NORMAL:   -0.27    2 = FOG REDUCING VISIBILITY
HIGHEST:    91 ON 10, 9 GRTST 24HR    T  ON 13-13      TO 1/4 MILE OR LESS
LOWEST:     28 ON 15                               3 = THUNDER
                        SNOW, ICE PELLETS, HAIL    4 = ICE PELLETS
                        TOTAL MONTH:   0.0 INCH    5 = HAIL
                        GRTST 24HR     0.0         6 = FREEZING RAIN OR DRIZZLE
                        GRTST DEPTH:   0           7 = DUSTSTORM OR SANDSTORM:
                                                       VSBY 1/2 MILE OR LESS
                                                   8 = SMOKE OR HAZE
[NO. OF DAYS WITH]      [WEATHER - DAYS WITH]      9 = BLOWING SNOW
                                                   X = TORNADO
MAX 32 OR BELOW:   0    0.01 INCH OR MORE:   0
MAX 90 OR ABOVE:   3    0.10 INCH OR MORE:   0
MIN 32 OR BELOW:   2    0.50 INCH OR MORE:   0
MIN  0 OR BELOW:   0    1.00 INCH OR MORE:   0

[HDD (BASE 65) ]
TOTAL THIS MO.    86    CLEAR  (SCALE 0-3)  14
DPTR FM NORMAL     5    PTCLDY (SCALE 4-7)   1
TOTAL FM JUL 1  2714    CLOUDY (SCALE 8-10)  0
DPTR FM NORMAL   -51

[CDD (BASE 65) ]
TOTAL THIS MO.    24
DPTR FM NORMAL     3    [PRESSURE DATA]
TOTAL FM JAN 1    37    HIGHEST SLP M ON M
DPTR FM NORMAL     6    LOWEST  SLP 29.54 ON 13

[REMARKS]
