000
CXUS55 KPUB 281059
CF6COS
PRELIMINARY LOCAL CLIMATOLOGICAL DATA (WS FORM: F-6)

                                          STATION:   COLORADO SPRINGS CO
                                          MONTH:     AUGUST
                                          YEAR:      2015
                                          LATITUDE:   38 49 N
                                          LONGITUDE: 104 43 W

  TEMPERATURE IN F:       :PCPN:    SNOW:  WIND      :SUNSHINE: SKY     :PK WND
================================================================================
1   2   3   4   5  6A  6B    7    8   9   10  11  12  13   14  15   16   17  18
                                     12Z  AVG MX 2MIN
DY MAX MIN AVG DEP HDD CDD  WTR  SNW DPTH SPD SPD DIR MIN PSBL S-S WX    SPD DR
================================================================================

 1  87  57  72   2   0   7 0.00  0.0    0  6.5 30 120   M    M   6 3      37 120
 2  87  61  74   4   0   9    T  0.0    0  8.6 23 350   M    M   7        27 360
 3  77  59  68  -2   0   3 0.06  0.0    0  6.6 35 140   M    M   8 13     43 130
 4  91  54  73   3   0   8 0.00  0.0    0  8.2 21 290   M    M   4        28 120
 5  92  55  74   4   0   9 0.00  0.0    0  9.6 23 140   M    M   3        28 140
 6  94  60  77   7   0  12 0.00  0.0    0  8.1 21  50   M    M   5        27  30
 7  91  61  76   6   0  11    T  0.0    0  8.2 22 340   M    M   6 38     29 340
 8  85  65  75   5   0  10 0.02  0.0    0  7.1 15  70   M    M   7 3      19  70
 9  85  60  73   3   0   8 0.30  0.0    0  8.5 30  20   M    M   5 3      35  20
10  80  58  69  -1   0   4 0.44  0.0    0 10.3 28  60   M    M   8 3      33  70
11  80  60  70   1   0   5    T  0.0    0  6.1 16 150   M    M   8 3      21 110
12  89  59  74   5   0   9    T  0.0    0  7.4 24 290   M    M   6 3      31 300
13  90  65  78   9   0  13 0.25  0.0    0  9.2 37  20   M    M   6 3      44  20
14  88  60  74   5   0   9 0.01  0.0    0  8.4 29 310   M    M   5 3      34 310
15  93  63  78   9   0  13 0.02  0.0    0  9.0 32  60   M    M   7 3      37  50
16  86  63  75   6   0  10 0.56  0.0    0  9.3 37 310   M    M   6 3      50 310
17  84  58  71   2   0   6    T  0.0    0  6.7 35 230   M    M   8 138    42 230
18  73  54  64  -5   1   0 0.00  0.0    0 13.3 35 350   M    M   5        42 350
19  66  51  59  -9   6   0 0.00  0.0    0  8.4 18 350   M    M   7        23 140
20  83  45  64  -4   1   0 0.00  0.0    0  6.0 17 140   M    M   2        21 110
21  88  53  71   3   0   6 0.00  0.0    0  6.8 17 310   M    M   2 8      23 310
22  91  56  74   6   0   9 0.00  0.0    0 11.6 32  30   M    M   4 8      39  30
23  74  53  64  -4   1   0 0.00  0.0    0 12.3 28 160   M    M   6 8      32 150
24  87  48  68   0   0   3 0.00  0.0    0  6.3 16 130   M    M   3 8      19 160
25  91  59  75   7   0  10 0.00  0.0    0  8.4 26 230   M    M   4 3      33 230
26  90  56  73   6   0   8 0.00  0.0    0  9.3 22 170   M    M   7        30 170
27  83  58  71   4   0   6 0.02  0.0    0  8.1 25 360   M    M   7 3      32  10
================================================================================
SM 2305 1551         9 188  1.68     0.0 228.3          M      152
================================================================================
AV 85.4 57.4                               8.5 FASTST   M    M   6    MAX(MPH)
                                 MISC ---->  # 37  20               # 50  310
================================================================================
NOTES:
# LAST OF SEVERAL OCCURRENCES

COLUMN 17 PEAK WIND IN M.P.H.

PRELIMINARY LOCAL CLIMATOLOGICAL DATA (WS FORM: F-6) , PAGE 2

                                          STATION:  COLORADO SPRINGS CO
                                          MONTH:    AUGUST
                                          YEAR:     2015
                                          LATITUDE:   38 49 N
                                          LONGITUDE: 104 43 W

[TEMPERATURE DATA]      [PRECIPITATION DATA]       SYMBOLS USED IN COLUMN 16

AVERAGE MONTHLY: 71.4   TOTAL FOR MONTH:   1.68    1 = FOG OR MIST
DPTR FM NORMAL:   2.4   DPTR FM NORMAL:   -1.30    2 = FOG REDUCING VISIBILITY
HIGHEST:    94 ON  6    GRTST 24HR  0.74 ON  9-10      TO 1/4 MILE OR LESS
LOWEST:     45 ON 20                               3 = THUNDER
                        SNOW, ICE PELLETS, HAIL    4 = ICE PELLETS
                        TOTAL MONTH:   0.0 INCH    5 = HAIL
                        GRTST 24HR     0.0         6 = FREEZING RAIN OR DRIZZLE
                        GRTST DEPTH:   0           7 = DUSTSTORM OR SANDSTORM:
                                                       VSBY 1/2 MILE OR LESS
                                                   8 = SMOKE OR HAZE
[NO. OF DAYS WITH]      [WEATHER - DAYS WITH]      9 = BLOWING SNOW
                                                   X = TORNADO
MAX 32 OR BELOW:   0    0.01 INCH OR MORE:   9
MAX 90 OR ABOVE:   9    0.10 INCH OR MORE:   4
MIN 32 OR BELOW:   0    0.50 INCH OR MORE:   1
MIN  0 OR BELOW:   0    1.00 INCH OR MORE:   0

[HDD (BASE 65) ]
TOTAL THIS MO.     9    CLEAR  (SCALE 0-3)   4
DPTR FM NORMAL    -3    PTCLDY (SCALE 4-7)  23
TOTAL FM JUL 1    19    CLOUDY (SCALE 8-10)  0
DPTR FM NORMAL    -3

[CDD (BASE 65) ]
TOTAL THIS MO.   188
DPTR FM NORMAL    66    [PRESSURE DATA]
TOTAL FM JAN 1   492    HIGHEST SLP M ON M
DPTR FM NORMAL    86    LOWEST  SLP 29.68 ON 18

[REMARKS]
