000
CXUS55 KRIW 190945
CF6CPR
PRELIMINARY LOCAL CLIMATOLOGICAL DATA (WS FORM: F-6)

                                          STATION:   CASPER WY
                                          MONTH:     NOVEMBER
                                          YEAR:      2017
                                          LATITUDE:   42 55 N
                                          LONGITUDE: 106 28 W

  TEMPERATURE IN F:       :PCPN:    SNOW:  WIND      :SUNSHINE: SKY     :PK WND
================================================================================
1   2   3   4   5  6A  6B    7    8   9   10  11  12  13   14  15   16   17  18
                                     12Z  AVG MX 2MIN
DY MAX MIN AVG DEP HDD CDD  WTR  SNW DPTH SPD SPD DIR MIN PSBL S-S WX    SPD DR
================================================================================

 1  63  29  46   6  19   0 0.07  0.1    0 20.6 40 250   M    M   8 1      50 240
 2  32  26  29 -10  36   0 0.08  1.4    T  7.5 15  30   M    M  10 12     16  30
 3  62  30  46   7  19   0    T  0.0    0 11.5 31 240   M    M   3 1      38 240
 4  48  27  38  -1  27   0    T  0.0    0 12.0 22 220   M    M   7 1      31 350
 5  44  25  35  -3  30   0 0.00  0.0    0  5.4 13 120   M    M   8 12     14 120
 6  36  18  27 -11  38   0 0.03  0.9    0  9.2 18  20   M    M   9 12     21  30
 7  35  15  25 -12  40   0 0.00  0.0    0 10.3 20 230   M    M   4        22 220
 8  49  21  35  -2  30   0 0.00  0.0    0 16.6 35 220   M    M   0        44 220
 9  46  14  30  -6  35   0 0.00  0.0    0  6.0 14 220   M    M   1        17 220
10  52  31  42   6  23   0 0.00  0.0    0  9.5 18 220   M    M   2        24 220
11  52  14  33  -2  32   0 0.00  0.0    0 11.6 30 300   M    M   1 12     36 290
12  56  10  33  -2  32   0 0.00  0.0    0  9.0 28 230   M    M   0 1      35 220
13  64  42  53  19  12   0 0.00  0.0    0 14.9 25 210   M    M   0        32 220
14  60  18  39   5  26   0    T  0.0    0 13.8 32 250   M    M   3        40 250
15  55  22  39   6  26   0 0.00  0.0    0 11.8 20 230   M    M   1        27 220
16  62  40  51  18  14   0 0.00  0.0    0 24.2 44 220   M    M   1        52 220
17  49  22  36   4  29   0 0.12  1.2    0 11.3 28 240   M    M  10 1      34 240
18  34  16  25  -7  40   0 0.00  0.0    0 17.0 31 210   M    M   0        39 210
================================================================================
SM  899  420       508   0  0.30     3.6 222.2          M       68
================================================================================
AV 49.9 23.3                              12.3 FASTST   M    M   4    MAX(MPH)
                                 MISC ---->  # 44 220               # 52  220
================================================================================
NOTES:
# LAST OF SEVERAL OCCURRENCES

COLUMN 17 PEAK WIND IN M.P.H.

PRELIMINARY LOCAL CLIMATOLOGICAL DATA (WS FORM: F-6) , PAGE 2

                                          STATION:  CASPER WY
                                          MONTH:    NOVEMBER
                                          YEAR:     2017
                                          LATITUDE:   42 55 N
                                          LONGITUDE: 106 28 W

[TEMPERATURE DATA]      [PRECIPITATION DATA]       SYMBOLS USED IN COLUMN 16

AVERAGE MONTHLY: 36.6   TOTAL FOR MONTH:   0.30    1 = FOG OR MIST
DPTR FM NORMAL:   0.7   DPTR FM NORMAL:   -0.21    2 = FOG REDUCING VISIBILITY
HIGHEST:    64 ON 13    GRTST 24HR  0.12 ON 17-17      TO 1/4 MILE OR LESS
LOWEST:     10 ON 12                               3 = THUNDER
                        SNOW, ICE PELLETS, HAIL    4 = ICE PELLETS
                        TOTAL MONTH:   3.6 INCHES  5 = HAIL
                        GRTST 24HR   1.4 ON  2- 2  6 = FREEZING RAIN OR DRIZZLE
                        GRTST DEPTH:   T           7 = DUSTSTORM OR SANDSTORM:
                                                       VSBY 1/2 MILE OR LESS
                                                   8 = SMOKE OR HAZE
[NO. OF DAYS WITH]      [WEATHER - DAYS WITH]      9 = BLOWING SNOW
                                                   X = TORNADO
MAX 32 OR BELOW:   1    0.01 INCH OR MORE:   4
MAX 90 OR ABOVE:   0    0.10 INCH OR MORE:   1
MIN 32 OR BELOW:  16    0.50 INCH OR MORE:   0
MIN  0 OR BELOW:   0    1.00 INCH OR MORE:   0

[HDD (BASE 65) ]
TOTAL THIS MO.   508    CLEAR  (SCALE 0-3)  10
DPTR FM NORMAL   -15    PTCLDY (SCALE 4-7)   5
TOTAL FM JUL 1  1460    CLOUDY (SCALE 8-10)  3
DPTR FM NORMAL    38

[CDD (BASE 65) ]
TOTAL THIS MO.     0
DPTR FM NORMAL     0    [PRESSURE DATA]
TOTAL FM JAN 1   448    HIGHEST SLP M ON M
DPTR FM NORMAL    26    LOWEST  SLP 29.48 ON  1

[REMARKS]
