000
CXUS54 KFWD 220730
CF6CPT
PRELIMINARY LOCAL CLIMATOLOGICAL DATA (WS FORM: F-6)

                                          STATION:   CLEBURNE
                                          MONTH:     FEBRUARY
                                          YEAR:      2017
                                          LATITUDE:   32 20 N
                                          LONGITUDE:  97 24 W

  TEMPERATURE IN F:       :PCPN:    SNOW:  WIND      :SUNSHINE: SKY     :PK WND
================================================================================
1   2   3   4   5  6A  6B    7    8   9   10  11  12  13   14  15   16   17  18
                                     12Z  AVG MX 2MIN
DY MAX MIN AVG DEP HDD CDD  WTR  SNW DPTH SPD SPD DIR MIN PSBL S-S WX    SPD DR
================================================================================

 1  81  48  65  19   0   0 0.00  0.0    0  9.4 14 300   M    M   0 1      15 220
 2  50  37  44  -3  21   0 0.00  0.0    0 11.9 18 350   M    M   7        25 340
 3  50  34  42  -5  23   0 0.00  0.0    0  9.3 14  10   M    M   8        17 360
 4  52  45  49   2  16   0 0.00  0.0    0  9.9 14 150   M    M  10 1      17 150
 5  75  48  62  15   3   0 0.00  0.0    0  9.6 16 150   M    M   5 128     M  M
 6  79  63  71  24   0   6 0.00  0.0    0 12.8 21 170   M    M   6 1      27 190
 7  79  57  68  21   0   3 0.00  0.0    0  9.0 18 270   M    M   0        22 270
 8  70  43  57   9   8   0 0.00  0.0    0 12.2 24 340   M    M   0        39 340
 9  63  34  49   1  16   0 0.00  0.0    0  8.5 16  30   M    M   0        14 130
10  75  45  60  12   5   0 0.00  0.0    0 13.3 21 170   M    M   1        30 180
11  86  59  73  25   0   8 0.00  0.0    0 11.5 17 180   M    M   2 1      24 190
12  72  55  64  16   1   0 0.00  0.0    0 13.9 25 360   M    M   6 12     32 350
13  68  48  58  10   7   0 0.32  0.0    0 12.2 17 350   M    M   9 3      22  80
14  48  41  45  -3  20   0 0.98  0.0    0 16.4 22 320   M    M  10        28 320
15  57  36  47  -2  18   0 0.00  0.0    0  8.6 14 320   M    M   1        23 310
16  66  34  50   1  15   0 0.00  0.0    0  6.1 10 130   M    M   0 8       M  M
17  70  45  58   9   7   0 0.00  0.0    0 11.7 18 140   M    M   1        22 130
18  82  55  69  20   0   4 0.00  0.0    0  9.4 16 160   M    M   3 1      24 170
19  77  61  69  19   0   4 0.09  0.0    0 11.9 16 110   M    M   8 18     22 110
20  68  54  61  11   4   0 0.50  0.0    0 10.3 22 280   M    M   4 13     32 280
21  75  46  61  11   4   0 0.00  0.0    0  9.7 16 310   M    M   0 12     31 320
================================================================================
SM 1443  988       168  25  1.89     0.0 227.6          M       81
================================================================================
AV 68.7 47.1                              10.8 FASTST   M    M   4    MAX(MPH)
                                 MISC ---->    25   M                 39    M
================================================================================
NOTES:
# LAST OF SEVERAL OCCURRENCES

COLUMN 17 PEAK WIND IN M.P.H.

PRELIMINARY LOCAL CLIMATOLOGICAL DATA (WS FORM: F-6) , PAGE 2

                                          STATION:  CLEBURNE
                                          MONTH:    FEBRUARY
                                          YEAR:     2017
                                          LATITUDE:   32 20 N
                                          LONGITUDE:  97 24 W

[TEMPERATURE DATA]      [PRECIPITATION DATA]       SYMBOLS USED IN COLUMN 16

AVERAGE MONTHLY: 57.9   TOTAL FOR MONTH:   1.89    1 = FOG OR MIST
DPTR FM NORMAL:   9.8   DPTR FM NORMAL:   -0.02    2 = FOG REDUCING VISIBILITY
HIGHEST:    86 ON 11    GRTST 24HR  0.98 ON 14-14      TO 1/4 MILE OR LESS
LOWEST:     34 ON 16, 9                            3 = THUNDER
                        SNOW, ICE PELLETS, HAIL    4 = ICE PELLETS
                        TOTAL MONTH:   0.0 INCH    5 = HAIL
                        GRTST 24HR     0.0         6 = FREEZING RAIN OR DRIZZLE
                        GRTST DEPTH:   0           7 = DUSTSTORM OR SANDSTORM:
                                                       VSBY 1/2 MILE OR LESS
                                                   8 = SMOKE OR HAZE
[NO. OF DAYS WITH]      [WEATHER - DAYS WITH]      9 = BLOWING SNOW
                                                   X = TORNADO
MAX 32 OR BELOW:   0    0.01 INCH OR MORE:   4
MAX 90 OR ABOVE:   0    0.10 INCH OR MORE:   3
MIN 32 OR BELOW:   0    0.50 INCH OR MORE:   2
MIN  0 OR BELOW:   0    1.00 INCH OR MORE:   0

[HDD (BASE 65) ]
TOTAL THIS MO.   168    CLEAR  (SCALE 0-3)  11
DPTR FM NORMAL  -189    PTCLDY (SCALE 4-7)   7
TOTAL FM JUL 1  1223    CLOUDY (SCALE 8-10)  3
DPTR FM NORMAL  -719

[CDD (BASE 65) ]
TOTAL THIS MO.    25
DPTR FM NORMAL    25    [PRESSURE DATA]
TOTAL FM JAN 1    29    HIGHEST SLP M ON M
DPTR FM NORMAL    28    LOWEST  SLP M ON M

[REMARKS]
