000
CXUS55 KLOX 251655
CF6CQT
PRELIMINARY LOCAL CLIMATOLOGICAL DATA (WS FORM: F-6)

                                          STATION:   DOWNTOWN LOS ANGELES (USC) CA
                                          MONTH:     FEBRUARY
                                          YEAR:      2017
                                          LATITUDE:   34  1 N
                                          LONGITUDE: 118 17 W

  TEMPERATURE IN F:       :PCPN:    SNOW:  WIND      :SUNSHINE: SKY     :PK WND
================================================================================
1   2   3   4   5  6A  6B    7    8   9   10  11  12  13   14  15   16   17  18
                                     12Z  AVG MX 2MIN
DY MAX MIN AVG DEP HDD CDD  WTR  SNW DPTH SPD SPD DIR MIN PSBL S-S WX    SPD DR
================================================================================

 1  72  48  60   2   5   0 0.00  0.0    0  1.1  9 280   M    M   0 18     13 280
 2  68  53  61   3   4   0 0.00  0.0    0  1.1  7 280   M    M   6 18     11 270
 3  61  55  58   0   7   0 0.23  0.0    0  1.7  8  90   M    M  10 18     13 110
 4  66  55  61   3   4   0 0.00  0.0    0  1.8 10 280   M    M   7 18     17 270
 5  61  55  58   0   7   0    T  0.0    0  1.4  7 100   M    M   9 18     10  90
 6  61  54  58   0   7   0 0.88  0.0    0  4.0 13 100   M    M  10 1      19 110
 7  66  58  62   4   3   0 0.27  0.0    0  2.0  8 270   M    M  10 1      14 280
 8  73  59  66   7   0   1 0.03  0.0    0  0.7  8 280   M    M   7 12     12 280
 9  75  58  67   8   0   2 0.00  0.0    0  0.9 10 270   M    M   4 12     14 270
10  65  58  62   3   3   0 0.30  0.0    M  1.1  8 100   M    M   6 18     11  80
11  65  55  60   1   5   0 0.21  0.0    0  0.3  6 160   M    M   8 1      10 270
12  75  50  63   4   2   0 0.00  0.0    0  0.3  6 270   M    M   1        10 270
13  77  53  65   6   0   0 0.00  0.0    0  1.0  6 110   M    M   0        13 270
14  73  56  65   6   0   0 0.00  0.0    M  1.4 12 270   M    M   1 1      15 270
15  80  53  67   8   0   2 0.00  0.0    M  1.4  9 280   M    M   1 1      15 280
16  68  51  60   1   5   0 0.00  0.0    0  0.7  8 280   M    M   4 128    14 270
17  61  53  57  -2   8   0 2.01  0.0    0  7.1 17 130   M    M  10 1      30 140
18  63  53  58  -1   7   0 0.09  0.0    0  2.5  9 270   M    M   6 18     15 280
19  63  54  59   0   6   0 0.03  0.0    0  2.1  8 270   M    M   9 1      12 270
20  64  54  59   0   6   0 0.03  0.0    0  2.1  8 130   M    M  10 18     13 130
21  68  58  63   4   2   0 0.03  0.0    0  0.6  8 280   M    M   9 18     12 280
22  66  51  59   0   6   0 0.00  0.0    0  2.0 13 270   M    M   2 1      17 260
23  62  49  56  -3   9   0 0.00  0.0    0  5.1 17 270   M    M   0        27 280
24  64  44  54  -6  11   0 0.00  0.0    0  1.8 10 280   M    M   0        14 280
================================================================================
SM 1617 1287       107   5  4.11     0.0  44.2          M      130
================================================================================
AV 67.4 53.6                               1.8 FASTST   M    M   5    MAX(MPH)
                                 MISC ---->  # 17 130               # 30  140
================================================================================
NOTES:
# LAST OF SEVERAL OCCURRENCES

COLUMN 17 PEAK WIND IN M.P.H.

PRELIMINARY LOCAL CLIMATOLOGICAL DATA (WS FORM: F-6) , PAGE 2

                                          STATION:  DOWNTOWN LOS ANGELES (USC) CA
                                          MONTH:    FEBRUARY
                                          YEAR:     2017
                                          LATITUDE:   34  1 N
                                          LONGITUDE: 118 17 W

[TEMPERATURE DATA]      [PRECIPITATION DATA]       SYMBOLS USED IN COLUMN 16

AVERAGE MONTHLY: 60.5   TOTAL FOR MONTH:   4.11    1 = FOG OR MIST
DPTR FM NORMAL:   1.8   DPTR FM NORMAL:    0.83    2 = FOG REDUCING VISIBILITY
HIGHEST:    80 ON 15    GRTST 24HR  2.09 ON 17-18      TO 1/4 MILE OR LESS
LOWEST:     44 ON 24                               3 = THUNDER
                        SNOW, ICE PELLETS, HAIL    4 = ICE PELLETS
                        TOTAL MONTH:   0.0 INCH    5 = HAIL
                        GRTST 24HR     0.0         6 = FREEZING RAIN OR DRIZZLE
                        GRTST DEPTH:   0           7 = DUSTSTORM OR SANDSTORM:
                                                       VSBY 1/2 MILE OR LESS
                                                   8 = SMOKE OR HAZE
[NO. OF DAYS WITH]      [WEATHER - DAYS WITH]      9 = BLOWING SNOW
                                                   X = TORNADO
MAX 32 OR BELOW:   0    0.01 INCH OR MORE:  11
MAX 90 OR ABOVE:   0    0.10 INCH OR MORE:   6
MIN 32 OR BELOW:   0    0.50 INCH OR MORE:   2
MIN  0 OR BELOW:   0    1.00 INCH OR MORE:   1

[HDD (BASE 65) ]
TOTAL THIS MO.   107    CLEAR  (SCALE 0-3)   8
DPTR FM NORMAL   -55    PTCLDY (SCALE 4-7)   7
TOTAL FM JUL 1   615    CLOUDY (SCALE 8-10)  9
DPTR FM NORMAL  -138

[CDD (BASE 65) ]
TOTAL THIS MO.     5
DPTR FM NORMAL    -6    [PRESSURE DATA]
TOTAL FM JAN 1     8    HIGHEST SLP M ON M
DPTR FM NORMAL   -12    LOWEST  SLP 29.72 ON 19

[REMARKS]
